{"id":9313,"date":"2026-04-27T19:23:12","date_gmt":"2026-04-27T19:23:12","guid":{"rendered":"https:\/\/educaredigital.online\/loja\/?post_type=product&#038;p=9313"},"modified":"2026-05-14T17:30:10","modified_gmt":"2026-05-14T17:30:10","slug":"solidos-geometricos-planificados","status":"publish","type":"product","link":"https:\/\/educaredigital.online\/loja\/produto\/solidos-geometricos-planificados\/","title":{"rendered":"Livro Manipulativo &#8211; S\u00f3lidos Geom\u00e9tricos Planificados"},"content":{"rendered":"<div class=\"ds-message _63c77b1\">\n<div class=\"ds-markdown\">\n<p class=\"ds-markdown-paragraph\"><strong>S\u00f3lidos Geom\u00e9tricos Planificados<\/strong>, s\u00e3o uma ferramenta pedag\u00f3gica que leva o estudo da geometria espacial do plano abstrato para a experi\u00eancia concreta. O kit existe em duas vers\u00f5es complementares: um modelo <strong>premium composto por 10 s\u00f3lidos em acr\u00edlico transparente<\/strong>\u00a0com planifica\u00e7\u00f5es internas remov\u00edveis, e um modelo\u00a0<strong>pedag\u00f3gico contendo 20 poliedros planificados em papel cart\u00e3o colorido para montagem<\/strong>. Diferente de um jogo com n\u00famero fixo de participantes, este \u00e9 um\u00a0<strong>material did\u00e1tico manipulativo vers\u00e1til<\/strong>, ideal para\u00a0<strong>uso individual<\/strong>\u00a0onde cada aluno constr\u00f3i seu pr\u00f3prio s\u00f3lido, ou para\u00a0<strong>pequenos grupos<\/strong> em atividades colaborativas sob a orienta\u00e7\u00e3o do professor. Seu principal objetivo \u00e9 solidificar o aprendizado ao permitir a montagem e o manuseio de figuras espaciais, consolidando conceitos de classifica\u00e7\u00e3o, c\u00e1lculo de \u00e1rea de faces, volume e visualiza\u00e7\u00e3o de planifica\u00e7\u00f5es de forma aut\u00f4noma e significativa.<\/p>\n<div class=\"details-table-wrapper\">\n<table class=\"product-details-table\">\n<tbody>\n<tr>\n<td>Marca<\/td>\n<td>MMP<\/td>\n<\/tr>\n<tr>\n<td>Material<\/td>\n<td>\u00a0Papel Cart\u00e3o<\/td>\n<\/tr>\n<tr>\n<td>Faixa Et\u00e1ria<\/td>\n<td>A partir de 6 Anos<\/td>\n<\/tr>\n<\/tbody>\n<\/table>\n<\/div>\n<\/div>\n<\/div>\n","protected":false},"excerpt":{"rendered":"<p>S\u00f3lidos Geom\u00e9tricos Planificados, s\u00e3o uma ferramenta pedag\u00f3gica que leva o estudo da geometria espacial do plano abstrato para a experi\u00eancia concreta. O kit existe em duas vers\u00f5es complementares: um modelo premium composto por 10 s\u00f3lidos em acr\u00edlico transparente\u00a0com planifica\u00e7\u00f5es internas<\/p>\n","protected":false},"featured_media":9314,"comment_status":"open","ping_status":"closed","template":"","meta":[],"product_brand":[235],"product_cat":[210],"product_tag":[],"class_list":{"0":"post-9313","1":"product","2":"type-product","3":"status-publish","6":"product_brand-mmp","7":"product_cat-matematica-jogos-e-brinquedos","9":"first","10":"instock","11":"shipping-taxable","12":"purchasable","13":"product-type-simple"},"_links":{"self":[{"href":"https:\/\/educaredigital.online\/loja\/wp-json\/wp\/v2\/product\/9313","targetHints":{"allow":["GET"]}}],"collection":[{"href":"https:\/\/educaredigital.online\/loja\/wp-json\/wp\/v2\/product"}],"about":[{"href":"https:\/\/educaredigital.online\/loja\/wp-json\/wp\/v2\/types\/product"}],"replies":[{"embeddable":true,"href":"https:\/\/educaredigital.online\/loja\/wp-json\/wp\/v2\/comments?post=9313"}],"wp:featuredmedia":[{"embeddable":true,"href":"https:\/\/educaredigital.online\/loja\/wp-json\/wp\/v2\/media\/9314"}],"wp:attachment":[{"href":"https:\/\/educaredigital.online\/loja\/wp-json\/wp\/v2\/media?parent=9313"}],"wp:term":[{"taxonomy":"product_brand","embeddable":true,"href":"https:\/\/educaredigital.online\/loja\/wp-json\/wp\/v2\/product_brand?post=9313"},{"taxonomy":"product_cat","embeddable":true,"href":"https:\/\/educaredigital.online\/loja\/wp-json\/wp\/v2\/product_cat?post=9313"},{"taxonomy":"product_tag","embeddable":true,"href":"https:\/\/educaredigital.online\/loja\/wp-json\/wp\/v2\/product_tag?post=9313"}],"curies":[{"name":"wp","href":"https:\/\/api.w.org\/{rel}","templated":true}]}}