{"id":9308,"date":"2026-04-27T18:35:06","date_gmt":"2026-04-27T18:35:06","guid":{"rendered":"https:\/\/educaredigital.online\/loja\/?post_type=product&#038;p=9308"},"modified":"2026-05-14T17:30:46","modified_gmt":"2026-05-14T17:30:46","slug":"jogo-produtos-com-dadinhos-iv","status":"publish","type":"product","link":"https:\/\/educaredigital.online\/loja\/produto\/jogo-produtos-com-dadinhos-iv\/","title":{"rendered":"Livro Manipulativo &#8211; Jogo Produtos com Dadinhos IV"},"content":{"rendered":"<div class=\"ds-message _63c77b1\">\n<div class=\"ds-markdown\">\n<p class=\"ds-markdown-paragraph\"><strong>Jogo Produtos com Dadinhos IV<\/strong>,\u00a0 \u00e9 um recurso pedag\u00f3gico projetado para dominar a tabuada at\u00e9 12&#215;12 atrav\u00e9s da estrat\u00e9gia e do c\u00e1lculo mental. Composto por um tabuleiro, 16 a 27 pe\u00e7as de marca\u00e7\u00e3o e dois dados poli\u00e9dricos de 12 faces (dodecaedros) numerados de 1 a 12, eleva a pr\u00e1tica da multiplica\u00e7\u00e3o a um jogo envolvente. Seu grande diferencial s\u00e3o os dados de 12 faces, que permitem explorar todas as combina\u00e7\u00f5es da tabuada, incluindo os n\u00fameros tradicionalmente mais desafiadores (7, 8, 9, 11 e 12).<\/p>\n<p class=\"ds-markdown-paragraph\">Ao lan\u00e7ar os dois dados, o jogador deve multiplicar os valores obtidos e, em seguida, ocupar o espa\u00e7o correspondente a esse produto no tabuleiro. O principal objetivo \u00e9 alinhar as pe\u00e7as para fechar uma linha, o que exige racioc\u00ednio r\u00e1pido, planejamento estrat\u00e9gico e um bom dom\u00ednio da tabuada. Mais do que um simples exerc\u00edcio de memoriza\u00e7\u00e3o, o jogo aprimora o foco, a agilidade mental e a capacidade de socializa\u00e7\u00e3o em um ambiente competitivo e saud\u00e1vel, tornando-se uma ferramenta indispens\u00e1vel para a fixa\u00e7\u00e3o da multiplica\u00e7\u00e3o.<\/p>\n<div class=\"details-table-wrapper\">\n<table class=\"product-details-table\">\n<tbody>\n<tr>\n<td>Marca<\/td>\n<td>MMP<\/td>\n<\/tr>\n<tr>\n<td>Material<\/td>\n<td>Pl\u00e1stico<\/td>\n<\/tr>\n<tr>\n<td>Faixa Et\u00e1ria<\/td>\n<td>A partir de 6 Anos<\/td>\n<\/tr>\n<tr>\n<td>Quantidade De Jogadores<\/td>\n<td>2 a 4 Jogadores<\/td>\n<\/tr>\n<\/tbody>\n<\/table>\n<\/div>\n<\/div>\n<\/div>\n","protected":false},"excerpt":{"rendered":"<p>Jogo Produtos com Dadinhos IV,\u00a0 \u00e9 um recurso pedag\u00f3gico projetado para dominar a tabuada at\u00e9 12&#215;12 atrav\u00e9s da estrat\u00e9gia e do c\u00e1lculo mental. Composto por um tabuleiro, 16 a 27 pe\u00e7as de marca\u00e7\u00e3o e dois dados poli\u00e9dricos de 12 faces<\/p>\n","protected":false},"featured_media":9309,"comment_status":"open","ping_status":"closed","template":"","meta":[],"product_brand":[235],"product_cat":[210],"product_tag":[],"class_list":{"0":"post-9308","1":"product","2":"type-product","3":"status-publish","6":"product_brand-mmp","7":"product_cat-matematica-jogos-e-brinquedos","9":"first","10":"instock","11":"shipping-taxable","12":"purchasable","13":"product-type-simple"},"_links":{"self":[{"href":"https:\/\/educaredigital.online\/loja\/wp-json\/wp\/v2\/product\/9308","targetHints":{"allow":["GET"]}}],"collection":[{"href":"https:\/\/educaredigital.online\/loja\/wp-json\/wp\/v2\/product"}],"about":[{"href":"https:\/\/educaredigital.online\/loja\/wp-json\/wp\/v2\/types\/product"}],"replies":[{"embeddable":true,"href":"https:\/\/educaredigital.online\/loja\/wp-json\/wp\/v2\/comments?post=9308"}],"wp:featuredmedia":[{"embeddable":true,"href":"https:\/\/educaredigital.online\/loja\/wp-json\/wp\/v2\/media\/9309"}],"wp:attachment":[{"href":"https:\/\/educaredigital.online\/loja\/wp-json\/wp\/v2\/media?parent=9308"}],"wp:term":[{"taxonomy":"product_brand","embeddable":true,"href":"https:\/\/educaredigital.online\/loja\/wp-json\/wp\/v2\/product_brand?post=9308"},{"taxonomy":"product_cat","embeddable":true,"href":"https:\/\/educaredigital.online\/loja\/wp-json\/wp\/v2\/product_cat?post=9308"},{"taxonomy":"product_tag","embeddable":true,"href":"https:\/\/educaredigital.online\/loja\/wp-json\/wp\/v2\/product_tag?post=9308"}],"curies":[{"name":"wp","href":"https:\/\/api.w.org\/{rel}","templated":true}]}}