{"id":9248,"date":"2026-04-24T12:39:37","date_gmt":"2026-04-24T12:39:37","guid":{"rendered":"https:\/\/educaredigital.online\/loja\/?post_type=product&#038;p=9248"},"modified":"2026-04-24T19:37:53","modified_gmt":"2026-04-24T19:37:53","slug":"patinho-na-rampa","status":"publish","type":"product","link":"https:\/\/educaredigital.online\/loja\/produto\/patinho-na-rampa\/","title":{"rendered":"Patinho na Rampa"},"content":{"rendered":"<div class=\"ds-message _63c77b1\">\n<div class=\"ds-markdown\">\n<p class=\"ds-markdown-paragraph\"><strong>Patinho na Rampa <\/strong>a crian\u00e7a \u00e9 apresentada a um cl\u00e1ssico brinquedo de madeira que combina movimento e ritmo de forma fascinante. O conjunto \u00e9 composto por uma rampa de madeira e um simp\u00e1tico patinho cujas patinhas possuem um mecanismo de apoio alternado. Quando colocado no topo da rampa, o patinho desce balan\u00e7ando o corpo em movimentos cadenciados, criando um efeito visual encantador que prende a aten\u00e7\u00e3o dos pequenos.<\/p>\n<p class=\"ds-markdown-paragraph\">Projetado para estimular m\u00faltiplas habilidades, o brinquedo trabalha intensamente a\u00a0<strong>coordena\u00e7\u00e3o motora (ampla e fina) ao manusear o patinho, a percep\u00e7\u00e3o de espa\u00e7o e velocidade ao observar sua descida, e a concentra\u00e7\u00e3o ao acompanhar seu movimento<\/strong>. Fabricado com madeira de reflorestamento e acabamento lixado e pintado com anilina. \u00c9 uma excelente ferramenta para introduzir no\u00e7\u00f5es de causa e efeito de maneira l\u00fadica, proporcionando momentos de pura alegria e descoberta.<\/p>\n<div class=\"details-table-wrapper\">\n<table class=\"product-details-table\">\n<tbody>\n<tr>\n<td>Marca<\/td>\n<td>BrinqMutti<\/td>\n<\/tr>\n<tr>\n<td>Material<\/td>\n<td>\u00a0MDF<\/td>\n<\/tr>\n<tr>\n<td>Faixa Et\u00e1ria<\/td>\n<td>A partir de 1 Ano<\/td>\n<\/tr>\n<\/tbody>\n<\/table>\n<\/div>\n<\/div>\n<\/div>\n","protected":false},"excerpt":{"rendered":"<p>Patinho na Rampa a crian\u00e7a \u00e9 apresentada a um cl\u00e1ssico brinquedo de madeira que combina movimento e ritmo de forma fascinante. O conjunto \u00e9 composto por uma rampa de madeira e um simp\u00e1tico patinho cujas patinhas possuem um mecanismo de<\/p>\n","protected":false},"featured_media":9249,"comment_status":"open","ping_status":"closed","template":"","meta":[],"product_brand":[229],"product_cat":[211],"product_tag":[],"class_list":{"0":"post-9248","1":"product","2":"type-product","3":"status-publish","6":"product_brand-brinqmutti","7":"product_cat-psicomotricidade-jogos-e-brinquedos","9":"first","10":"instock","11":"shipping-taxable","12":"purchasable","13":"product-type-simple"},"_links":{"self":[{"href":"https:\/\/educaredigital.online\/loja\/wp-json\/wp\/v2\/product\/9248","targetHints":{"allow":["GET"]}}],"collection":[{"href":"https:\/\/educaredigital.online\/loja\/wp-json\/wp\/v2\/product"}],"about":[{"href":"https:\/\/educaredigital.online\/loja\/wp-json\/wp\/v2\/types\/product"}],"replies":[{"embeddable":true,"href":"https:\/\/educaredigital.online\/loja\/wp-json\/wp\/v2\/comments?post=9248"}],"wp:featuredmedia":[{"embeddable":true,"href":"https:\/\/educaredigital.online\/loja\/wp-json\/wp\/v2\/media\/9249"}],"wp:attachment":[{"href":"https:\/\/educaredigital.online\/loja\/wp-json\/wp\/v2\/media?parent=9248"}],"wp:term":[{"taxonomy":"product_brand","embeddable":true,"href":"https:\/\/educaredigital.online\/loja\/wp-json\/wp\/v2\/product_brand?post=9248"},{"taxonomy":"product_cat","embeddable":true,"href":"https:\/\/educaredigital.online\/loja\/wp-json\/wp\/v2\/product_cat?post=9248"},{"taxonomy":"product_tag","embeddable":true,"href":"https:\/\/educaredigital.online\/loja\/wp-json\/wp\/v2\/product_tag?post=9248"}],"curies":[{"name":"wp","href":"https:\/\/api.w.org\/{rel}","templated":true}]}}