{"id":9228,"date":"2026-04-24T11:54:10","date_gmt":"2026-04-24T11:54:10","guid":{"rendered":"https:\/\/educaredigital.online\/loja\/?post_type=product&#038;p=9228"},"modified":"2026-04-24T19:37:54","modified_gmt":"2026-04-24T19:37:54","slug":"mini-torre","status":"publish","type":"product","link":"https:\/\/educaredigital.online\/loja\/produto\/mini-torre\/","title":{"rendered":"Mini Torre"},"content":{"rendered":"<p class=\"ds-markdown-paragraph\"><strong>Mini Torre<\/strong> \u00e9 um brinquedo de madeira composto por 7 an\u00e9is coloridos que as crian\u00e7as podem encaixar e empilhar de diversas maneiras\u202f. Suas cores vibrantes despertam a curiosidade dos pequenos, permitindo que eles organizem os an\u00e9is em ordem crescente ou decrescente \u2013 ou de forma totalmente livre\u202f.<\/p>\n<p class=\"ds-markdown-paragraph\">Al\u00e9m da divers\u00e3o, a atividade promove o desenvolvimento da coordena\u00e7\u00e3o motora, do racioc\u00ednio l\u00f3gico e da percep\u00e7\u00e3o visual, ajudando tamb\u00e9m na identifica\u00e7\u00e3o de cores, no\u00e7\u00e3o de quantidade e formas\u202f. \u00c9 uma ferramenta segura e educativa,\u00a0 que incentiva novas descobertas sensoriais de maneira l\u00fadica\u202f.<\/p>\n<div class=\"details-table-wrapper\">\n<table class=\"product-details-table\">\n<tbody>\n<tr>\n<td>Marca<\/td>\n<td>BrinqMutti<\/td>\n<\/tr>\n<tr>\n<td>Material<\/td>\n<td>\u00a0MDF<\/td>\n<\/tr>\n<tr>\n<td>Faixa Et\u00e1ria<\/td>\n<td>A partir de 1 Ano<\/td>\n<\/tr>\n<\/tbody>\n<\/table>\n<\/div>\n","protected":false},"excerpt":{"rendered":"<p>Mini Torre \u00e9 um brinquedo de madeira composto por 7 an\u00e9is coloridos que as crian\u00e7as podem encaixar e empilhar de diversas maneiras\u202f. Suas cores vibrantes despertam a curiosidade dos pequenos, permitindo que eles organizem os an\u00e9is em ordem crescente ou<\/p>\n","protected":false},"featured_media":9229,"comment_status":"open","ping_status":"closed","template":"","meta":[],"product_brand":[229],"product_cat":[211],"product_tag":[],"class_list":{"0":"post-9228","1":"product","2":"type-product","3":"status-publish","6":"product_brand-brinqmutti","7":"product_cat-psicomotricidade-jogos-e-brinquedos","9":"first","10":"instock","11":"shipping-taxable","12":"purchasable","13":"product-type-simple"},"_links":{"self":[{"href":"https:\/\/educaredigital.online\/loja\/wp-json\/wp\/v2\/product\/9228","targetHints":{"allow":["GET"]}}],"collection":[{"href":"https:\/\/educaredigital.online\/loja\/wp-json\/wp\/v2\/product"}],"about":[{"href":"https:\/\/educaredigital.online\/loja\/wp-json\/wp\/v2\/types\/product"}],"replies":[{"embeddable":true,"href":"https:\/\/educaredigital.online\/loja\/wp-json\/wp\/v2\/comments?post=9228"}],"wp:featuredmedia":[{"embeddable":true,"href":"https:\/\/educaredigital.online\/loja\/wp-json\/wp\/v2\/media\/9229"}],"wp:attachment":[{"href":"https:\/\/educaredigital.online\/loja\/wp-json\/wp\/v2\/media?parent=9228"}],"wp:term":[{"taxonomy":"product_brand","embeddable":true,"href":"https:\/\/educaredigital.online\/loja\/wp-json\/wp\/v2\/product_brand?post=9228"},{"taxonomy":"product_cat","embeddable":true,"href":"https:\/\/educaredigital.online\/loja\/wp-json\/wp\/v2\/product_cat?post=9228"},{"taxonomy":"product_tag","embeddable":true,"href":"https:\/\/educaredigital.online\/loja\/wp-json\/wp\/v2\/product_tag?post=9228"}],"curies":[{"name":"wp","href":"https:\/\/api.w.org\/{rel}","templated":true}]}}