{"id":9206,"date":"2026-04-23T20:25:31","date_gmt":"2026-04-23T20:25:31","guid":{"rendered":"https:\/\/educaredigital.online\/loja\/?post_type=product&#038;p=9206"},"modified":"2026-04-24T19:37:54","modified_gmt":"2026-04-24T19:37:54","slug":"combinacoes-cerebrais","status":"publish","type":"product","link":"https:\/\/educaredigital.online\/loja\/produto\/combinacoes-cerebrais\/","title":{"rendered":"Combina\u00e7\u00f5es Cerebrais"},"content":{"rendered":"<div class=\"ds-virtual-list-items _6f2c522\">\n<div class=\"ds-virtual-list-visible-items\">\n<div class=\"_4f9bf79 d7dc56a8 _43c05b5\" data-virtual-list-item-key=\"112\">\n<div class=\"ds-message _63c77b1\">\n<div class=\"ds-markdown\">\n<p class=\"ds-markdown-paragraph\"><strong>Combina\u00e7\u00f5es Cerebrais <\/strong>\u00a0\u00e9 um jogo educativo de tabuleiro, fabricado em madeira, que desafia a crian\u00e7a a reproduzir ilustra\u00e7\u00f5es com o uso de uma\u00a0<strong>pin\u00e7a de madeira<\/strong>\u00a0e\u00a0<strong>70 esferas coloridas<\/strong>\u00a0para preencher os espa\u00e7os. O jogo \u00e9 composto por\u00a0<strong>16 fichas de desafio<\/strong>\u00a0que apresentam diferentes combina\u00e7\u00f5es, e o objetivo \u00e9 replicar fielmente a figura escolhida posicionando as bolinhas no tabuleiro com o aux\u00edlio da pin\u00e7a\u00a0.<\/p>\n<p class=\"ds-markdown-paragraph\">\u00a0Este brinquedo \u00e9 uma excelente ferramenta para o desenvolvimento infantil. Ele estimula o <strong>racioc\u00ednio l\u00f3gico<\/strong>, a\u00a0<strong>aten\u00e7\u00e3o e concentra\u00e7\u00e3o<\/strong>, a\u00a0<strong>coordena\u00e7\u00e3o motora fina<\/strong>\u00a0(pelo manuseio da pin\u00e7a), al\u00e9m de trabalhar a\u00a0<strong>percep\u00e7\u00e3o visual<\/strong>, a\u00a0<strong>paci\u00eancia<\/strong>\u00a0e a\u00a0<strong>criatividade<\/strong> (pois a crian\u00e7a tamb\u00e9m pode criar seus pr\u00f3prios desenhos livremente).<\/p>\n<div class=\"details-table-wrapper\">\n<table class=\"product-details-table\">\n<tbody>\n<tr>\n<td>Marca<\/td>\n<td>BrinqMutti<\/td>\n<\/tr>\n<tr>\n<td>Material<\/td>\n<td>\u00a0MDF<\/td>\n<\/tr>\n<tr>\n<td>Faixa Et\u00e1ria<\/td>\n<td>A partir de 3 Anos<\/td>\n<\/tr>\n<\/tbody>\n<\/table>\n<\/div>\n<\/div>\n<\/div>\n<\/div>\n<\/div>\n<\/div>\n","protected":false},"excerpt":{"rendered":"<p>Combina\u00e7\u00f5es Cerebrais \u00a0\u00e9 um jogo educativo de tabuleiro, fabricado em madeira, que desafia a crian\u00e7a a reproduzir ilustra\u00e7\u00f5es com o uso de uma\u00a0pin\u00e7a de madeira\u00a0e\u00a070 esferas coloridas\u00a0para preencher os espa\u00e7os. O jogo \u00e9 composto por\u00a016 fichas de desafio\u00a0que apresentam diferentes<\/p>\n","protected":false},"featured_media":9207,"comment_status":"open","ping_status":"closed","template":"","meta":[],"product_brand":[229],"product_cat":[211],"product_tag":[],"class_list":{"0":"post-9206","1":"product","2":"type-product","3":"status-publish","6":"product_brand-brinqmutti","7":"product_cat-psicomotricidade-jogos-e-brinquedos","9":"first","10":"instock","11":"shipping-taxable","12":"purchasable","13":"product-type-simple"},"_links":{"self":[{"href":"https:\/\/educaredigital.online\/loja\/wp-json\/wp\/v2\/product\/9206","targetHints":{"allow":["GET"]}}],"collection":[{"href":"https:\/\/educaredigital.online\/loja\/wp-json\/wp\/v2\/product"}],"about":[{"href":"https:\/\/educaredigital.online\/loja\/wp-json\/wp\/v2\/types\/product"}],"replies":[{"embeddable":true,"href":"https:\/\/educaredigital.online\/loja\/wp-json\/wp\/v2\/comments?post=9206"}],"wp:featuredmedia":[{"embeddable":true,"href":"https:\/\/educaredigital.online\/loja\/wp-json\/wp\/v2\/media\/9207"}],"wp:attachment":[{"href":"https:\/\/educaredigital.online\/loja\/wp-json\/wp\/v2\/media?parent=9206"}],"wp:term":[{"taxonomy":"product_brand","embeddable":true,"href":"https:\/\/educaredigital.online\/loja\/wp-json\/wp\/v2\/product_brand?post=9206"},{"taxonomy":"product_cat","embeddable":true,"href":"https:\/\/educaredigital.online\/loja\/wp-json\/wp\/v2\/product_cat?post=9206"},{"taxonomy":"product_tag","embeddable":true,"href":"https:\/\/educaredigital.online\/loja\/wp-json\/wp\/v2\/product_tag?post=9206"}],"curies":[{"name":"wp","href":"https:\/\/api.w.org\/{rel}","templated":true}]}}