{"id":9190,"date":"2026-04-23T19:41:26","date_gmt":"2026-04-23T19:41:26","guid":{"rendered":"https:\/\/educaredigital.online\/loja\/?post_type=product&#038;p=9190"},"modified":"2026-04-24T19:37:54","modified_gmt":"2026-04-24T19:37:54","slug":"caixa-lousa-imantadas-letras","status":"publish","type":"product","link":"https:\/\/educaredigital.online\/loja\/produto\/caixa-lousa-imantadas-letras\/","title":{"rendered":"Caixa Lousa Imantadas &#8211; LETRAS"},"content":{"rendered":"<p class=\"ds-markdown-paragraph\"><strong>Caixa Lousa Imantada &#8211; Letras <\/strong>\u00e9 um estojo educativo vers\u00e1til que funciona como uma lousa dupla face: de um lado, quadro-negro para escrever com giz; do outro, quadro branco imantado para usar com o marcador incluso\u00a0. O conjunto acompanha\u00a0<strong>52 pe\u00e7as imantadas com letras<\/strong>\u00a0(mai\u00fasculas e min\u00fasculas),\u00a0<strong>1 apagador, 4 gizes coloridos e 1 marcador<\/strong>\u00a0para quadro branco, tudo armazenado em uma pr\u00e1tica caixa de madeira MDF com dimens\u00f5es de 39x30x6cm\u00a0.<\/p>\n<p class=\"ds-markdown-paragraph\">Este brinquedo promove o desenvolvimento pr\u00e1tico da alfabetiza\u00e7\u00e3o, estimulando o reconhecimento das letras, a memoriza\u00e7\u00e3o da escrita e a associa\u00e7\u00e3o entre imagem e som . Al\u00e9m disso, trabalha a coordena\u00e7\u00e3o motora fina, a criatividade, a integra\u00e7\u00e3o visoespacial e a imagina\u00e7\u00e3o, permitindo que a crian\u00e7a forme palavras, escreva livremente ou desenhe, explorando diferentes formas de express\u00e3o de maneira l\u00fadica e interativa .<\/p>\n<div class=\"details-table-wrapper\">\n<table class=\"product-details-table\">\n<tbody>\n<tr>\n<td>Marca<\/td>\n<td>BrinqMutti<\/td>\n<\/tr>\n<tr>\n<td>Material<\/td>\n<td>\u00a0MDF<\/td>\n<\/tr>\n<tr>\n<td>Faixa Et\u00e1ria<\/td>\n<td>A partir de 3 Anos<\/td>\n<\/tr>\n<\/tbody>\n<\/table>\n<\/div>\n","protected":false},"excerpt":{"rendered":"<p>Caixa Lousa Imantada &#8211; Letras \u00e9 um estojo educativo vers\u00e1til que funciona como uma lousa dupla face: de um lado, quadro-negro para escrever com giz; do outro, quadro branco imantado para usar com o marcador incluso\u00a0. O conjunto acompanha\u00a052 pe\u00e7as<\/p>\n","protected":false},"featured_media":9191,"comment_status":"open","ping_status":"closed","template":"","meta":[],"product_brand":[229],"product_cat":[209],"product_tag":[],"class_list":{"0":"post-9190","1":"product","2":"type-product","3":"status-publish","6":"product_brand-brinqmutti","7":"product_cat-letramento-jogos-e-brinquedos","9":"first","10":"instock","11":"shipping-taxable","12":"purchasable","13":"product-type-simple"},"_links":{"self":[{"href":"https:\/\/educaredigital.online\/loja\/wp-json\/wp\/v2\/product\/9190","targetHints":{"allow":["GET"]}}],"collection":[{"href":"https:\/\/educaredigital.online\/loja\/wp-json\/wp\/v2\/product"}],"about":[{"href":"https:\/\/educaredigital.online\/loja\/wp-json\/wp\/v2\/types\/product"}],"replies":[{"embeddable":true,"href":"https:\/\/educaredigital.online\/loja\/wp-json\/wp\/v2\/comments?post=9190"}],"wp:featuredmedia":[{"embeddable":true,"href":"https:\/\/educaredigital.online\/loja\/wp-json\/wp\/v2\/media\/9191"}],"wp:attachment":[{"href":"https:\/\/educaredigital.online\/loja\/wp-json\/wp\/v2\/media?parent=9190"}],"wp:term":[{"taxonomy":"product_brand","embeddable":true,"href":"https:\/\/educaredigital.online\/loja\/wp-json\/wp\/v2\/product_brand?post=9190"},{"taxonomy":"product_cat","embeddable":true,"href":"https:\/\/educaredigital.online\/loja\/wp-json\/wp\/v2\/product_cat?post=9190"},{"taxonomy":"product_tag","embeddable":true,"href":"https:\/\/educaredigital.online\/loja\/wp-json\/wp\/v2\/product_tag?post=9190"}],"curies":[{"name":"wp","href":"https:\/\/api.w.org\/{rel}","templated":true}]}}