{"id":9180,"date":"2026-04-23T19:13:07","date_gmt":"2026-04-23T19:13:07","guid":{"rendered":"https:\/\/educaredigital.online\/loja\/?post_type=product&#038;p=9180"},"modified":"2026-04-24T19:37:54","modified_gmt":"2026-04-24T19:37:54","slug":"minha-roda-gigante","status":"publish","type":"product","link":"https:\/\/educaredigital.online\/loja\/produto\/minha-roda-gigante\/","title":{"rendered":"Minha Roda Gigante"},"content":{"rendered":"<p class=\"ds-markdown-paragraph\">\u00a0<strong>Minha Roda Gigante<\/strong>\u00a0\u00e9 um brinquedo educativo de madeira que encanta as crian\u00e7as com seu mecanismo funcional e colorido\u00a0. O conjunto \u00e9 composto por\u00a0<strong>1 roda gigante com manivela<\/strong>\u00a0e\u00a0<strong>6 personagens (passageiros)<\/strong>, todos acomodados em uma caixa de papel\u00e3o\u00a0. Ao girar a manivela, a crian\u00e7a movimenta a estrutura e pode criar diversas historinhas de faz de conta com os bonequinhos, estimulando a imagina\u00e7\u00e3o de forma l\u00fadica e interativa\u00a0.<\/p>\n<p class=\"ds-markdown-paragraph\">\u00a0Este brinquedo desenvolve habilidades como <strong>coordena\u00e7\u00e3o motora fina<\/strong>\u00a0(ao manusear a manivela e posicionar os personagens),\u00a0<strong>intera\u00e7\u00e3o visomotora, discrimina\u00e7\u00e3o visual e socializa\u00e7\u00e3o<\/strong> ,\u00a0ele n\u00e3o emite som nem luz, dispensando o uso de pilhas e baterias\u00a0. Com dimens\u00f5es aproximadas de 30cm x 20cm x 12cm, \u00e9 uma excelente ferramenta pedag\u00f3gica para unir divers\u00e3o, criatividade e aprendizado de forma dur\u00e1vel e sustent\u00e1vel\u00a0.<\/p>\n<div class=\"details-table-wrapper\">\n<table class=\"product-details-table\">\n<tbody>\n<tr>\n<td>Marca<\/td>\n<td>BrinqMutti<\/td>\n<\/tr>\n<tr>\n<td>Material<\/td>\n<td>\u00a0MDF<\/td>\n<\/tr>\n<tr>\n<td>Faixa Et\u00e1ria<\/td>\n<td>A partir de 3 Anos<\/td>\n<\/tr>\n<\/tbody>\n<\/table>\n<\/div>\n","protected":false},"excerpt":{"rendered":"<p>\u00a0Minha Roda Gigante\u00a0\u00e9 um brinquedo educativo de madeira que encanta as crian\u00e7as com seu mecanismo funcional e colorido\u00a0. O conjunto \u00e9 composto por\u00a01 roda gigante com manivela\u00a0e\u00a06 personagens (passageiros), todos acomodados em uma caixa de papel\u00e3o\u00a0. Ao girar a manivela,<\/p>\n","protected":false},"featured_media":9181,"comment_status":"open","ping_status":"closed","template":"","meta":[],"product_brand":[229],"product_cat":[211],"product_tag":[],"class_list":{"0":"post-9180","1":"product","2":"type-product","3":"status-publish","6":"product_brand-brinqmutti","7":"product_cat-psicomotricidade-jogos-e-brinquedos","9":"first","10":"instock","11":"shipping-taxable","12":"purchasable","13":"product-type-simple"},"_links":{"self":[{"href":"https:\/\/educaredigital.online\/loja\/wp-json\/wp\/v2\/product\/9180","targetHints":{"allow":["GET"]}}],"collection":[{"href":"https:\/\/educaredigital.online\/loja\/wp-json\/wp\/v2\/product"}],"about":[{"href":"https:\/\/educaredigital.online\/loja\/wp-json\/wp\/v2\/types\/product"}],"replies":[{"embeddable":true,"href":"https:\/\/educaredigital.online\/loja\/wp-json\/wp\/v2\/comments?post=9180"}],"wp:featuredmedia":[{"embeddable":true,"href":"https:\/\/educaredigital.online\/loja\/wp-json\/wp\/v2\/media\/9181"}],"wp:attachment":[{"href":"https:\/\/educaredigital.online\/loja\/wp-json\/wp\/v2\/media?parent=9180"}],"wp:term":[{"taxonomy":"product_brand","embeddable":true,"href":"https:\/\/educaredigital.online\/loja\/wp-json\/wp\/v2\/product_brand?post=9180"},{"taxonomy":"product_cat","embeddable":true,"href":"https:\/\/educaredigital.online\/loja\/wp-json\/wp\/v2\/product_cat?post=9180"},{"taxonomy":"product_tag","embeddable":true,"href":"https:\/\/educaredigital.online\/loja\/wp-json\/wp\/v2\/product_tag?post=9180"}],"curies":[{"name":"wp","href":"https:\/\/api.w.org\/{rel}","templated":true}]}}