{"id":9171,"date":"2026-04-23T18:25:52","date_gmt":"2026-04-23T18:25:52","guid":{"rendered":"https:\/\/educaredigital.online\/loja\/?post_type=product&#038;p=9171"},"modified":"2026-04-24T19:37:54","modified_gmt":"2026-04-24T19:37:54","slug":"magnetico-numerico","status":"publish","type":"product","link":"https:\/\/educaredigital.online\/loja\/produto\/magnetico-numerico\/","title":{"rendered":"Magn\u00e9tico Num\u00e9rico"},"content":{"rendered":"<p class=\"ds-markdown-paragraph\"><strong>Magn\u00e9tico Num\u00e9rico <\/strong>\u00a0geralmente \u00e9 um recurso pedag\u00f3gico que une o conceito de n\u00fameros ao encaixe magn\u00e9tico, ajudando no aprendizado da matem\u00e1tica de forma l\u00fadica. Normalmente o conjunto \u00e9 composto por n\u00fameros magn\u00e9ticos (de 0 a 9) e operadores matem\u00e1ticos (como +, -, =) em pe\u00e7as de madeira ou pl\u00e1stico, com um im\u00e3 acoplado na parte traseira para fixa\u00e7\u00e3o.<\/p>\n<p class=\"ds-markdown-paragraph\">Esse brinquedo desenvolve o racioc\u00ednio l\u00f3gico, a coordena\u00e7\u00e3o motora fina e o reconhecimento dos algarismos. Ele pode ser utilizado em geladeiras, pain\u00e9is ou lousas magn\u00e9ticas, permitindo \u00e0 crian\u00e7a montar contas de adi\u00e7\u00e3o e subtra\u00e7\u00e3o sozinha.<\/p>\n<div class=\"details-table-wrapper\">\n<table class=\"product-details-table\">\n<tbody>\n<tr>\n<td>Marca<\/td>\n<td>BrinqMutti<\/td>\n<\/tr>\n<tr>\n<td>Material<\/td>\n<td>MDF<\/td>\n<\/tr>\n<tr>\n<td>Faixa Et\u00e1ria<\/td>\n<td>A partir de 3 Anos<\/td>\n<\/tr>\n<\/tbody>\n<\/table>\n<\/div>\n","protected":false},"excerpt":{"rendered":"<p>Magn\u00e9tico Num\u00e9rico \u00a0geralmente \u00e9 um recurso pedag\u00f3gico que une o conceito de n\u00fameros ao encaixe magn\u00e9tico, ajudando no aprendizado da matem\u00e1tica de forma l\u00fadica. Normalmente o conjunto \u00e9 composto por n\u00fameros magn\u00e9ticos (de 0 a 9) e operadores matem\u00e1ticos (como<\/p>\n","protected":false},"featured_media":9172,"comment_status":"open","ping_status":"closed","template":"","meta":[],"product_brand":[229],"product_cat":[210],"product_tag":[],"class_list":{"0":"post-9171","1":"product","2":"type-product","3":"status-publish","6":"product_brand-brinqmutti","7":"product_cat-matematica-jogos-e-brinquedos","9":"first","10":"instock","11":"shipping-taxable","12":"purchasable","13":"product-type-simple"},"_links":{"self":[{"href":"https:\/\/educaredigital.online\/loja\/wp-json\/wp\/v2\/product\/9171","targetHints":{"allow":["GET"]}}],"collection":[{"href":"https:\/\/educaredigital.online\/loja\/wp-json\/wp\/v2\/product"}],"about":[{"href":"https:\/\/educaredigital.online\/loja\/wp-json\/wp\/v2\/types\/product"}],"replies":[{"embeddable":true,"href":"https:\/\/educaredigital.online\/loja\/wp-json\/wp\/v2\/comments?post=9171"}],"wp:featuredmedia":[{"embeddable":true,"href":"https:\/\/educaredigital.online\/loja\/wp-json\/wp\/v2\/media\/9172"}],"wp:attachment":[{"href":"https:\/\/educaredigital.online\/loja\/wp-json\/wp\/v2\/media?parent=9171"}],"wp:term":[{"taxonomy":"product_brand","embeddable":true,"href":"https:\/\/educaredigital.online\/loja\/wp-json\/wp\/v2\/product_brand?post=9171"},{"taxonomy":"product_cat","embeddable":true,"href":"https:\/\/educaredigital.online\/loja\/wp-json\/wp\/v2\/product_cat?post=9171"},{"taxonomy":"product_tag","embeddable":true,"href":"https:\/\/educaredigital.online\/loja\/wp-json\/wp\/v2\/product_tag?post=9171"}],"curies":[{"name":"wp","href":"https:\/\/api.w.org\/{rel}","templated":true}]}}