{"id":8897,"date":"2026-04-20T20:08:06","date_gmt":"2026-04-20T20:08:06","guid":{"rendered":"https:\/\/educaredigital.online\/loja\/?post_type=product&#038;p=8897"},"modified":"2026-04-24T19:52:34","modified_gmt":"2026-04-24T19:52:34","slug":"imaginativa-super-mercadinho","status":"publish","type":"product","link":"https:\/\/educaredigital.online\/loja\/produto\/imaginativa-super-mercadinho\/","title":{"rendered":"Imaginativa Super Mercadinho"},"content":{"rendered":"<p class=\"ds-markdown-paragraph\"><strong>Imaginativa Super Mercadinho<\/strong><strong>i<\/strong>\u00a0\u00e9 um carrinho de compras 2 em 1 que transforma a brincadeira de faz de conta em uma experi\u00eancia completa e funcional. O grande diferencial do modelo \u00e9 o\u00a0<strong>cesto remov\u00edvel<\/strong>\u00a0&#8211; que pode ser usado tanto no carrinho para as comprinhas quanto separadamente para outras brincadeiras, como um piquenique ou para transportar outros brinquedos\u00a0. Al\u00e9m disso, o carrinho possui um\u00a0<strong>assento que abre e fecha<\/strong>, permitindo que a crian\u00e7a leve sua boneca favorita junto para o passeio no mercadinho, ampliando as possibilidades l\u00fadicas\u00a0.<\/p>\n<p class=\"ds-markdown-paragraph\">\u00a0O brinquedo estimula a <strong>imagina\u00e7\u00e3o e criatividade<\/strong>, o\u00a0<strong>aprendizado pela imita\u00e7\u00e3o<\/strong>, a\u00a0<strong>coordena\u00e7\u00e3o motora<\/strong>\u00a0e as\u00a0<strong>habilidades sociais<\/strong>\u00a0. Dispon\u00edvel nas cores azul e rosa, \u00e9 o complemento perfeito para outros itens da linha Imaginativa, como o Kit Comidinha de Frutas e Verduras (12 pe\u00e7as), deixando a brincadeira de mercadinho ainda mais divertida e realista\u00a0.<\/p>\n<div class=\"details-table-wrapper\">\n<table class=\"product-details-table\">\n<tbody>\n<tr>\n<td>Marca<\/td>\n<td>Tateti<\/td>\n<\/tr>\n<tr>\n<td>Material<\/td>\n<td>\u00a0Pl\u00e1stico<\/td>\n<\/tr>\n<tr>\n<td>Faixa Et\u00e1ria<\/td>\n<td>A partir de 3 Anos<\/td>\n<\/tr>\n<\/tbody>\n<\/table>\n<\/div>\n","protected":false},"excerpt":{"rendered":"<p>Imaginativa Super Mercadinhoi\u00a0\u00e9 um carrinho de compras 2 em 1 que transforma a brincadeira de faz de conta em uma experi\u00eancia completa e funcional. O grande diferencial do modelo \u00e9 o\u00a0cesto remov\u00edvel\u00a0&#8211; que pode ser usado tanto no carrinho para<\/p>\n","protected":false},"featured_media":8898,"comment_status":"open","ping_status":"closed","template":"","meta":[],"product_brand":[231],"product_cat":[213],"product_tag":[],"class_list":{"0":"post-8897","1":"product","2":"type-product","3":"status-publish","6":"product_brand-tateti","7":"product_cat-brinquedos-jogos-e-brinquedos","9":"first","10":"instock","11":"shipping-taxable","12":"product-type-simple"},"_links":{"self":[{"href":"https:\/\/educaredigital.online\/loja\/wp-json\/wp\/v2\/product\/8897","targetHints":{"allow":["GET"]}}],"collection":[{"href":"https:\/\/educaredigital.online\/loja\/wp-json\/wp\/v2\/product"}],"about":[{"href":"https:\/\/educaredigital.online\/loja\/wp-json\/wp\/v2\/types\/product"}],"replies":[{"embeddable":true,"href":"https:\/\/educaredigital.online\/loja\/wp-json\/wp\/v2\/comments?post=8897"}],"wp:featuredmedia":[{"embeddable":true,"href":"https:\/\/educaredigital.online\/loja\/wp-json\/wp\/v2\/media\/8898"}],"wp:attachment":[{"href":"https:\/\/educaredigital.online\/loja\/wp-json\/wp\/v2\/media?parent=8897"}],"wp:term":[{"taxonomy":"product_brand","embeddable":true,"href":"https:\/\/educaredigital.online\/loja\/wp-json\/wp\/v2\/product_brand?post=8897"},{"taxonomy":"product_cat","embeddable":true,"href":"https:\/\/educaredigital.online\/loja\/wp-json\/wp\/v2\/product_cat?post=8897"},{"taxonomy":"product_tag","embeddable":true,"href":"https:\/\/educaredigital.online\/loja\/wp-json\/wp\/v2\/product_tag?post=8897"}],"curies":[{"name":"wp","href":"https:\/\/api.w.org\/{rel}","templated":true}]}}