{"id":8893,"date":"2026-04-20T20:04:37","date_gmt":"2026-04-20T20:04:37","guid":{"rendered":"https:\/\/educaredigital.online\/loja\/?post_type=product&#038;p=8893"},"modified":"2026-04-24T19:52:52","modified_gmt":"2026-04-24T19:52:52","slug":"zoo-argolas","status":"publish","type":"product","link":"https:\/\/educaredigital.online\/loja\/produto\/zoo-argolas\/","title":{"rendered":"Zoo Argolas"},"content":{"rendered":"<p class=\"ds-markdown-paragraph\"><strong>Zoo Argolas<\/strong> \u00e9 um cl\u00e1ssico brinquedo de empilhar desenvolvido para beb\u00eas. Com um design l\u00fadico que apresenta uma base com animais (como macaquinho e cachorrinho), o conjunto acompanha <strong>8 argolas coloridas<\/strong>\u00a0de tamanhos variados, al\u00e9m de\u00a0<strong>pe\u00e7as emborrachadas<\/strong>\u00a0que funcionam como mordedores, ideais para a fase em que os beb\u00eas levam tudo \u00e0 boca\u00a0. As argolas podem ser encaixadas nos pinos na ordem correta, trabalhando a percep\u00e7\u00e3o de tamanhos e propor\u00e7\u00f5es de forma divertida\u00a0.<\/p>\n<p class=\"ds-markdown-paragraph\">\u00a0Zoo Argolas estimula habilidades essenciais como <strong>coordena\u00e7\u00e3o motora fina<\/strong>,\u00a0<strong>reconhecimento de cores e formas<\/strong>,\u00a0<strong>racioc\u00ednio l\u00f3gico<\/strong>,\u00a0<strong>aten\u00e7\u00e3o e concentra\u00e7\u00e3o<\/strong> . Perfeito para os primeiros desafios de encaixe do beb\u00ea, ele combina divers\u00e3o sensorial com aprendizado, mantendo a qualidade.<\/p>\n<div class=\"details-table-wrapper\">\n<table class=\"product-details-table\">\n<tbody>\n<tr>\n<td>Marca<\/td>\n<td>Tateti<\/td>\n<\/tr>\n<tr>\n<td>Material<\/td>\n<td>\u00a0Pl\u00e1stico<\/td>\n<\/tr>\n<tr>\n<td>Faixa Et\u00e1ria<\/td>\n<td>A partir de 9 meses<\/td>\n<\/tr>\n<\/tbody>\n<\/table>\n<\/div>\n","protected":false},"excerpt":{"rendered":"<p>Zoo Argolas \u00e9 um cl\u00e1ssico brinquedo de empilhar desenvolvido para beb\u00eas. Com um design l\u00fadico que apresenta uma base com animais (como macaquinho e cachorrinho), o conjunto acompanha 8 argolas coloridas\u00a0de tamanhos variados, al\u00e9m de\u00a0pe\u00e7as emborrachadas\u00a0que funcionam como mordedores, ideais<\/p>\n","protected":false},"featured_media":8894,"comment_status":"open","ping_status":"closed","template":"","meta":[],"product_brand":[231],"product_cat":[213],"product_tag":[],"class_list":{"0":"post-8893","1":"product","2":"type-product","3":"status-publish","6":"product_brand-tateti","7":"product_cat-brinquedos-jogos-e-brinquedos","9":"first","10":"instock","11":"shipping-taxable","12":"product-type-simple"},"_links":{"self":[{"href":"https:\/\/educaredigital.online\/loja\/wp-json\/wp\/v2\/product\/8893","targetHints":{"allow":["GET"]}}],"collection":[{"href":"https:\/\/educaredigital.online\/loja\/wp-json\/wp\/v2\/product"}],"about":[{"href":"https:\/\/educaredigital.online\/loja\/wp-json\/wp\/v2\/types\/product"}],"replies":[{"embeddable":true,"href":"https:\/\/educaredigital.online\/loja\/wp-json\/wp\/v2\/comments?post=8893"}],"wp:featuredmedia":[{"embeddable":true,"href":"https:\/\/educaredigital.online\/loja\/wp-json\/wp\/v2\/media\/8894"}],"wp:attachment":[{"href":"https:\/\/educaredigital.online\/loja\/wp-json\/wp\/v2\/media?parent=8893"}],"wp:term":[{"taxonomy":"product_brand","embeddable":true,"href":"https:\/\/educaredigital.online\/loja\/wp-json\/wp\/v2\/product_brand?post=8893"},{"taxonomy":"product_cat","embeddable":true,"href":"https:\/\/educaredigital.online\/loja\/wp-json\/wp\/v2\/product_cat?post=8893"},{"taxonomy":"product_tag","embeddable":true,"href":"https:\/\/educaredigital.online\/loja\/wp-json\/wp\/v2\/product_tag?post=8893"}],"curies":[{"name":"wp","href":"https:\/\/api.w.org\/{rel}","templated":true}]}}