{"id":8829,"date":"2026-04-20T19:09:17","date_gmt":"2026-04-20T19:09:17","guid":{"rendered":"https:\/\/educaredigital.online\/loja\/produto\/zoo-trem\/"},"modified":"2026-04-24T19:54:53","modified_gmt":"2026-04-24T19:54:53","slug":"zoo-trem","status":"publish","type":"product","link":"https:\/\/educaredigital.online\/loja\/produto\/zoo-trem\/","title":{"rendered":"Zoo Trem"},"content":{"rendered":"<p class=\"ds-markdown-paragraph\"><strong>Zoo Trem<\/strong>\u00a0\u00e9 composto por uma locomotiva, tr\u00eas vag\u00f5es e tr\u00eas animais did\u00e1ticos (le\u00e3o, hipop\u00f3tamo e papagaio) que se encaixam nos vag\u00f5es como passageiros\u00a0. Quando o trem est\u00e1 em movimento, os animais giram dentro dos vag\u00f5es e a cabine da locomotiva tamb\u00e9m se movimenta\u00a0. A parte frontal da locomotiva possui engrenagens que giram e uma buzina que imita o som de trem, tornando a brincadeira ainda mais realista e interativa\u00a0.<\/p>\n<p class=\"ds-markdown-paragraph\">Este brinquedo desenvolve habilidades essenciais como coordena\u00e7\u00e3o motora fina (ao manusear e encaixar os animais), compreens\u00e3o de causa e efeito (ao observar o movimento girat\u00f3rio quando o trem anda), integra\u00e7\u00e3o visoespacial, curiosidade e descoberta\u00a0. Colorido, divertido e interativo, o Zoo Trem estimula a imagina\u00e7\u00e3o e a criatividade dos pequenos enquanto eles exploram o universo dos animais e do faz de conta\u00a0.<\/p>\n<div class=\"details-table-wrapper\">\n<table class=\"product-details-table\">\n<tbody>\n<tr>\n<td>Marca<\/td>\n<td>Tateti<\/td>\n<\/tr>\n<tr>\n<td>Material<\/td>\n<td>\u00a0Pl\u00e1stico<\/td>\n<\/tr>\n<tr>\n<td>Faixa Et\u00e1ria<\/td>\n<td>A partir de 1 Ano<\/td>\n<\/tr>\n<\/tbody>\n<\/table>\n<\/div>\n","protected":false},"excerpt":{"rendered":"<p>Zoo Trem\u00a0\u00e9 composto por uma locomotiva, tr\u00eas vag\u00f5es e tr\u00eas animais did\u00e1ticos (le\u00e3o, hipop\u00f3tamo e papagaio) que se encaixam nos vag\u00f5es como passageiros\u00a0. Quando o trem est\u00e1 em movimento, os animais giram dentro dos vag\u00f5es e a cabine da locomotiva<\/p>\n","protected":false},"featured_media":8828,"comment_status":"open","ping_status":"closed","template":"","meta":[],"product_brand":[231],"product_cat":[213],"product_tag":[],"class_list":{"0":"post-8829","1":"product","2":"type-product","3":"status-publish","6":"product_brand-tateti","7":"product_cat-brinquedos-jogos-e-brinquedos","9":"first","10":"instock","11":"shipping-taxable","12":"purchasable","13":"product-type-simple"},"_links":{"self":[{"href":"https:\/\/educaredigital.online\/loja\/wp-json\/wp\/v2\/product\/8829","targetHints":{"allow":["GET"]}}],"collection":[{"href":"https:\/\/educaredigital.online\/loja\/wp-json\/wp\/v2\/product"}],"about":[{"href":"https:\/\/educaredigital.online\/loja\/wp-json\/wp\/v2\/types\/product"}],"replies":[{"embeddable":true,"href":"https:\/\/educaredigital.online\/loja\/wp-json\/wp\/v2\/comments?post=8829"}],"wp:featuredmedia":[{"embeddable":true,"href":"https:\/\/educaredigital.online\/loja\/wp-json\/wp\/v2\/media\/8828"}],"wp:attachment":[{"href":"https:\/\/educaredigital.online\/loja\/wp-json\/wp\/v2\/media?parent=8829"}],"wp:term":[{"taxonomy":"product_brand","embeddable":true,"href":"https:\/\/educaredigital.online\/loja\/wp-json\/wp\/v2\/product_brand?post=8829"},{"taxonomy":"product_cat","embeddable":true,"href":"https:\/\/educaredigital.online\/loja\/wp-json\/wp\/v2\/product_cat?post=8829"},{"taxonomy":"product_tag","embeddable":true,"href":"https:\/\/educaredigital.online\/loja\/wp-json\/wp\/v2\/product_tag?post=8829"}],"curies":[{"name":"wp","href":"https:\/\/api.w.org\/{rel}","templated":true}]}}