{"id":8805,"date":"2026-04-20T19:08:27","date_gmt":"2026-04-20T19:08:27","guid":{"rendered":"https:\/\/educaredigital.online\/loja\/produto\/rodadinhos-maos-a-obra-escavadeira\/"},"modified":"2026-04-24T19:56:30","modified_gmt":"2026-04-24T19:56:30","slug":"rodadinhos-maos-a-obra-escavadeira","status":"publish","type":"product","link":"https:\/\/educaredigital.online\/loja\/produto\/rodadinhos-maos-a-obra-escavadeira\/","title":{"rendered":"Rodadinhos M\u00e3os a Obra &#8211; ESCAVADEIRA"},"content":{"rendered":"<p class=\"ds-markdown-paragraph\"><strong>Rodadinhos M\u00e3os \u00e0 Obra Escavadeira<\/strong>\u00a0\u00e9 um brinquedo da linha Rodadinhos Blocks que transforma os pequenos em verdadeiros operadores de m\u00e1quinas. O grande diferencial deste carrinho \u00e9 o seu bra\u00e7o mec\u00e2nico com concha que\u00a0<strong>gira 360 graus<\/strong>, permitindo que a crian\u00e7a simule a escava\u00e7\u00e3o e o transporte de terra, areia ou materiais imagin\u00e1rios . Fabricado em pl\u00e1stico resistente e com rodinhas para empurrar, \u00e9 ideal para brincadeiras tanto em ambientes internos quanto ao ar livre, como na praia ou no jardim .<\/p>\n<p class=\"ds-markdown-paragraph\">Este brinquedo desenvolve habilidades essenciais como\u00a0<strong>coordena\u00e7\u00e3o motora fina e ampla<\/strong>\u00a0(ao manusear o bra\u00e7o girat\u00f3rio e empurrar o carrinho),\u00a0<strong>aten\u00e7\u00e3o e concentra\u00e7\u00e3o<\/strong>,\u00a0<strong>coordena\u00e7\u00e3o entre olhos e m\u00e3os<\/strong>,\u00a0<strong>curiosidade e descoberta<\/strong>, al\u00e9m da\u00a0<strong>resolu\u00e7\u00e3o de problemas<\/strong>\u00a0. Ao brincar de escavar e transportar materiais, a crian\u00e7a exercita o\u00a0<strong>aprendizado por imita\u00e7\u00e3o<\/strong>\u00a0e a\u00a0<strong>criatividade<\/strong>, recriando situa\u00e7\u00f5es do cotidiano das obras de forma l\u00fadica e interativa\u00a0.<\/p>\n<div class=\"details-table-wrapper\">\n<table class=\"product-details-table\">\n<tbody>\n<tr>\n<td>Marca<\/td>\n<td>Tateti<\/td>\n<\/tr>\n<tr>\n<td>Material<\/td>\n<td>\u00a0Pl\u00e1stico<\/td>\n<\/tr>\n<tr>\n<td>Faixa Et\u00e1ria<\/td>\n<td>A partir de 1 Ano<\/td>\n<\/tr>\n<\/tbody>\n<\/table>\n<\/div>\n","protected":false},"excerpt":{"rendered":"<p>Rodadinhos M\u00e3os \u00e0 Obra Escavadeira\u00a0\u00e9 um brinquedo da linha Rodadinhos Blocks que transforma os pequenos em verdadeiros operadores de m\u00e1quinas. O grande diferencial deste carrinho \u00e9 o seu bra\u00e7o mec\u00e2nico com concha que\u00a0gira 360 graus, permitindo que a crian\u00e7a simule<\/p>\n","protected":false},"featured_media":8804,"comment_status":"open","ping_status":"closed","template":"","meta":[],"product_brand":[231],"product_cat":[213],"product_tag":[],"class_list":{"0":"post-8805","1":"product","2":"type-product","3":"status-publish","6":"product_brand-tateti","7":"product_cat-brinquedos-jogos-e-brinquedos","9":"first","10":"instock","11":"shipping-taxable","12":"purchasable","13":"product-type-simple"},"_links":{"self":[{"href":"https:\/\/educaredigital.online\/loja\/wp-json\/wp\/v2\/product\/8805","targetHints":{"allow":["GET"]}}],"collection":[{"href":"https:\/\/educaredigital.online\/loja\/wp-json\/wp\/v2\/product"}],"about":[{"href":"https:\/\/educaredigital.online\/loja\/wp-json\/wp\/v2\/types\/product"}],"replies":[{"embeddable":true,"href":"https:\/\/educaredigital.online\/loja\/wp-json\/wp\/v2\/comments?post=8805"}],"wp:featuredmedia":[{"embeddable":true,"href":"https:\/\/educaredigital.online\/loja\/wp-json\/wp\/v2\/media\/8804"}],"wp:attachment":[{"href":"https:\/\/educaredigital.online\/loja\/wp-json\/wp\/v2\/media?parent=8805"}],"wp:term":[{"taxonomy":"product_brand","embeddable":true,"href":"https:\/\/educaredigital.online\/loja\/wp-json\/wp\/v2\/product_brand?post=8805"},{"taxonomy":"product_cat","embeddable":true,"href":"https:\/\/educaredigital.online\/loja\/wp-json\/wp\/v2\/product_cat?post=8805"},{"taxonomy":"product_tag","embeddable":true,"href":"https:\/\/educaredigital.online\/loja\/wp-json\/wp\/v2\/product_tag?post=8805"}],"curies":[{"name":"wp","href":"https:\/\/api.w.org\/{rel}","templated":true}]}}