{"id":8795,"date":"2026-04-20T19:08:21","date_gmt":"2026-04-20T19:08:21","guid":{"rendered":"https:\/\/educaredigital.online\/loja\/produto\/amigo-pet\/"},"modified":"2026-04-24T19:57:03","modified_gmt":"2026-04-24T19:57:03","slug":"amigo-pet","status":"publish","type":"product","link":"https:\/\/educaredigital.online\/loja\/produto\/amigo-pet\/","title":{"rendered":"Amigo Pet"},"content":{"rendered":"<div class=\"ds-message _63c77b1\">\n<div class=\"ds-markdown\">\n<p class=\"ds-markdown-paragraph\"><strong>Amigo Pet da Tateti<\/strong> \u00e9 um brinquedo de encaixe com formato de bichinho (ursinho, cachorrinho, gatinho ou coelhinho, enviado aleatoriamente) . O produto acompanha <strong>5 formas did\u00e1ticas coloridas<\/strong> que a crian\u00e7a deve encaixar nas laterais do brinquedo, trabalhando o reconhecimento de cores e formas . Quando a brincadeira termina, as pe\u00e7as podem ser retiradas pela parte de tr\u00e1s do Amigo Pet, facilitando a organiza\u00e7\u00e3o e permitindo recome\u00e7ar a divers\u00e3o.<\/p>\n<p class=\"ds-markdown-paragraph\">Este brinquedo desenvolve habilidades essenciais como\u00a0<strong>coordena\u00e7\u00e3o motora fina<\/strong>\u00a0(ao manusear e encaixar as pe\u00e7as),\u00a0<strong>coordena\u00e7\u00e3o entre olhos e m\u00e3os<\/strong>,\u00a0<strong>compreens\u00e3o de causa e efeito<\/strong>, al\u00e9m da\u00a0<strong>curiosidade e descoberta<\/strong>\u00a0. Ao explorar as formas geom\u00e9tricas e aprender onde cada uma se encaixa, a crian\u00e7a exercita o racioc\u00ednio l\u00f3gico, a aten\u00e7\u00e3o e a concentra\u00e7\u00e3o de forma l\u00fadica e interativa, sendo uma excelente op\u00e7\u00e3o para os primeiros anos de aprendizado\u00a0.<\/p>\n<div class=\"details-table-wrapper\">\n<table class=\"product-details-table\">\n<tbody>\n<tr>\n<td>Marca<\/td>\n<td>Tateti<\/td>\n<\/tr>\n<tr>\n<td>Material<\/td>\n<td>\u00a0Pl\u00e1stico<\/td>\n<\/tr>\n<tr>\n<td>Faixa Et\u00e1ria<\/td>\n<td>A partir de 1 Ano<\/td>\n<\/tr>\n<\/tbody>\n<\/table>\n<\/div>\n<\/div>\n<\/div>\n","protected":false},"excerpt":{"rendered":"<p>Amigo Pet da Tateti \u00e9 um brinquedo de encaixe com formato de bichinho (ursinho, cachorrinho, gatinho ou coelhinho, enviado aleatoriamente) . O produto acompanha 5 formas did\u00e1ticas coloridas que a crian\u00e7a deve encaixar nas laterais do brinquedo, trabalhando o reconhecimento<\/p>\n","protected":false},"featured_media":8794,"comment_status":"open","ping_status":"closed","template":"","meta":[],"product_brand":[231],"product_cat":[213],"product_tag":[],"class_list":{"0":"post-8795","1":"product","2":"type-product","3":"status-publish","6":"product_brand-tateti","7":"product_cat-brinquedos-jogos-e-brinquedos","9":"first","10":"instock","11":"shipping-taxable","12":"purchasable","13":"product-type-simple"},"_links":{"self":[{"href":"https:\/\/educaredigital.online\/loja\/wp-json\/wp\/v2\/product\/8795","targetHints":{"allow":["GET"]}}],"collection":[{"href":"https:\/\/educaredigital.online\/loja\/wp-json\/wp\/v2\/product"}],"about":[{"href":"https:\/\/educaredigital.online\/loja\/wp-json\/wp\/v2\/types\/product"}],"replies":[{"embeddable":true,"href":"https:\/\/educaredigital.online\/loja\/wp-json\/wp\/v2\/comments?post=8795"}],"wp:featuredmedia":[{"embeddable":true,"href":"https:\/\/educaredigital.online\/loja\/wp-json\/wp\/v2\/media\/8794"}],"wp:attachment":[{"href":"https:\/\/educaredigital.online\/loja\/wp-json\/wp\/v2\/media?parent=8795"}],"wp:term":[{"taxonomy":"product_brand","embeddable":true,"href":"https:\/\/educaredigital.online\/loja\/wp-json\/wp\/v2\/product_brand?post=8795"},{"taxonomy":"product_cat","embeddable":true,"href":"https:\/\/educaredigital.online\/loja\/wp-json\/wp\/v2\/product_cat?post=8795"},{"taxonomy":"product_tag","embeddable":true,"href":"https:\/\/educaredigital.online\/loja\/wp-json\/wp\/v2\/product_tag?post=8795"}],"curies":[{"name":"wp","href":"https:\/\/api.w.org\/{rel}","templated":true}]}}