{"id":8785,"date":"2026-04-20T19:08:15","date_gmt":"2026-04-20T19:08:15","guid":{"rendered":"https:\/\/educaredigital.online\/loja\/produto\/cubo-fun\/"},"modified":"2026-04-24T19:57:38","modified_gmt":"2026-04-24T19:57:38","slug":"cubo-fun","status":"publish","type":"product","link":"https:\/\/educaredigital.online\/loja\/produto\/cubo-fun\/","title":{"rendered":"Cubo Fun"},"content":{"rendered":"<p class=\"ds-markdown-paragraph\"><strong>Cubo Fun da Tateti<\/strong> \u00e9 um centro de atividades interativo em formato de cubo. Com seis faces coloridas, cada uma oferece uma atividade diferente: <strong>chocalho<\/strong>\u00a0que estimula a audi\u00e7\u00e3o,\u00a0<strong>discador girat\u00f3rio<\/strong>\u00a0que desenvolve a coordena\u00e7\u00e3o motora fina,\u00a0<strong>bot\u00f5es<\/strong>\u00a0com sons variados,\u00a0<strong>engrenagens<\/strong>\u00a0que ensinam causa e efeito,\u00a0<strong>livreto com texturas<\/strong>\u00a0para explora\u00e7\u00e3o sensorial e\u00a0<strong>mini batuque<\/strong> que tamb\u00e9m produz barulhinho divertido . O brinquedo mede aproximadamente 15 x 15 x 15 cm, \u00e9 fabricado em pl\u00e1stico resistente.<\/p>\n<p class=\"ds-markdown-paragraph\">Este brinquedo desenvolve habilidades essenciais como\u00a0<strong>coordena\u00e7\u00e3o motora fina<\/strong>\u00a0(m\u00e3os e dedos ao apertar bot\u00f5es e girar pe\u00e7as),\u00a0<strong>compreens\u00e3o de causa e efeito<\/strong>\u00a0(ao descobrir que cada a\u00e7\u00e3o produz um som ou movimento),\u00a0<strong>aten\u00e7\u00e3o e concentra\u00e7\u00e3o<\/strong>,\u00a0<strong>curiosidade e descoberta<\/strong>, al\u00e9m do\u00a0<strong>est\u00edmulo sensorial<\/strong>\u00a0(auditivo e t\u00e1til)\u00a0. \u00c9 uma excelente ferramenta para a primeira inf\u00e2ncia, proporcionando aprendizado l\u00fadico enquanto a crian\u00e7a explora o mundo ao seu redor de forma independente e criativa.<\/p>\n<div class=\"details-table-wrapper\">\n<table class=\"product-details-table\">\n<tbody>\n<tr>\n<td>Marca<\/td>\n<td>Tateti<\/td>\n<\/tr>\n<tr>\n<td>Material<\/td>\n<td>\u00a0Pl\u00e1stico<\/td>\n<\/tr>\n<tr>\n<td>Faixa Et\u00e1ria<\/td>\n<td>A partir de 1 Ano<\/td>\n<\/tr>\n<\/tbody>\n<\/table>\n<\/div>\n","protected":false},"excerpt":{"rendered":"<p>Cubo Fun da Tateti \u00e9 um centro de atividades interativo em formato de cubo. Com seis faces coloridas, cada uma oferece uma atividade diferente: chocalho\u00a0que estimula a audi\u00e7\u00e3o,\u00a0discador girat\u00f3rio\u00a0que desenvolve a coordena\u00e7\u00e3o motora fina,\u00a0bot\u00f5es\u00a0com sons variados,\u00a0engrenagens\u00a0que ensinam causa e efeito,\u00a0livreto<\/p>\n","protected":false},"featured_media":8784,"comment_status":"open","ping_status":"closed","template":"","meta":[],"product_brand":[231],"product_cat":[213],"product_tag":[],"class_list":{"0":"post-8785","1":"product","2":"type-product","3":"status-publish","6":"product_brand-tateti","7":"product_cat-brinquedos-jogos-e-brinquedos","9":"first","10":"instock","11":"shipping-taxable","12":"purchasable","13":"product-type-simple"},"_links":{"self":[{"href":"https:\/\/educaredigital.online\/loja\/wp-json\/wp\/v2\/product\/8785","targetHints":{"allow":["GET"]}}],"collection":[{"href":"https:\/\/educaredigital.online\/loja\/wp-json\/wp\/v2\/product"}],"about":[{"href":"https:\/\/educaredigital.online\/loja\/wp-json\/wp\/v2\/types\/product"}],"replies":[{"embeddable":true,"href":"https:\/\/educaredigital.online\/loja\/wp-json\/wp\/v2\/comments?post=8785"}],"wp:featuredmedia":[{"embeddable":true,"href":"https:\/\/educaredigital.online\/loja\/wp-json\/wp\/v2\/media\/8784"}],"wp:attachment":[{"href":"https:\/\/educaredigital.online\/loja\/wp-json\/wp\/v2\/media?parent=8785"}],"wp:term":[{"taxonomy":"product_brand","embeddable":true,"href":"https:\/\/educaredigital.online\/loja\/wp-json\/wp\/v2\/product_brand?post=8785"},{"taxonomy":"product_cat","embeddable":true,"href":"https:\/\/educaredigital.online\/loja\/wp-json\/wp\/v2\/product_cat?post=8785"},{"taxonomy":"product_tag","embeddable":true,"href":"https:\/\/educaredigital.online\/loja\/wp-json\/wp\/v2\/product_tag?post=8785"}],"curies":[{"name":"wp","href":"https:\/\/api.w.org\/{rel}","templated":true}]}}