{"id":8763,"date":"2026-04-20T19:07:57","date_gmt":"2026-04-20T19:07:57","guid":{"rendered":"https:\/\/educaredigital.online\/loja\/produto\/kit-de-cozinha\/"},"modified":"2026-04-24T19:59:13","modified_gmt":"2026-04-24T19:59:13","slug":"kit-de-cozinha","status":"publish","type":"product","link":"https:\/\/educaredigital.online\/loja\/produto\/kit-de-cozinha\/","title":{"rendered":"Kit de Cozinha"},"content":{"rendered":"<p class=\"ds-markdown-paragraph\"><strong>Kit de Cozinha<\/strong>\u00a0\u00e9 um conjunto de utens\u00edlios dom\u00e9sticos em miniatura que transforma qualquer ambiente em uma cozinha de brincadeira. Composto por pe\u00e7as como\u00a0<strong>panelas com tampa, leiteira, escorredor de macarr\u00e3o, pratos, x\u00edcaras, facas, garfos e colheres<\/strong>, o kit re\u00fane tudo que os pequenos precisam para fazer &#8220;comidinhas de mentira&#8221; e organizar um ch\u00e1 da tarde ou um banquete imagin\u00e1rio\u00a0.<\/p>\n<p class=\"ds-markdown-paragraph\">\u00a0Este brinquedo estimula a <strong>imagina\u00e7\u00e3o e a criatividade<\/strong> por meio do faz de conta, al\u00e9m de ajudar no desenvolvimento social, da comunica\u00e7\u00e3o e da coordena\u00e7\u00e3o motora . \u00c9\u00a0um excelente presente para meninos e meninas que gostam de imitar as tarefas da cozinha e aprender brincando.<\/p>\n<div class=\"details-table-wrapper\">\n<table class=\"product-details-table\">\n<tbody>\n<tr>\n<td>Marca<\/td>\n<td>Tateti<\/td>\n<\/tr>\n<tr>\n<td>Material<\/td>\n<td>\u00a0Pl\u00e1stico<\/td>\n<\/tr>\n<tr>\n<td>Faixa Et\u00e1ria<\/td>\n<td>A partir de 3 Anos<\/td>\n<\/tr>\n<\/tbody>\n<\/table>\n<\/div>\n","protected":false},"excerpt":{"rendered":"<p>Kit de Cozinha\u00a0\u00e9 um conjunto de utens\u00edlios dom\u00e9sticos em miniatura que transforma qualquer ambiente em uma cozinha de brincadeira. Composto por pe\u00e7as como\u00a0panelas com tampa, leiteira, escorredor de macarr\u00e3o, pratos, x\u00edcaras, facas, garfos e colheres, o kit re\u00fane tudo que<\/p>\n","protected":false},"featured_media":8762,"comment_status":"open","ping_status":"closed","template":"","meta":[],"product_brand":[231],"product_cat":[213],"product_tag":[],"class_list":{"0":"post-8763","1":"product","2":"type-product","3":"status-publish","6":"product_brand-tateti","7":"product_cat-brinquedos-jogos-e-brinquedos","9":"first","10":"instock","11":"shipping-taxable","12":"purchasable","13":"product-type-simple"},"_links":{"self":[{"href":"https:\/\/educaredigital.online\/loja\/wp-json\/wp\/v2\/product\/8763","targetHints":{"allow":["GET"]}}],"collection":[{"href":"https:\/\/educaredigital.online\/loja\/wp-json\/wp\/v2\/product"}],"about":[{"href":"https:\/\/educaredigital.online\/loja\/wp-json\/wp\/v2\/types\/product"}],"replies":[{"embeddable":true,"href":"https:\/\/educaredigital.online\/loja\/wp-json\/wp\/v2\/comments?post=8763"}],"wp:featuredmedia":[{"embeddable":true,"href":"https:\/\/educaredigital.online\/loja\/wp-json\/wp\/v2\/media\/8762"}],"wp:attachment":[{"href":"https:\/\/educaredigital.online\/loja\/wp-json\/wp\/v2\/media?parent=8763"}],"wp:term":[{"taxonomy":"product_brand","embeddable":true,"href":"https:\/\/educaredigital.online\/loja\/wp-json\/wp\/v2\/product_brand?post=8763"},{"taxonomy":"product_cat","embeddable":true,"href":"https:\/\/educaredigital.online\/loja\/wp-json\/wp\/v2\/product_cat?post=8763"},{"taxonomy":"product_tag","embeddable":true,"href":"https:\/\/educaredigital.online\/loja\/wp-json\/wp\/v2\/product_tag?post=8763"}],"curies":[{"name":"wp","href":"https:\/\/api.w.org\/{rel}","templated":true}]}}