{"id":8744,"date":"2026-04-20T19:07:21","date_gmt":"2026-04-20T19:07:21","guid":{"rendered":"https:\/\/educaredigital.online\/loja\/produto\/baldinho-maluco\/"},"modified":"2026-04-24T20:00:26","modified_gmt":"2026-04-24T20:00:26","slug":"baldinho-maluco","status":"publish","type":"product","link":"https:\/\/educaredigital.online\/loja\/produto\/baldinho-maluco\/","title":{"rendered":"Baldinho Maluco"},"content":{"rendered":"<div class=\"ds-message _63c77b1\">\n<div class=\"ds-markdown\">\n<p class=\"ds-markdown-paragraph\"><strong>Baldinho Maluco<\/strong>\u00a0\u00e9 um brinquedo empilh\u00e1vel que vem com\u00a0<strong>um balde, uma tampa, sete copinhos coloridos e uma bolinha<\/strong>\u00a0. O grande diferencial \u00e9 que a crian\u00e7a pode empilhar os copinhos em sequ\u00eancia (aprendendo os n\u00fameros de forma l\u00fadica) e transformar a estrutura em um\u00a0<strong>divertido tobog\u00e3<\/strong>\u00a0para a bolinha deslizar de um copo a outro\u00a0. Para guardar ou transportar, basta desmontar tudo e encaixar as pe\u00e7as dentro do pr\u00f3prio balde\u00a0.<\/p>\n<p class=\"ds-markdown-paragraph\">\u00a0Baldinho Maluco desenvolve habilidades como <strong>coordena\u00e7\u00e3o motora fina, aten\u00e7\u00e3o e concentra\u00e7\u00e3o, compreens\u00e3o de causa e efeito e integra\u00e7\u00e3o visoespacial<\/strong>\u00a0.<\/p>\n<div class=\"details-table-wrapper\">\n<table class=\"product-details-table\">\n<tbody>\n<tr>\n<td>Marca<\/td>\n<td>Tateti<\/td>\n<\/tr>\n<tr>\n<td>Material<\/td>\n<td>\u00a0Pl\u00e1stico<\/td>\n<\/tr>\n<tr>\n<td>Faixa Et\u00e1ria<\/td>\n<td>A partir de 9 Meses<\/td>\n<\/tr>\n<\/tbody>\n<\/table>\n<\/div>\n<\/div>\n<\/div>\n","protected":false},"excerpt":{"rendered":"<p>Baldinho Maluco\u00a0\u00e9 um brinquedo empilh\u00e1vel que vem com\u00a0um balde, uma tampa, sete copinhos coloridos e uma bolinha\u00a0. O grande diferencial \u00e9 que a crian\u00e7a pode empilhar os copinhos em sequ\u00eancia (aprendendo os n\u00fameros de forma l\u00fadica) e transformar a estrutura<\/p>\n","protected":false},"featured_media":8743,"comment_status":"open","ping_status":"closed","template":"","meta":[],"product_brand":[231],"product_cat":[213],"product_tag":[],"class_list":{"0":"post-8744","1":"product","2":"type-product","3":"status-publish","6":"product_brand-tateti","7":"product_cat-brinquedos-jogos-e-brinquedos","9":"first","10":"instock","11":"shipping-taxable","12":"purchasable","13":"product-type-simple"},"_links":{"self":[{"href":"https:\/\/educaredigital.online\/loja\/wp-json\/wp\/v2\/product\/8744","targetHints":{"allow":["GET"]}}],"collection":[{"href":"https:\/\/educaredigital.online\/loja\/wp-json\/wp\/v2\/product"}],"about":[{"href":"https:\/\/educaredigital.online\/loja\/wp-json\/wp\/v2\/types\/product"}],"replies":[{"embeddable":true,"href":"https:\/\/educaredigital.online\/loja\/wp-json\/wp\/v2\/comments?post=8744"}],"wp:featuredmedia":[{"embeddable":true,"href":"https:\/\/educaredigital.online\/loja\/wp-json\/wp\/v2\/media\/8743"}],"wp:attachment":[{"href":"https:\/\/educaredigital.online\/loja\/wp-json\/wp\/v2\/media?parent=8744"}],"wp:term":[{"taxonomy":"product_brand","embeddable":true,"href":"https:\/\/educaredigital.online\/loja\/wp-json\/wp\/v2\/product_brand?post=8744"},{"taxonomy":"product_cat","embeddable":true,"href":"https:\/\/educaredigital.online\/loja\/wp-json\/wp\/v2\/product_cat?post=8744"},{"taxonomy":"product_tag","embeddable":true,"href":"https:\/\/educaredigital.online\/loja\/wp-json\/wp\/v2\/product_tag?post=8744"}],"curies":[{"name":"wp","href":"https:\/\/api.w.org\/{rel}","templated":true}]}}