{"id":8713,"date":"2026-04-20T19:06:55","date_gmt":"2026-04-20T19:06:55","guid":{"rendered":"https:\/\/educaredigital.online\/loja\/produto\/nutri-feirinha\/"},"modified":"2026-04-24T20:02:14","modified_gmt":"2026-04-24T20:02:14","slug":"nutri-feirinha","status":"publish","type":"product","link":"https:\/\/educaredigital.online\/loja\/produto\/nutri-feirinha\/","title":{"rendered":"Nutri Feirinha"},"content":{"rendered":"<p class=\"ds-markdown-paragraph\"><strong>Nutri Feirinha <\/strong>\u00a0\u00e9 um brinquedo de &#8220;faz de conta&#8221; que simula uma ida \u00e0 feira ou ao mercadinho. O conjunto \u00e9 composto por\u00a0<strong>7 miniaturas de frutas e verduras coloridas<\/strong>\u00a0(como ma\u00e7\u00e3, cenoura, piment\u00e3o e abacaxi) unidas por\u00a0<strong>velcro<\/strong>\u00a0e acompanha uma\u00a0<strong>faquinha de brinquedo<\/strong>. A grande gra\u00e7a do produto est\u00e1 no\u00a0<strong>efeito sonoro do velcro<\/strong>: ao &#8220;cortar&#8221; os alimentos com a faca, a crian\u00e7a ouve o caracter\u00edstico som\u00a0<strong>&#8220;creck-creck&#8221;<\/strong>, que torna a experi\u00eancia ainda mais realista e divertida.<\/p>\n<p class=\"ds-markdown-paragraph\">Desenvolve importantes habilidades como <strong>coordena\u00e7\u00e3o motora fina, imagina\u00e7\u00e3o e criatividade, aprendizado pela imita\u00e7\u00e3o e conhecimento sobre os alimentos e a import\u00e2ncia de uma alimenta\u00e7\u00e3o saud\u00e1vel,<\/strong>\u00a0o brinquedo \u00e9 seguro e resistente, estimulando a socializa\u00e7\u00e3o e a brincadeira entre amiguinhos enquanto as crian\u00e7as preparam &#8220;saladas de frutas&#8221; ou &#8220;sopas de legumes&#8221; no mundo da imagina\u00e7\u00e3o.<\/p>\n<div class=\"details-table-wrapper\">\n<table class=\"product-details-table\">\n<tbody>\n<tr>\n<td>Marca<\/td>\n<td>Tateti<\/td>\n<\/tr>\n<tr>\n<td>Material<\/td>\n<td>\u00a0Pl\u00e1stico<\/td>\n<\/tr>\n<tr>\n<td>Faixa Et\u00e1ria<\/td>\n<td>A partir de 3 Anos<\/td>\n<\/tr>\n<\/tbody>\n<\/table>\n<\/div>\n","protected":false},"excerpt":{"rendered":"<p>Nutri Feirinha \u00a0\u00e9 um brinquedo de &#8220;faz de conta&#8221; que simula uma ida \u00e0 feira ou ao mercadinho. O conjunto \u00e9 composto por\u00a07 miniaturas de frutas e verduras coloridas\u00a0(como ma\u00e7\u00e3, cenoura, piment\u00e3o e abacaxi) unidas por\u00a0velcro\u00a0e acompanha uma\u00a0faquinha de brinquedo.<\/p>\n","protected":false},"featured_media":9159,"comment_status":"open","ping_status":"closed","template":"","meta":[],"product_brand":[231],"product_cat":[213],"product_tag":[],"class_list":{"0":"post-8713","1":"product","2":"type-product","3":"status-publish","6":"product_brand-tateti","7":"product_cat-brinquedos-jogos-e-brinquedos","9":"first","10":"instock","11":"shipping-taxable","12":"purchasable","13":"product-type-simple"},"_links":{"self":[{"href":"https:\/\/educaredigital.online\/loja\/wp-json\/wp\/v2\/product\/8713","targetHints":{"allow":["GET"]}}],"collection":[{"href":"https:\/\/educaredigital.online\/loja\/wp-json\/wp\/v2\/product"}],"about":[{"href":"https:\/\/educaredigital.online\/loja\/wp-json\/wp\/v2\/types\/product"}],"replies":[{"embeddable":true,"href":"https:\/\/educaredigital.online\/loja\/wp-json\/wp\/v2\/comments?post=8713"}],"wp:featuredmedia":[{"embeddable":true,"href":"https:\/\/educaredigital.online\/loja\/wp-json\/wp\/v2\/media\/9159"}],"wp:attachment":[{"href":"https:\/\/educaredigital.online\/loja\/wp-json\/wp\/v2\/media?parent=8713"}],"wp:term":[{"taxonomy":"product_brand","embeddable":true,"href":"https:\/\/educaredigital.online\/loja\/wp-json\/wp\/v2\/product_brand?post=8713"},{"taxonomy":"product_cat","embeddable":true,"href":"https:\/\/educaredigital.online\/loja\/wp-json\/wp\/v2\/product_cat?post=8713"},{"taxonomy":"product_tag","embeddable":true,"href":"https:\/\/educaredigital.online\/loja\/wp-json\/wp\/v2\/product_tag?post=8713"}],"curies":[{"name":"wp","href":"https:\/\/api.w.org\/{rel}","templated":true}]}}