{"id":8711,"date":"2026-04-20T19:06:53","date_gmt":"2026-04-20T19:06:53","guid":{"rendered":"https:\/\/educaredigital.online\/loja\/produto\/kit-praia-jardim-simples\/"},"modified":"2026-04-24T20:02:27","modified_gmt":"2026-04-24T20:02:27","slug":"kit-praia-jardim-simples","status":"publish","type":"product","link":"https:\/\/educaredigital.online\/loja\/produto\/kit-praia-jardim-simples\/","title":{"rendered":"Kit Praia\/Jardim Simples"},"content":{"rendered":"<div class=\"ds-message _63c77b1\">\n<div class=\"ds-markdown\">\n<p class=\"ds-markdown-paragraph\">\u00a0<strong>Kit Praia\/Jardim Simples <\/strong>\u00e9 um conjunto b\u00e1sico e pr\u00e1tico para brincadeiras ao ar livre, perfeito para estimular a criatividade das crian\u00e7as na areia da praia ou no tanque de areia do quintal. O kit inclui\u00a0<strong>1 p\u00e1, 1 rastelo, 3 moldes divertidos<\/strong>\u00a0(como estrela, bolinha ou animais) e um\u00a0<strong>baldinho<\/strong>\u00a0para transportar areia ou \u00e1gua\u00a0. Suas cores vibrantes s\u00e3o enviadas de forma sortida, tornando cada kit \u00fanico e ainda mais atrativo para os pequenos.<\/p>\n<p class=\"ds-markdown-paragraph\">\u00a0Este brinquedo desenvolve habilidades como <strong>coordena\u00e7\u00e3o motora fina e grossa, imagina\u00e7\u00e3o e criatividade, habilidades sensoriais, compreens\u00e3o de causa e efeito e integra\u00e7\u00e3o visoespacial<\/strong> ,\u00a0\u00e9 ideal para estimular o contato com a natureza e o faz de conta de forma segura e divertida.<\/p>\n<div class=\"details-table-wrapper\">\n<table class=\"product-details-table\">\n<tbody>\n<tr>\n<td>Marca<\/td>\n<td>Tateti<\/td>\n<\/tr>\n<tr>\n<td>Material<\/td>\n<td>\u00a0Pl\u00e1stico<\/td>\n<\/tr>\n<tr>\n<td>Faixa Et\u00e1ria<\/td>\n<td>A partir de 1 Ano<\/td>\n<\/tr>\n<\/tbody>\n<\/table>\n<\/div>\n<\/div>\n<\/div>\n","protected":false},"excerpt":{"rendered":"<p>\u00a0Kit Praia\/Jardim Simples \u00e9 um conjunto b\u00e1sico e pr\u00e1tico para brincadeiras ao ar livre, perfeito para estimular a criatividade das crian\u00e7as na areia da praia ou no tanque de areia do quintal. O kit inclui\u00a01 p\u00e1, 1 rastelo, 3 moldes<\/p>\n","protected":false},"featured_media":9163,"comment_status":"open","ping_status":"closed","template":"","meta":[],"product_brand":[231],"product_cat":[213],"product_tag":[],"class_list":{"0":"post-8711","1":"product","2":"type-product","3":"status-publish","6":"product_brand-tateti","7":"product_cat-brinquedos-jogos-e-brinquedos","9":"first","10":"instock","11":"shipping-taxable","12":"purchasable","13":"product-type-simple"},"_links":{"self":[{"href":"https:\/\/educaredigital.online\/loja\/wp-json\/wp\/v2\/product\/8711","targetHints":{"allow":["GET"]}}],"collection":[{"href":"https:\/\/educaredigital.online\/loja\/wp-json\/wp\/v2\/product"}],"about":[{"href":"https:\/\/educaredigital.online\/loja\/wp-json\/wp\/v2\/types\/product"}],"replies":[{"embeddable":true,"href":"https:\/\/educaredigital.online\/loja\/wp-json\/wp\/v2\/comments?post=8711"}],"wp:featuredmedia":[{"embeddable":true,"href":"https:\/\/educaredigital.online\/loja\/wp-json\/wp\/v2\/media\/9163"}],"wp:attachment":[{"href":"https:\/\/educaredigital.online\/loja\/wp-json\/wp\/v2\/media?parent=8711"}],"wp:term":[{"taxonomy":"product_brand","embeddable":true,"href":"https:\/\/educaredigital.online\/loja\/wp-json\/wp\/v2\/product_brand?post=8711"},{"taxonomy":"product_cat","embeddable":true,"href":"https:\/\/educaredigital.online\/loja\/wp-json\/wp\/v2\/product_cat?post=8711"},{"taxonomy":"product_tag","embeddable":true,"href":"https:\/\/educaredigital.online\/loja\/wp-json\/wp\/v2\/product_tag?post=8711"}],"curies":[{"name":"wp","href":"https:\/\/api.w.org\/{rel}","templated":true}]}}