{"id":8602,"date":"2026-04-17T12:44:33","date_gmt":"2026-04-17T12:44:33","guid":{"rendered":"https:\/\/educaredigital.online\/loja\/produto\/cocarzinho-de-caroa\/"},"modified":"2026-04-17T13:41:55","modified_gmt":"2026-04-17T13:41:55","slug":"cocarzinho-de-caroa","status":"publish","type":"product","link":"https:\/\/educaredigital.online\/loja\/produto\/cocarzinho-de-caroa\/","title":{"rendered":"Cocarzinho de Caro\u00e1"},"content":{"rendered":"<p data-path-to-node=\"0\"><b data-path-to-node=\"0\" data-index-in-node=\"0\">Cocarzinho de Caro\u00e1<\/b> conta a hist\u00f3ria de um pequeno ind\u00edgena que, ao aprender a confeccionar seu pr\u00f3prio adere\u00e7o com as fibras da planta caro\u00e1, descobre a import\u00e2ncia do trabalho manual e da conex\u00e3o com a natureza. A narrativa explora os ritos de aprendizado dentro da aldeia e como os objetos do cotidiano carregam significados espirituais e de identidade para o seu povo.<\/p>\n<p data-path-to-node=\"1\">O texto valoriza a paci\u00eancia, a observa\u00e7\u00e3o dos mais velhos e o respeito aos recursos que a terra oferece. Por meio de uma linguagem sens\u00edvel, a obra apresenta ao leitor a delicadeza das tradi\u00e7\u00f5es artesanais e a for\u00e7a da cultura ind\u00edgena, mostrando como pequenos gestos mant\u00eam viva a mem\u00f3ria e o orgulho de uma etnia.<\/p>\n<div class=\"details-table-wrapper\">\n<table class=\"product-details-table\">\n<tbody>\n<tr>\n<td>Autor<\/td>\n<td>Thiago Novaes Pankar\u00e1 e Ana Selia Novaes Pankar\u00e1<\/td>\n<\/tr>\n<tr>\n<td>ISBN<\/td>\n<td>9786553844032<\/td>\n<\/tr>\n<tr>\n<td>Editora<\/td>\n<td>Ciranda Cultural<\/td>\n<\/tr>\n<tr>\n<td>N\u00ba de p\u00e1ginas<\/td>\n<td>32<\/td>\n<\/tr>\n<\/tbody>\n<\/table>\n<\/div>\n","protected":false},"excerpt":{"rendered":"<p>Cocarzinho de Caro\u00e1 conta a hist\u00f3ria de um pequeno ind\u00edgena que, ao aprender a confeccionar seu pr\u00f3prio adere\u00e7o com as fibras da planta caro\u00e1, descobre a import\u00e2ncia do trabalho manual e da conex\u00e3o com a natureza. A narrativa explora os<\/p>\n","protected":false},"featured_media":8601,"comment_status":"open","ping_status":"closed","template":"","meta":[],"product_brand":[],"product_cat":[214],"product_tag":[],"class_list":{"0":"post-8602","1":"product","2":"type-product","3":"status-publish","6":"product_cat-afro-brasileira-e-indigena","8":"first","9":"instock","10":"shipping-taxable","11":"purchasable","12":"product-type-simple"},"_links":{"self":[{"href":"https:\/\/educaredigital.online\/loja\/wp-json\/wp\/v2\/product\/8602","targetHints":{"allow":["GET"]}}],"collection":[{"href":"https:\/\/educaredigital.online\/loja\/wp-json\/wp\/v2\/product"}],"about":[{"href":"https:\/\/educaredigital.online\/loja\/wp-json\/wp\/v2\/types\/product"}],"replies":[{"embeddable":true,"href":"https:\/\/educaredigital.online\/loja\/wp-json\/wp\/v2\/comments?post=8602"}],"wp:featuredmedia":[{"embeddable":true,"href":"https:\/\/educaredigital.online\/loja\/wp-json\/wp\/v2\/media\/8601"}],"wp:attachment":[{"href":"https:\/\/educaredigital.online\/loja\/wp-json\/wp\/v2\/media?parent=8602"}],"wp:term":[{"taxonomy":"product_brand","embeddable":true,"href":"https:\/\/educaredigital.online\/loja\/wp-json\/wp\/v2\/product_brand?post=8602"},{"taxonomy":"product_cat","embeddable":true,"href":"https:\/\/educaredigital.online\/loja\/wp-json\/wp\/v2\/product_cat?post=8602"},{"taxonomy":"product_tag","embeddable":true,"href":"https:\/\/educaredigital.online\/loja\/wp-json\/wp\/v2\/product_tag?post=8602"}],"curies":[{"name":"wp","href":"https:\/\/api.w.org\/{rel}","templated":true}]}}