{"id":8562,"date":"2026-04-17T12:44:09","date_gmt":"2026-04-17T12:44:09","guid":{"rendered":"https:\/\/educaredigital.online\/loja\/produto\/tulu\/"},"modified":"2026-04-17T13:12:58","modified_gmt":"2026-04-17T13:12:58","slug":"tulu","status":"publish","type":"product","link":"https:\/\/educaredigital.online\/loja\/produto\/tulu\/","title":{"rendered":"Tulu"},"content":{"rendered":"<p data-path-to-node=\"0\"><b data-path-to-node=\"0\" data-index-in-node=\"0\">Tulu<\/b> \u00e9 um livro que narra as aventuras de um hipop\u00f3tamo muito pesado e desajeitado, explorando de forma divertida as dificuldades causadas pelo seu tamanho. A hist\u00f3ria utiliza situa\u00e7\u00f5es c\u00f4micas para mostrar como o personagem busca entender seu lugar no mundo.<\/p>\n<p data-path-to-node=\"1\">A narrativa foca no desenvolvimento da autoestima e na import\u00e2ncia de aceitar as pr\u00f3prias caracter\u00edsticas f\u00edsicas. \u00c9 uma obra voltada ao p\u00fablico infantil que promove a empatia e o respeito \u00e0s diferen\u00e7as individuais de maneira leve.<\/p>\n<div class=\"details-table-wrapper\">\n<table class=\"product-details-table\">\n<tbody>\n<tr>\n<td>Autor<\/td>\n<td>Donaldo Buchweitz<\/td>\n<\/tr>\n<tr>\n<td>ISBN<\/td>\n<td>9788538091875<\/td>\n<\/tr>\n<tr>\n<td>Editora<\/td>\n<td>Ciranda Cultural<\/td>\n<\/tr>\n<tr>\n<td>N\u00ba de p\u00e1ginas<\/td>\n<td>32<\/td>\n<\/tr>\n<\/tbody>\n<\/table>\n<\/div>\n","protected":false},"excerpt":{"rendered":"<p>Tulu \u00e9 um livro que narra as aventuras de um hipop\u00f3tamo muito pesado e desajeitado, explorando de forma divertida as dificuldades causadas pelo seu tamanho. A hist\u00f3ria utiliza situa\u00e7\u00f5es c\u00f4micas para mostrar como o personagem busca entender seu lugar no<\/p>\n","protected":false},"featured_media":8561,"comment_status":"open","ping_status":"closed","template":"","meta":[],"product_brand":[],"product_cat":[214],"product_tag":[],"class_list":{"0":"post-8562","1":"product","2":"type-product","3":"status-publish","6":"product_cat-afro-brasileira-e-indigena","8":"first","9":"instock","10":"shipping-taxable","11":"purchasable","12":"product-type-simple"},"_links":{"self":[{"href":"https:\/\/educaredigital.online\/loja\/wp-json\/wp\/v2\/product\/8562","targetHints":{"allow":["GET"]}}],"collection":[{"href":"https:\/\/educaredigital.online\/loja\/wp-json\/wp\/v2\/product"}],"about":[{"href":"https:\/\/educaredigital.online\/loja\/wp-json\/wp\/v2\/types\/product"}],"replies":[{"embeddable":true,"href":"https:\/\/educaredigital.online\/loja\/wp-json\/wp\/v2\/comments?post=8562"}],"wp:featuredmedia":[{"embeddable":true,"href":"https:\/\/educaredigital.online\/loja\/wp-json\/wp\/v2\/media\/8561"}],"wp:attachment":[{"href":"https:\/\/educaredigital.online\/loja\/wp-json\/wp\/v2\/media?parent=8562"}],"wp:term":[{"taxonomy":"product_brand","embeddable":true,"href":"https:\/\/educaredigital.online\/loja\/wp-json\/wp\/v2\/product_brand?post=8562"},{"taxonomy":"product_cat","embeddable":true,"href":"https:\/\/educaredigital.online\/loja\/wp-json\/wp\/v2\/product_cat?post=8562"},{"taxonomy":"product_tag","embeddable":true,"href":"https:\/\/educaredigital.online\/loja\/wp-json\/wp\/v2\/product_tag?post=8562"}],"curies":[{"name":"wp","href":"https:\/\/api.w.org\/{rel}","templated":true}]}}