{"id":8556,"date":"2026-04-17T12:44:02","date_gmt":"2026-04-17T12:44:02","guid":{"rendered":"https:\/\/educaredigital.online\/loja\/produto\/mandela\/"},"modified":"2026-04-17T13:04:08","modified_gmt":"2026-04-17T13:04:08","slug":"mandela","status":"publish","type":"product","link":"https:\/\/educaredigital.online\/loja\/produto\/mandela\/","title":{"rendered":"Mandela"},"content":{"rendered":"<p><strong>Mandela<\/strong>, da Ciranda Cultural, narra a trajet\u00f3ria de Nelson Mandela, de sua inf\u00e2ncia \u00e0 lideran\u00e7a contra o apartheid. A obra destaca sua resili\u00eancia na pris\u00e3o e sua elei\u00e7\u00e3o como presidente sul-africano.<\/p>\n<p>O livro enfatiza seu compromisso com a igualdade, a paz e a justi\u00e7a social. \u00c9 um relato acess\u00edvel que apresenta seu legado como s\u00edmbolo universal de liberdade e reconcilia\u00e7\u00e3o nacional.<\/p>\n<div class=\"details-table-wrapper\">\n<table class=\"product-details-table\">\n<tr>\n<td>Autor<\/td>\n<td>Adriana de Almeida Navarro<\/td>\n<\/tr>\n<tr>\n<td>ISBN<\/td>\n<td>9786526103241<\/td>\n<\/tr>\n<tr>\n<td>Editora<\/td>\n<td>Ciranda Cultural<\/td>\n<\/tr>\n<tr>\n<td>N\u00ba de p\u00e1ginas<\/td>\n<td>32<\/td>\n<\/tr>\n<\/table><\/div>\n","protected":false},"excerpt":{"rendered":"<p>Mandela, da Ciranda Cultural, narra a trajet\u00f3ria de Nelson Mandela, de sua inf\u00e2ncia \u00e0 lideran\u00e7a contra o apartheid. A obra destaca sua resili\u00eancia na pris\u00e3o e sua elei\u00e7\u00e3o como presidente sul-africano. O livro enfatiza seu compromisso com a igualdade, a<\/p>\n","protected":false},"featured_media":8555,"comment_status":"open","ping_status":"closed","template":"","meta":[],"product_brand":[],"product_cat":[214],"product_tag":[],"class_list":{"0":"post-8556","1":"product","2":"type-product","3":"status-publish","6":"product_cat-afro-brasileira-e-indigena","8":"first","9":"instock","10":"shipping-taxable","11":"purchasable","12":"product-type-simple"},"_links":{"self":[{"href":"https:\/\/educaredigital.online\/loja\/wp-json\/wp\/v2\/product\/8556","targetHints":{"allow":["GET"]}}],"collection":[{"href":"https:\/\/educaredigital.online\/loja\/wp-json\/wp\/v2\/product"}],"about":[{"href":"https:\/\/educaredigital.online\/loja\/wp-json\/wp\/v2\/types\/product"}],"replies":[{"embeddable":true,"href":"https:\/\/educaredigital.online\/loja\/wp-json\/wp\/v2\/comments?post=8556"}],"wp:featuredmedia":[{"embeddable":true,"href":"https:\/\/educaredigital.online\/loja\/wp-json\/wp\/v2\/media\/8555"}],"wp:attachment":[{"href":"https:\/\/educaredigital.online\/loja\/wp-json\/wp\/v2\/media?parent=8556"}],"wp:term":[{"taxonomy":"product_brand","embeddable":true,"href":"https:\/\/educaredigital.online\/loja\/wp-json\/wp\/v2\/product_brand?post=8556"},{"taxonomy":"product_cat","embeddable":true,"href":"https:\/\/educaredigital.online\/loja\/wp-json\/wp\/v2\/product_cat?post=8556"},{"taxonomy":"product_tag","embeddable":true,"href":"https:\/\/educaredigital.online\/loja\/wp-json\/wp\/v2\/product_tag?post=8556"}],"curies":[{"name":"wp","href":"https:\/\/api.w.org\/{rel}","templated":true}]}}