{"id":8490,"date":"2026-04-15T19:09:38","date_gmt":"2026-04-15T19:09:38","guid":{"rendered":"https:\/\/educaredigital.online\/loja\/?post_type=product&#038;p=8490"},"modified":"2026-04-24T20:05:29","modified_gmt":"2026-04-24T20:05:29","slug":"encaixe-tri","status":"publish","type":"product","link":"https:\/\/educaredigital.online\/loja\/produto\/encaixe-tri\/","title":{"rendered":"Encaixe Tri"},"content":{"rendered":"<p class=\"ds-markdown-paragraph\">\u00a0<strong>ENCAIXE TRI<\/strong>, \u00e9 um quebra-cabe\u00e7a tridimensional de madeira que transforma a brincadeira em uma atividade rica em est\u00edmulos. O jogo apresenta um tabuleiro com um lindo cen\u00e1rio da beira-mar, que deve ser montado em camadas. A crian\u00e7a precisa encaixar as 13 pe\u00e7as grandes e coloridas umas sobre as outras, seguindo a ordem correta para dar relevo a uma incr\u00edvel paisagem que &#8220;salta&#8221; do quadro.<\/p>\n<p class=\"ds-markdown-paragraph\">Com pe\u00e7as elaboradas especialmente para as pequenas m\u00e3ozinhas, o jogo trabalha diversas habilidades essenciais para o desenvolvimento infantil, como a coordena\u00e7\u00e3o motora fina, o racioc\u00ednio l\u00f3gico, a concentra\u00e7\u00e3o, a paci\u00eancia e a percep\u00e7\u00e3o de formas, cores e espa\u00e7o.<\/p>\n<div class=\"details-table-wrapper\">\n<table class=\"product-details-table\">\n<tbody>\n<tr>\n<td>Marca<\/td>\n<td>BrinqMutti<\/td>\n<\/tr>\n<tr>\n<td>Material<\/td>\n<td>\u00a0Madeira<\/td>\n<\/tr>\n<tr>\n<td>Faixa Et\u00e1ria<\/td>\n<td>A partir de 3 Anos<\/td>\n<\/tr>\n<\/tbody>\n<\/table>\n<\/div>\n","protected":false},"excerpt":{"rendered":"<p>\u00a0ENCAIXE TRI, \u00e9 um quebra-cabe\u00e7a tridimensional de madeira que transforma a brincadeira em uma atividade rica em est\u00edmulos. O jogo apresenta um tabuleiro com um lindo cen\u00e1rio da beira-mar, que deve ser montado em camadas. A crian\u00e7a precisa encaixar as<\/p>\n","protected":false},"featured_media":8491,"comment_status":"open","ping_status":"closed","template":"","meta":[],"product_brand":[229],"product_cat":[38,211],"product_tag":[],"class_list":{"0":"post-8490","1":"product","2":"type-product","3":"status-publish","6":"product_brand-brinqmutti","7":"product_cat-psicomotricidade","8":"product_cat-psicomotricidade-jogos-e-brinquedos","10":"first","11":"instock","12":"shipping-taxable","13":"purchasable","14":"product-type-simple"},"_links":{"self":[{"href":"https:\/\/educaredigital.online\/loja\/wp-json\/wp\/v2\/product\/8490","targetHints":{"allow":["GET"]}}],"collection":[{"href":"https:\/\/educaredigital.online\/loja\/wp-json\/wp\/v2\/product"}],"about":[{"href":"https:\/\/educaredigital.online\/loja\/wp-json\/wp\/v2\/types\/product"}],"replies":[{"embeddable":true,"href":"https:\/\/educaredigital.online\/loja\/wp-json\/wp\/v2\/comments?post=8490"}],"wp:featuredmedia":[{"embeddable":true,"href":"https:\/\/educaredigital.online\/loja\/wp-json\/wp\/v2\/media\/8491"}],"wp:attachment":[{"href":"https:\/\/educaredigital.online\/loja\/wp-json\/wp\/v2\/media?parent=8490"}],"wp:term":[{"taxonomy":"product_brand","embeddable":true,"href":"https:\/\/educaredigital.online\/loja\/wp-json\/wp\/v2\/product_brand?post=8490"},{"taxonomy":"product_cat","embeddable":true,"href":"https:\/\/educaredigital.online\/loja\/wp-json\/wp\/v2\/product_cat?post=8490"},{"taxonomy":"product_tag","embeddable":true,"href":"https:\/\/educaredigital.online\/loja\/wp-json\/wp\/v2\/product_tag?post=8490"}],"curies":[{"name":"wp","href":"https:\/\/api.w.org\/{rel}","templated":true}]}}