{"id":8473,"date":"2026-04-15T18:56:05","date_gmt":"2026-04-15T18:56:05","guid":{"rendered":"https:\/\/educaredigital.online\/loja\/produto\/quebra-cabeca-numeros-e-quantidades\/"},"modified":"2026-04-24T20:26:49","modified_gmt":"2026-04-24T20:26:49","slug":"quebra-cabeca-numeros-e-quantidades","status":"publish","type":"product","link":"https:\/\/educaredigital.online\/loja\/produto\/quebra-cabeca-numeros-e-quantidades\/","title":{"rendered":"Quebra- Cabe\u00e7a &#8211; N\u00fameros e Quantidades"},"content":{"rendered":"<p class=\"ds-markdown-paragraph\"><strong>Quebra-Cabe\u00e7a N\u00fameros e Quantidades<\/strong> \u00e9 um jogo de madeira que torna o aprendizado dos primeiros conceitos matem\u00e1ticos uma atividade l\u00fadica e interativa. O conjunto \u00e9 composto por 10 quebra-cabe\u00e7as individuais, cada um com 5 pe\u00e7as, que formam uma sequ\u00eancia completa: o numeral em algarismo, sua representa\u00e7\u00e3o por extenso (em portugu\u00eas e ingl\u00eas) e a quantidade correspondente em elementos ilustrados.<\/p>\n<p class=\"ds-markdown-paragraph\">O principal desafio \u00e9 encaixar cada pe\u00e7a no lugar correto, associando o s\u00edmbolo do n\u00famero \u00e0 sua grafia e \u00e0 contagem. Al\u00e9m de desenvolver o racioc\u00ednio l\u00f3gico, a coordena\u00e7\u00e3o motora fina e a percep\u00e7\u00e3o visual, o brinquedo trabalha no\u00e7\u00f5es importantes como posi\u00e7\u00e3o, ordem, classe e tamanho.<\/p>\n<div class=\"details-table-wrapper\">\n<table class=\"product-details-table\">\n<tbody>\n<tr>\n<td>Marca<\/td>\n<td>BrinqMutti<\/td>\n<\/tr>\n<tr>\n<td>Material<\/td>\n<td>\u00a0MDF<\/td>\n<\/tr>\n<tr>\n<td>Faixa Et\u00e1ria<\/td>\n<td>A partir de 3 Anos<\/td>\n<\/tr>\n<\/tbody>\n<\/table>\n<\/div>\n","protected":false},"excerpt":{"rendered":"<p>Quebra-Cabe\u00e7a N\u00fameros e Quantidades \u00e9 um jogo de madeira que torna o aprendizado dos primeiros conceitos matem\u00e1ticos uma atividade l\u00fadica e interativa. O conjunto \u00e9 composto por 10 quebra-cabe\u00e7as individuais, cada um com 5 pe\u00e7as, que formam uma sequ\u00eancia completa:<\/p>\n","protected":false},"featured_media":8472,"comment_status":"open","ping_status":"closed","template":"","meta":[],"product_brand":[229],"product_cat":[210],"product_tag":[],"class_list":{"0":"post-8473","1":"product","2":"type-product","3":"status-publish","6":"product_brand-brinqmutti","7":"product_cat-matematica-jogos-e-brinquedos","9":"first","10":"instock","11":"shipping-taxable","12":"purchasable","13":"product-type-simple"},"_links":{"self":[{"href":"https:\/\/educaredigital.online\/loja\/wp-json\/wp\/v2\/product\/8473","targetHints":{"allow":["GET"]}}],"collection":[{"href":"https:\/\/educaredigital.online\/loja\/wp-json\/wp\/v2\/product"}],"about":[{"href":"https:\/\/educaredigital.online\/loja\/wp-json\/wp\/v2\/types\/product"}],"replies":[{"embeddable":true,"href":"https:\/\/educaredigital.online\/loja\/wp-json\/wp\/v2\/comments?post=8473"}],"wp:featuredmedia":[{"embeddable":true,"href":"https:\/\/educaredigital.online\/loja\/wp-json\/wp\/v2\/media\/8472"}],"wp:attachment":[{"href":"https:\/\/educaredigital.online\/loja\/wp-json\/wp\/v2\/media?parent=8473"}],"wp:term":[{"taxonomy":"product_brand","embeddable":true,"href":"https:\/\/educaredigital.online\/loja\/wp-json\/wp\/v2\/product_brand?post=8473"},{"taxonomy":"product_cat","embeddable":true,"href":"https:\/\/educaredigital.online\/loja\/wp-json\/wp\/v2\/product_cat?post=8473"},{"taxonomy":"product_tag","embeddable":true,"href":"https:\/\/educaredigital.online\/loja\/wp-json\/wp\/v2\/product_tag?post=8473"}],"curies":[{"name":"wp","href":"https:\/\/api.w.org\/{rel}","templated":true}]}}