{"id":8467,"date":"2026-04-15T18:56:02","date_gmt":"2026-04-15T18:56:02","guid":{"rendered":"https:\/\/educaredigital.online\/loja\/produto\/mutti-confeiteiro\/"},"modified":"2026-04-24T20:27:35","modified_gmt":"2026-04-24T20:27:35","slug":"mutti-confeiteiro","status":"publish","type":"product","link":"https:\/\/educaredigital.online\/loja\/produto\/mutti-confeiteiro\/","title":{"rendered":"Mutti Confeiteiro"},"content":{"rendered":"<p class=\"ds-markdown-paragraph\"><strong>Mutti Confeiteiro<\/strong>, \u00e9 um convite ao mundo do faz de conta na cozinha. Feito em madeira, o conjunto inclui uma bandeja para assar e servir biscoitos, al\u00e9m de 3 massinhas e 12 bolachinhas para as crian\u00e7as modelarem e prepararem suas pr\u00f3prias receitas.<\/p>\n<p class=\"ds-markdown-paragraph\">Este brinquedo educativo ajuda a estimular a criatividade, a imagina\u00e7\u00e3o e a coordena\u00e7\u00e3o motora fina de forma l\u00fadica. Ao manipular as pe\u00e7as e criar suas hist\u00f3rias, a crian\u00e7a tamb\u00e9m exercita o racioc\u00ednio l\u00f3gico, a concentra\u00e7\u00e3o e a intera\u00e7\u00e3o social, promovendo o aprendizado enquanto se diverte.<\/p>\n<div class=\"details-table-wrapper\">\n<table class=\"product-details-table\">\n<tbody>\n<tr>\n<td>Marca<\/td>\n<td>BrinqMutti<\/td>\n<\/tr>\n<tr>\n<td>Material<\/td>\n<td>\u00a0MDF<\/td>\n<\/tr>\n<tr>\n<td>Faixa Et\u00e1ria<\/td>\n<td>A partir de 3 Anos<\/td>\n<\/tr>\n<\/tbody>\n<\/table>\n<\/div>\n","protected":false},"excerpt":{"rendered":"<p>Mutti Confeiteiro, \u00e9 um convite ao mundo do faz de conta na cozinha. Feito em madeira, o conjunto inclui uma bandeja para assar e servir biscoitos, al\u00e9m de 3 massinhas e 12 bolachinhas para as crian\u00e7as modelarem e prepararem suas<\/p>\n","protected":false},"featured_media":8466,"comment_status":"open","ping_status":"closed","template":"","meta":[],"product_brand":[229],"product_cat":[211],"product_tag":[],"class_list":{"0":"post-8467","1":"product","2":"type-product","3":"status-publish","6":"product_brand-brinqmutti","7":"product_cat-psicomotricidade-jogos-e-brinquedos","9":"first","10":"instock","11":"shipping-taxable","12":"purchasable","13":"product-type-simple"},"_links":{"self":[{"href":"https:\/\/educaredigital.online\/loja\/wp-json\/wp\/v2\/product\/8467","targetHints":{"allow":["GET"]}}],"collection":[{"href":"https:\/\/educaredigital.online\/loja\/wp-json\/wp\/v2\/product"}],"about":[{"href":"https:\/\/educaredigital.online\/loja\/wp-json\/wp\/v2\/types\/product"}],"replies":[{"embeddable":true,"href":"https:\/\/educaredigital.online\/loja\/wp-json\/wp\/v2\/comments?post=8467"}],"wp:featuredmedia":[{"embeddable":true,"href":"https:\/\/educaredigital.online\/loja\/wp-json\/wp\/v2\/media\/8466"}],"wp:attachment":[{"href":"https:\/\/educaredigital.online\/loja\/wp-json\/wp\/v2\/media?parent=8467"}],"wp:term":[{"taxonomy":"product_brand","embeddable":true,"href":"https:\/\/educaredigital.online\/loja\/wp-json\/wp\/v2\/product_brand?post=8467"},{"taxonomy":"product_cat","embeddable":true,"href":"https:\/\/educaredigital.online\/loja\/wp-json\/wp\/v2\/product_cat?post=8467"},{"taxonomy":"product_tag","embeddable":true,"href":"https:\/\/educaredigital.online\/loja\/wp-json\/wp\/v2\/product_tag?post=8467"}],"curies":[{"name":"wp","href":"https:\/\/api.w.org\/{rel}","templated":true}]}}