{"id":8453,"date":"2026-04-15T18:55:53","date_gmt":"2026-04-15T18:55:53","guid":{"rendered":"https:\/\/educaredigital.online\/loja\/produto\/colecao-alfabetizar-leao\/"},"modified":"2026-04-24T20:29:44","modified_gmt":"2026-04-24T20:29:44","slug":"colecao-alfabetizar-leao","status":"publish","type":"product","link":"https:\/\/educaredigital.online\/loja\/produto\/colecao-alfabetizar-leao\/","title":{"rendered":"Cole\u00e7\u00e3o Alfabetizar &#8211; LE\u00c3O"},"content":{"rendered":"<p class=\"ds-markdown-paragraph\"><strong>Cole\u00e7\u00e3o Alfabetizar &#8211; Le\u00e3o<\/strong> \u00e9 um quebra-cabe\u00e7a de madeira que une o aprendizado do alfabeto \u00e0 divers\u00e3o de montar uma figura. Composto por 27 pe\u00e7as coloridas, cada uma representando uma letra do alfabeto, o desafio da crian\u00e7a \u00e9 encaixar as pe\u00e7as na ordem correta para formar a imagem de um le\u00e3o ao final da brincadeira . As pe\u00e7as s\u00e3o grandes e resistentes, especialmente desenvolvidas para serem manuseadas por m\u00e3os pequenas, garantindo seguran\u00e7a e autonomia durante a atividade .<\/p>\n<p class=\"ds-markdown-paragraph\">Excelente ferramenta pedag\u00f3gica para os primeiros passos na alfabetiza\u00e7\u00e3o . Ao organizar as letras em sequ\u00eancia, a crian\u00e7a trabalha a memoriza\u00e7\u00e3o do alfabeto, a concentra\u00e7\u00e3o, a coordena\u00e7\u00e3o motora fina e a percep\u00e7\u00e3o visual . Al\u00e9m disso, as cores vibrantes e o tema do le\u00e3o estimulam a imagina\u00e7\u00e3o e tornam o processo de aprendizagem mais envolvente, podendo ser utilizado tanto em casa quanto em escolas como apoio did\u00e1tico .<\/p>\n<div class=\"details-table-wrapper\">\n<table class=\"product-details-table\">\n<tbody>\n<tr>\n<td>Marca<\/td>\n<td>BrinqMutti<\/td>\n<\/tr>\n<tr>\n<td>Material<\/td>\n<td>\u00a0MDF<\/td>\n<\/tr>\n<tr>\n<td>Faixa Et\u00e1ria<\/td>\n<td>A partir de 3 Anos<\/td>\n<\/tr>\n<\/tbody>\n<\/table>\n<\/div>\n","protected":false},"excerpt":{"rendered":"<p>Cole\u00e7\u00e3o Alfabetizar &#8211; Le\u00e3o \u00e9 um quebra-cabe\u00e7a de madeira que une o aprendizado do alfabeto \u00e0 divers\u00e3o de montar uma figura. Composto por 27 pe\u00e7as coloridas, cada uma representando uma letra do alfabeto, o desafio da crian\u00e7a \u00e9 encaixar as<\/p>\n","protected":false},"featured_media":8452,"comment_status":"open","ping_status":"closed","template":"","meta":[],"product_brand":[229],"product_cat":[209],"product_tag":[],"class_list":{"0":"post-8453","1":"product","2":"type-product","3":"status-publish","6":"product_brand-brinqmutti","7":"product_cat-letramento-jogos-e-brinquedos","9":"first","10":"instock","11":"shipping-taxable","12":"purchasable","13":"product-type-simple"},"_links":{"self":[{"href":"https:\/\/educaredigital.online\/loja\/wp-json\/wp\/v2\/product\/8453","targetHints":{"allow":["GET"]}}],"collection":[{"href":"https:\/\/educaredigital.online\/loja\/wp-json\/wp\/v2\/product"}],"about":[{"href":"https:\/\/educaredigital.online\/loja\/wp-json\/wp\/v2\/types\/product"}],"replies":[{"embeddable":true,"href":"https:\/\/educaredigital.online\/loja\/wp-json\/wp\/v2\/comments?post=8453"}],"wp:featuredmedia":[{"embeddable":true,"href":"https:\/\/educaredigital.online\/loja\/wp-json\/wp\/v2\/media\/8452"}],"wp:attachment":[{"href":"https:\/\/educaredigital.online\/loja\/wp-json\/wp\/v2\/media?parent=8453"}],"wp:term":[{"taxonomy":"product_brand","embeddable":true,"href":"https:\/\/educaredigital.online\/loja\/wp-json\/wp\/v2\/product_brand?post=8453"},{"taxonomy":"product_cat","embeddable":true,"href":"https:\/\/educaredigital.online\/loja\/wp-json\/wp\/v2\/product_cat?post=8453"},{"taxonomy":"product_tag","embeddable":true,"href":"https:\/\/educaredigital.online\/loja\/wp-json\/wp\/v2\/product_tag?post=8453"}],"curies":[{"name":"wp","href":"https:\/\/api.w.org\/{rel}","templated":true}]}}