{"id":8183,"date":"2026-04-14T19:00:12","date_gmt":"2026-04-14T19:00:12","guid":{"rendered":"https:\/\/educaredigital.online\/loja\/?post_type=product&#038;p=8183"},"modified":"2026-04-24T20:35:16","modified_gmt":"2026-04-24T20:35:16","slug":"conjunto-criativo-barras-coloridas-500-pecas","status":"publish","type":"product","link":"https:\/\/educaredigital.online\/loja\/produto\/conjunto-criativo-barras-coloridas-500-pecas\/","title":{"rendered":"Conjunto Criativo Barras Coloridas 500 Pe\u00e7as"},"content":{"rendered":"<p class=\"ds-markdown-paragraph\">O\u00a0<strong>Conjunto Criativo Barras Coloridas 500 Pe\u00e7as<\/strong>\u00a0 \u00e9 um material de encaixe composto por 500 pe\u00e7as de pl\u00e1stico em formato de barras de diferentes tamanhos e cores vivas. Acondicionado em uma pr\u00e1tica sacola pl\u00e1stica, o kit permite que a crian\u00e7a monte, conecte e crie in\u00fameras formas e estruturas, indo desde constru\u00e7\u00f5es simples at\u00e9 projetos mais complexos.<\/p>\n<p class=\"ds-markdown-paragraph\">O brinquedo \u00e9 uma ferramenta educativa que vai al\u00e9m da divers\u00e3o, estimulando ativamente a criatividade, a coordena\u00e7\u00e3o motora, o racioc\u00ednio l\u00f3gico e a no\u00e7\u00e3o espacial. Produzido em pl\u00e1stico resistente e seguro, seguindo as normas do INMETRO, o conjunto promove uma experi\u00eancia de aprendizado interativa onde a crian\u00e7a explora encaixes e desenvolve habilidades matem\u00e1ticas de forma l\u00fadica.<\/p>\n<div class=\"details-table-wrapper\">\n<table class=\"product-details-table\">\n<tbody>\n<tr>\n<td>Marca<\/td>\n<td>Brink Mobil<\/td>\n<\/tr>\n<tr>\n<td>Material<\/td>\n<td>\u00a0Pl\u00e1stico<\/td>\n<\/tr>\n<tr>\n<td>Faixa Et\u00e1ria<\/td>\n<td>A partir de 3 Anos<\/td>\n<\/tr>\n<\/tbody>\n<\/table>\n<\/div>\n","protected":false},"excerpt":{"rendered":"<p>O\u00a0Conjunto Criativo Barras Coloridas 500 Pe\u00e7as\u00a0 \u00e9 um material de encaixe composto por 500 pe\u00e7as de pl\u00e1stico em formato de barras de diferentes tamanhos e cores vivas. Acondicionado em uma pr\u00e1tica sacola pl\u00e1stica, o kit permite que a crian\u00e7a monte,<\/p>\n","protected":false},"featured_media":8186,"comment_status":"open","ping_status":"closed","template":"","meta":[],"product_brand":[232],"product_cat":[208,38,211],"product_tag":[],"class_list":{"0":"post-8183","1":"product","2":"type-product","3":"status-publish","6":"product_brand-brink-mobil","7":"product_cat-jogos-brinquedos-pedagogicos","8":"product_cat-psicomotricidade","9":"product_cat-psicomotricidade-jogos-e-brinquedos","11":"first","12":"instock","13":"shipping-taxable","14":"purchasable","15":"product-type-simple"},"_links":{"self":[{"href":"https:\/\/educaredigital.online\/loja\/wp-json\/wp\/v2\/product\/8183","targetHints":{"allow":["GET"]}}],"collection":[{"href":"https:\/\/educaredigital.online\/loja\/wp-json\/wp\/v2\/product"}],"about":[{"href":"https:\/\/educaredigital.online\/loja\/wp-json\/wp\/v2\/types\/product"}],"replies":[{"embeddable":true,"href":"https:\/\/educaredigital.online\/loja\/wp-json\/wp\/v2\/comments?post=8183"}],"wp:featuredmedia":[{"embeddable":true,"href":"https:\/\/educaredigital.online\/loja\/wp-json\/wp\/v2\/media\/8186"}],"wp:attachment":[{"href":"https:\/\/educaredigital.online\/loja\/wp-json\/wp\/v2\/media?parent=8183"}],"wp:term":[{"taxonomy":"product_brand","embeddable":true,"href":"https:\/\/educaredigital.online\/loja\/wp-json\/wp\/v2\/product_brand?post=8183"},{"taxonomy":"product_cat","embeddable":true,"href":"https:\/\/educaredigital.online\/loja\/wp-json\/wp\/v2\/product_cat?post=8183"},{"taxonomy":"product_tag","embeddable":true,"href":"https:\/\/educaredigital.online\/loja\/wp-json\/wp\/v2\/product_tag?post=8183"}],"curies":[{"name":"wp","href":"https:\/\/api.w.org\/{rel}","templated":true}]}}