{"id":8147,"date":"2026-04-14T18:28:44","date_gmt":"2026-04-14T18:28:44","guid":{"rendered":"https:\/\/educaredigital.online\/loja\/?post_type=product&#038;p=8147"},"modified":"2026-04-20T18:00:30","modified_gmt":"2026-04-20T18:00:30","slug":"mapa-historico-brasil-colonial","status":"publish","type":"product","link":"https:\/\/educaredigital.online\/loja\/produto\/mapa-historico-brasil-colonial\/","title":{"rendered":"Mapa Hist\u00f3rico &#8211; Brasil Colonial"},"content":{"rendered":"<p data-start=\"0\" data-end=\"343\">O <strong data-start=\"2\" data-end=\"21\">Brasil Colonial<\/strong> foi o per\u00edodo em que o <span class=\"hover:entity-accent entity-underline inline cursor-pointer align-baseline\"><span class=\"whitespace-normal\">Brasil<\/span><\/span> esteve sob dom\u00ednio de <span class=\"hover:entity-accent entity-underline inline cursor-pointer align-baseline\"><span class=\"whitespace-normal\">Portugal<\/span><\/span>, entre os s\u00e9culos XVI e in\u00edcio do XIX. Nessa fase, a coloniza\u00e7\u00e3o come\u00e7ou pelo litoral, com a cria\u00e7\u00e3o das capitanias heredit\u00e1rias e o desenvolvimento de atividades econ\u00f4micas como a produ\u00e7\u00e3o de a\u00e7\u00facar.<\/p>\n<p data-start=\"345\" data-end=\"585\" data-is-last-node=\"\" data-is-only-node=\"\">Ao longo do tempo, o territ\u00f3rio foi sendo explorado e expandido, com destaque para o uso da m\u00e3o de obra escravizada e a descoberta de ouro no interior. Esse per\u00edodo foi fundamental para a forma\u00e7\u00e3o hist\u00f3rica, econ\u00f4mica e territorial do pa\u00eds.<\/p>\n","protected":false},"excerpt":{"rendered":"<p>Adicione ao seu pedido e personalize ainda mais: solicite tamb\u00e9m nossos <span class=\"notion-enable-hover\" data-token-index=\"1\">mapas cient\u00edficos<\/span> e escolha o modelo ideal para o seu objetivo!<!-- notionvc: 9b2d1c9d-24ec-4c98-83ea-02ccf6ce02d8 --><\/p>\n","protected":false},"featured_media":8150,"comment_status":"open","ping_status":"closed","template":"","meta":[],"product_brand":[],"product_cat":[218],"product_tag":[],"class_list":{"0":"post-8147","1":"product","2":"type-product","3":"status-publish","6":"product_cat-banners-e-mapas","8":"first","9":"instock","10":"shipping-taxable","11":"purchasable","12":"product-type-simple"},"_links":{"self":[{"href":"https:\/\/educaredigital.online\/loja\/wp-json\/wp\/v2\/product\/8147","targetHints":{"allow":["GET"]}}],"collection":[{"href":"https:\/\/educaredigital.online\/loja\/wp-json\/wp\/v2\/product"}],"about":[{"href":"https:\/\/educaredigital.online\/loja\/wp-json\/wp\/v2\/types\/product"}],"replies":[{"embeddable":true,"href":"https:\/\/educaredigital.online\/loja\/wp-json\/wp\/v2\/comments?post=8147"}],"wp:featuredmedia":[{"embeddable":true,"href":"https:\/\/educaredigital.online\/loja\/wp-json\/wp\/v2\/media\/8150"}],"wp:attachment":[{"href":"https:\/\/educaredigital.online\/loja\/wp-json\/wp\/v2\/media?parent=8147"}],"wp:term":[{"taxonomy":"product_brand","embeddable":true,"href":"https:\/\/educaredigital.online\/loja\/wp-json\/wp\/v2\/product_brand?post=8147"},{"taxonomy":"product_cat","embeddable":true,"href":"https:\/\/educaredigital.online\/loja\/wp-json\/wp\/v2\/product_cat?post=8147"},{"taxonomy":"product_tag","embeddable":true,"href":"https:\/\/educaredigital.online\/loja\/wp-json\/wp\/v2\/product_tag?post=8147"}],"curies":[{"name":"wp","href":"https:\/\/api.w.org\/{rel}","templated":true}]}}