{"id":8139,"date":"2026-04-14T18:18:07","date_gmt":"2026-04-14T18:18:07","guid":{"rendered":"https:\/\/educaredigital.online\/loja\/?post_type=product&#038;p=8139"},"modified":"2026-04-24T20:38:00","modified_gmt":"2026-04-24T20:38:00","slug":"memoria-divisao-silabica-40-pecas","status":"publish","type":"product","link":"https:\/\/educaredigital.online\/loja\/produto\/memoria-divisao-silabica-40-pecas\/","title":{"rendered":"Mem\u00f3ria Divis\u00e3o Sil\u00e1bica &#8211; 40 Pe\u00e7as"},"content":{"rendered":"<p class=\"ds-markdown-paragraph\">O\u00a0<strong>Jogo da Mem\u00f3ria Divis\u00e3o Sil\u00e1bica<\/strong>\u00a0\u00e9 um brinquedo pedag\u00f3gico focado em alfabetizar e desenvolver a consci\u00eancia fonol\u00f3gica das crian\u00e7as. Com 40 pe\u00e7as de madeira (MDF) de alta qualidade, o jogo desafia os pequenos a encontrar os pares entre figuras e suas respectivas palavras ou s\u00edlabas, ensinando a separar e reconhecer as s\u00edlabas de forma divertida.<\/p>\n<p class=\"ds-markdown-paragraph\">Ao brincar, o jogo trabalha a percep\u00e7\u00e3o visual, a fixa\u00e7\u00e3o do conte\u00fado e o racioc\u00ednio l\u00f3gico, tornando o aprendizado da leitura e da escrita um processo muito mais l\u00fadico e natural.<\/p>\n<div class=\"details-table-wrapper\">\n<table class=\"product-details-table\">\n<tbody>\n<tr>\n<td>Marca<\/td>\n<td>Brink Mobil<\/td>\n<\/tr>\n<tr>\n<td>Material<\/td>\n<td>\u00a0MDF<\/td>\n<\/tr>\n<tr>\n<td>Faixa Et\u00e1ria<\/td>\n<td>A partir de 3 Anos<\/td>\n<\/tr>\n<\/tbody>\n<\/table>\n<\/div>\n","protected":false},"excerpt":{"rendered":"<p>O\u00a0Jogo da Mem\u00f3ria Divis\u00e3o Sil\u00e1bica\u00a0\u00e9 um brinquedo pedag\u00f3gico focado em alfabetizar e desenvolver a consci\u00eancia fonol\u00f3gica das crian\u00e7as. Com 40 pe\u00e7as de madeira (MDF) de alta qualidade, o jogo desafia os pequenos a encontrar os pares entre figuras e suas<\/p>\n","protected":false},"featured_media":8140,"comment_status":"open","ping_status":"closed","template":"","meta":[],"product_brand":[232],"product_cat":[209,36],"product_tag":[],"class_list":{"0":"post-8139","1":"product","2":"type-product","3":"status-publish","6":"product_brand-brink-mobil","7":"product_cat-letramento-jogos-e-brinquedos","8":"product_cat-letramento","10":"first","11":"instock","12":"shipping-taxable","13":"purchasable","14":"product-type-simple"},"_links":{"self":[{"href":"https:\/\/educaredigital.online\/loja\/wp-json\/wp\/v2\/product\/8139","targetHints":{"allow":["GET"]}}],"collection":[{"href":"https:\/\/educaredigital.online\/loja\/wp-json\/wp\/v2\/product"}],"about":[{"href":"https:\/\/educaredigital.online\/loja\/wp-json\/wp\/v2\/types\/product"}],"replies":[{"embeddable":true,"href":"https:\/\/educaredigital.online\/loja\/wp-json\/wp\/v2\/comments?post=8139"}],"wp:featuredmedia":[{"embeddable":true,"href":"https:\/\/educaredigital.online\/loja\/wp-json\/wp\/v2\/media\/8140"}],"wp:attachment":[{"href":"https:\/\/educaredigital.online\/loja\/wp-json\/wp\/v2\/media?parent=8139"}],"wp:term":[{"taxonomy":"product_brand","embeddable":true,"href":"https:\/\/educaredigital.online\/loja\/wp-json\/wp\/v2\/product_brand?post=8139"},{"taxonomy":"product_cat","embeddable":true,"href":"https:\/\/educaredigital.online\/loja\/wp-json\/wp\/v2\/product_cat?post=8139"},{"taxonomy":"product_tag","embeddable":true,"href":"https:\/\/educaredigital.online\/loja\/wp-json\/wp\/v2\/product_tag?post=8139"}],"curies":[{"name":"wp","href":"https:\/\/api.w.org\/{rel}","templated":true}]}}