{"id":7981,"date":"2026-04-10T18:29:36","date_gmt":"2026-04-10T18:29:36","guid":{"rendered":"https:\/\/educaredigital.online\/loja\/?post_type=product&#038;p=7981"},"modified":"2026-04-24T20:38:23","modified_gmt":"2026-04-24T20:38:23","slug":"abaco-de-seriacao-em-madeira-e-plastico-45-pecas","status":"publish","type":"product","link":"https:\/\/educaredigital.online\/loja\/produto\/abaco-de-seriacao-em-madeira-e-plastico-45-pecas\/","title":{"rendered":"\u00c1baco De Seria\u00e7\u00e3o Em Madeira  e Pl\u00e1stico &#8211; 45 Pe\u00e7as"},"content":{"rendered":"<p class=\"ds-markdown-paragraph\">O\u00a0<strong>\u00c1baco de Seria\u00e7\u00e3o em Madeira e Pl\u00e1stico &#8211; 45 Pe\u00e7as<\/strong>\u00a0\u00e9 um cl\u00e1ssico brinquedo educativo que une a beleza e a durabilidade da madeira \u00e0 praticidade do pl\u00e1stico. O conjunto \u00e9 composto por uma base robusta de madeira maci\u00e7a com nove hastes, cada uma representando um numeral de 1 a 9, e 45 argolas coloridas de pl\u00e1stico at\u00f3xico e alto brilho, com 35mm de di\u00e2metro.<\/p>\n<p class=\"ds-markdown-paragraph\">Com ele, a crian\u00e7a \u00e9 desafiada a encaixar a quantidade correta de argolas em cada haste, associando o numeral \u00e0 quantidade representada. Este processo desenvolve o racioc\u00ednio l\u00f3gico, a coordena\u00e7\u00e3o motora fina, a percep\u00e7\u00e3o de quantidades e a compreens\u00e3o da sequ\u00eancia num\u00e9rica, sendo ideal para introduzir conceitos matem\u00e1ticos de forma l\u00fadica e concreta.<\/p>\n<div class=\"details-table-wrapper\">\n<table class=\"product-details-table\">\n<tbody>\n<tr>\n<td>Marca<\/td>\n<td>Brink Mobil<\/td>\n<\/tr>\n<tr>\n<td>Material<\/td>\n<td>\u00a0Madeira<\/td>\n<\/tr>\n<tr>\n<td>Faixa Et\u00e1ria<\/td>\n<td>A partir de 5 Anos<\/td>\n<\/tr>\n<\/tbody>\n<\/table>\n<\/div>\n","protected":false},"excerpt":{"rendered":"<p>O\u00a0\u00c1baco de Seria\u00e7\u00e3o em Madeira e Pl\u00e1stico &#8211; 45 Pe\u00e7as\u00a0\u00e9 um cl\u00e1ssico brinquedo educativo que une a beleza e a durabilidade da madeira \u00e0 praticidade do pl\u00e1stico. O conjunto \u00e9 composto por uma base robusta de madeira maci\u00e7a com nove<\/p>\n","protected":false},"featured_media":7982,"comment_status":"open","ping_status":"closed","template":"","meta":[],"product_brand":[232],"product_cat":[210],"product_tag":[],"class_list":{"0":"post-7981","1":"product","2":"type-product","3":"status-publish","6":"product_brand-brink-mobil","7":"product_cat-matematica-jogos-e-brinquedos","9":"first","10":"instock","11":"shipping-taxable","12":"purchasable","13":"product-type-simple"},"_links":{"self":[{"href":"https:\/\/educaredigital.online\/loja\/wp-json\/wp\/v2\/product\/7981","targetHints":{"allow":["GET"]}}],"collection":[{"href":"https:\/\/educaredigital.online\/loja\/wp-json\/wp\/v2\/product"}],"about":[{"href":"https:\/\/educaredigital.online\/loja\/wp-json\/wp\/v2\/types\/product"}],"replies":[{"embeddable":true,"href":"https:\/\/educaredigital.online\/loja\/wp-json\/wp\/v2\/comments?post=7981"}],"wp:featuredmedia":[{"embeddable":true,"href":"https:\/\/educaredigital.online\/loja\/wp-json\/wp\/v2\/media\/7982"}],"wp:attachment":[{"href":"https:\/\/educaredigital.online\/loja\/wp-json\/wp\/v2\/media?parent=7981"}],"wp:term":[{"taxonomy":"product_brand","embeddable":true,"href":"https:\/\/educaredigital.online\/loja\/wp-json\/wp\/v2\/product_brand?post=7981"},{"taxonomy":"product_cat","embeddable":true,"href":"https:\/\/educaredigital.online\/loja\/wp-json\/wp\/v2\/product_cat?post=7981"},{"taxonomy":"product_tag","embeddable":true,"href":"https:\/\/educaredigital.online\/loja\/wp-json\/wp\/v2\/product_tag?post=7981"}],"curies":[{"name":"wp","href":"https:\/\/api.w.org\/{rel}","templated":true}]}}