{"id":7980,"date":"2026-04-10T18:20:28","date_gmt":"2026-04-10T18:20:28","guid":{"rendered":"https:\/\/educaredigital.online\/loja\/?post_type=product&#038;p=7980"},"modified":"2026-04-24T20:38:29","modified_gmt":"2026-04-24T20:38:29","slug":"sequecia-logica-atividades-em-mdf-16-pecas","status":"publish","type":"product","link":"https:\/\/educaredigital.online\/loja\/produto\/sequecia-logica-atividades-em-mdf-16-pecas\/","title":{"rendered":"Sequ\u00eacia L\u00f3gica &#8211; Atividades em MDF-16 Pe\u00e7as"},"content":{"rendered":"<p class=\"ds-markdown-paragraph\">O jogo educativo\u00a0<strong>Sequ\u00eancia L\u00f3gica &#8211; Atividades<\/strong>\u00a0\u00e9 uma ferramenta l\u00fadica confeccionada em MDF, composta por 16 pe\u00e7as de 7&#215;7 cm com ilustra\u00e7\u00f5es coloridas e impressas com tinta at\u00f3xica. O objetivo \u00e9 organizar as pe\u00e7as na ordem correta dos acontecimentos, desafiando a crian\u00e7a a pensar de forma estruturada.<\/p>\n<p class=\"ds-markdown-paragraph\">Ele \u00e9 um importante recurso para o desenvolvimento do racioc\u00ednio l\u00f3gico, da percep\u00e7\u00e3o visual e da compreens\u00e3o da ordem cronol\u00f3gica dos eventos. As pe\u00e7as s\u00e3o armazenadas em uma pr\u00e1tica caixa de madeira, garantindo a durabilidade e a f\u00e1cil organiza\u00e7\u00e3o do brinquedo.<\/p>\n<div class=\"details-table-wrapper\">\n<table class=\"product-details-table\">\n<tbody>\n<tr>\n<td>Marca<\/td>\n<td>Brink Mobil<\/td>\n<\/tr>\n<tr>\n<td>Material<\/td>\n<td>\u00a0MDF<\/td>\n<\/tr>\n<tr>\n<td>Faixa Et\u00e1ria<\/td>\n<td>A partir de 4 Anos<\/td>\n<\/tr>\n<\/tbody>\n<\/table>\n<\/div>\n","protected":false},"excerpt":{"rendered":"<p>O jogo educativo\u00a0Sequ\u00eancia L\u00f3gica &#8211; Atividades\u00a0\u00e9 uma ferramenta l\u00fadica confeccionada em MDF, composta por 16 pe\u00e7as de 7&#215;7 cm com ilustra\u00e7\u00f5es coloridas e impressas com tinta at\u00f3xica. O objetivo \u00e9 organizar as pe\u00e7as na ordem correta dos acontecimentos, desafiando a<\/p>\n","protected":false},"featured_media":7979,"comment_status":"open","ping_status":"closed","template":"","meta":[],"product_brand":[232],"product_cat":[211],"product_tag":[],"class_list":{"0":"post-7980","1":"product","2":"type-product","3":"status-publish","6":"product_brand-brink-mobil","7":"product_cat-psicomotricidade-jogos-e-brinquedos","9":"first","10":"instock","11":"shipping-taxable","12":"purchasable","13":"product-type-simple"},"_links":{"self":[{"href":"https:\/\/educaredigital.online\/loja\/wp-json\/wp\/v2\/product\/7980","targetHints":{"allow":["GET"]}}],"collection":[{"href":"https:\/\/educaredigital.online\/loja\/wp-json\/wp\/v2\/product"}],"about":[{"href":"https:\/\/educaredigital.online\/loja\/wp-json\/wp\/v2\/types\/product"}],"replies":[{"embeddable":true,"href":"https:\/\/educaredigital.online\/loja\/wp-json\/wp\/v2\/comments?post=7980"}],"wp:featuredmedia":[{"embeddable":true,"href":"https:\/\/educaredigital.online\/loja\/wp-json\/wp\/v2\/media\/7979"}],"wp:attachment":[{"href":"https:\/\/educaredigital.online\/loja\/wp-json\/wp\/v2\/media?parent=7980"}],"wp:term":[{"taxonomy":"product_brand","embeddable":true,"href":"https:\/\/educaredigital.online\/loja\/wp-json\/wp\/v2\/product_brand?post=7980"},{"taxonomy":"product_cat","embeddable":true,"href":"https:\/\/educaredigital.online\/loja\/wp-json\/wp\/v2\/product_cat?post=7980"},{"taxonomy":"product_tag","embeddable":true,"href":"https:\/\/educaredigital.online\/loja\/wp-json\/wp\/v2\/product_tag?post=7980"}],"curies":[{"name":"wp","href":"https:\/\/api.w.org\/{rel}","templated":true}]}}