{"id":7940,"date":"2026-04-10T18:05:59","date_gmt":"2026-04-10T18:05:59","guid":{"rendered":"https:\/\/educaredigital.online\/loja\/produto\/produto-84\/"},"modified":"2026-04-24T20:49:13","modified_gmt":"2026-04-24T20:49:13","slug":"produto-84","status":"publish","type":"product","link":"https:\/\/educaredigital.online\/loja\/produto\/produto-84\/","title":{"rendered":"Sequ\u00eancia L\u00f3gica &#8211; Cotidiano Em MDF-16 Pe\u00e7as"},"content":{"rendered":"<p><strong>Sequ\u00eancia L\u00f3gica &#8211; Cotidiano\u00a0 com 16 Pe\u00e7as<\/strong>\u00a0\u00e9 um recurso pedag\u00f3gico que auxilia a crian\u00e7a a compreender a organiza\u00e7\u00e3o temporal das atividades di\u00e1rias de forma l\u00fadica e concreta. Fabricado em MDF resistente com ilustra\u00e7\u00f5es claras e coloridas, o conjunto apresenta 4 sequ\u00eancias diferentes, cada uma com 4 pe\u00e7as que representam etapas de rotinas comuns, como o momento de escovar os dentes (pegar a escova \u2192 aplicar pasta \u2192 escovar \u2192 enxaguar), preparar um lanche, vestir-se sozinho ou arrumar a mochila para a escola. Ao ordenar as pe\u00e7as na sequ\u00eancia correta, a crian\u00e7a desenvolve a no\u00e7\u00e3o de ordem cronol\u00f3gica e a compreens\u00e3o de que as a\u00e7\u00f5es do dia seguem uma l\u00f3gica passo a passo.<\/p>\n<div class=\"details-table-wrapper\">\n<table class=\"product-details-table\">\n<tbody>\n<tr>\n<td>Marca<\/td>\n<td>Brink Mobil<\/td>\n<\/tr>\n<tr>\n<td>Material<\/td>\n<td>\u00a0MDF<\/td>\n<\/tr>\n<tr>\n<td>Faixa Et\u00e1ria<\/td>\n<td>A partir de 4 Anos<\/td>\n<\/tr>\n<\/tbody>\n<\/table>\n<\/div>\n","protected":false},"excerpt":{"rendered":"<p>Sequ\u00eancia L\u00f3gica &#8211; Cotidiano\u00a0 com 16 Pe\u00e7as\u00a0\u00e9 um recurso pedag\u00f3gico que auxilia a crian\u00e7a a compreender a organiza\u00e7\u00e3o temporal das atividades di\u00e1rias de forma l\u00fadica e concreta. Fabricado em MDF resistente com ilustra\u00e7\u00f5es claras e coloridas, o conjunto apresenta 4<\/p>\n","protected":false},"featured_media":7939,"comment_status":"open","ping_status":"closed","template":"","meta":[],"product_brand":[232],"product_cat":[211],"product_tag":[],"class_list":{"0":"post-7940","1":"product","2":"type-product","3":"status-publish","6":"product_brand-brink-mobil","7":"product_cat-psicomotricidade-jogos-e-brinquedos","9":"first","10":"instock","11":"shipping-taxable","12":"purchasable","13":"product-type-simple"},"_links":{"self":[{"href":"https:\/\/educaredigital.online\/loja\/wp-json\/wp\/v2\/product\/7940","targetHints":{"allow":["GET"]}}],"collection":[{"href":"https:\/\/educaredigital.online\/loja\/wp-json\/wp\/v2\/product"}],"about":[{"href":"https:\/\/educaredigital.online\/loja\/wp-json\/wp\/v2\/types\/product"}],"replies":[{"embeddable":true,"href":"https:\/\/educaredigital.online\/loja\/wp-json\/wp\/v2\/comments?post=7940"}],"wp:featuredmedia":[{"embeddable":true,"href":"https:\/\/educaredigital.online\/loja\/wp-json\/wp\/v2\/media\/7939"}],"wp:attachment":[{"href":"https:\/\/educaredigital.online\/loja\/wp-json\/wp\/v2\/media?parent=7940"}],"wp:term":[{"taxonomy":"product_brand","embeddable":true,"href":"https:\/\/educaredigital.online\/loja\/wp-json\/wp\/v2\/product_brand?post=7940"},{"taxonomy":"product_cat","embeddable":true,"href":"https:\/\/educaredigital.online\/loja\/wp-json\/wp\/v2\/product_cat?post=7940"},{"taxonomy":"product_tag","embeddable":true,"href":"https:\/\/educaredigital.online\/loja\/wp-json\/wp\/v2\/product_tag?post=7940"}],"curies":[{"name":"wp","href":"https:\/\/api.w.org\/{rel}","templated":true}]}}