{"id":7719,"date":"2026-04-09T11:55:27","date_gmt":"2026-04-09T11:55:27","guid":{"rendered":"https:\/\/educaredigital.online\/loja\/produto\/produto-70\/"},"modified":"2026-04-24T17:47:40","modified_gmt":"2026-04-24T17:47:40","slug":"produto-70","status":"publish","type":"product","link":"https:\/\/educaredigital.online\/loja\/produto\/produto-70\/","title":{"rendered":"Pe\u00e7as Ludo"},"content":{"rendered":"<div class=\"ds-message _63c77b1\">\n<div class=\"ds-markdown\">\n<p class=\"ds-markdown-paragraph\"><strong>Pe\u00e7as Ludo<\/strong> \u00a0\u00e9 um\u00a0<strong>kit de 16 pe\u00e7as em pl\u00e1stico<\/strong> , distribu\u00eddas em <strong>04 cores distintas com 04 pe\u00e7as cada<\/strong>, medindo aproximadamente\u00a0<strong>20mm de altura com base de 10mm<\/strong> . Utilizado para substituir ou complementar o jogo de Ludo tradicional, o produto \u00e9 acondicionado em embalagem pl\u00e1stica\u00a0dependendo da vers\u00e3o, trabalhando o racioc\u00ednio l\u00f3gico, a concentra\u00e7\u00e3o e as habilidades sociais de forma l\u00fadica.<\/p>\n<div class=\"details-table-wrapper\">\n<table class=\"product-details-table\">\n<tbody>\n<tr>\n<td>Marca<\/td>\n<td>Carimbras<\/td>\n<\/tr>\n<tr>\n<td>Material<\/td>\n<td>\u00a0Pl\u00e1stico<\/td>\n<\/tr>\n<tr>\n<td>Faixa Et\u00e1ria<\/td>\n<td>A partir de 3 Anos<\/td>\n<\/tr>\n<\/tbody>\n<\/table>\n<\/div>\n<\/div>\n<\/div>\n","protected":false},"excerpt":{"rendered":"<p>Pe\u00e7as Ludo \u00a0\u00e9 um\u00a0kit de 16 pe\u00e7as em pl\u00e1stico , distribu\u00eddas em 04 cores distintas com 04 pe\u00e7as cada, medindo aproximadamente\u00a020mm de altura com base de 10mm . Utilizado para substituir ou complementar o jogo de Ludo tradicional, o produto<\/p>\n","protected":false},"featured_media":7718,"comment_status":"open","ping_status":"closed","template":"","meta":[],"product_brand":[227],"product_cat":[212],"product_tag":[],"class_list":{"0":"post-7719","1":"product","2":"type-product","3":"status-publish","6":"product_brand-carimbras","7":"product_cat-tabuleiros-jogos-e-brinquedos","9":"first","10":"instock","11":"shipping-taxable","12":"purchasable","13":"product-type-simple"},"_links":{"self":[{"href":"https:\/\/educaredigital.online\/loja\/wp-json\/wp\/v2\/product\/7719","targetHints":{"allow":["GET"]}}],"collection":[{"href":"https:\/\/educaredigital.online\/loja\/wp-json\/wp\/v2\/product"}],"about":[{"href":"https:\/\/educaredigital.online\/loja\/wp-json\/wp\/v2\/types\/product"}],"replies":[{"embeddable":true,"href":"https:\/\/educaredigital.online\/loja\/wp-json\/wp\/v2\/comments?post=7719"}],"wp:featuredmedia":[{"embeddable":true,"href":"https:\/\/educaredigital.online\/loja\/wp-json\/wp\/v2\/media\/7718"}],"wp:attachment":[{"href":"https:\/\/educaredigital.online\/loja\/wp-json\/wp\/v2\/media?parent=7719"}],"wp:term":[{"taxonomy":"product_brand","embeddable":true,"href":"https:\/\/educaredigital.online\/loja\/wp-json\/wp\/v2\/product_brand?post=7719"},{"taxonomy":"product_cat","embeddable":true,"href":"https:\/\/educaredigital.online\/loja\/wp-json\/wp\/v2\/product_cat?post=7719"},{"taxonomy":"product_tag","embeddable":true,"href":"https:\/\/educaredigital.online\/loja\/wp-json\/wp\/v2\/product_tag?post=7719"}],"curies":[{"name":"wp","href":"https:\/\/api.w.org\/{rel}","templated":true}]}}