{"id":7697,"date":"2026-04-09T11:55:13","date_gmt":"2026-04-09T11:55:13","guid":{"rendered":"https:\/\/educaredigital.online\/loja\/produto\/produto-59\/"},"modified":"2026-04-24T20:51:46","modified_gmt":"2026-04-24T20:51:46","slug":"produto-59","status":"publish","type":"product","link":"https:\/\/educaredigital.online\/loja\/produto\/produto-59\/","title":{"rendered":"Plug &#8211; Bandeira do Brasil"},"content":{"rendered":"<div class=\"ds-message _63c77b1\">\n<div class=\"ds-markdown\">\n<p class=\"ds-markdown-paragraph\"><strong>Plug &#8211; Bandeira do Brasil<\/strong>\u00a0da marca\u00a0<strong>Carimbras<\/strong>\u00a0\u00e9 um quebra-cabe\u00e7a educativo em madeira composto por\u00a0<strong>7 pe\u00e7as<\/strong> que se encaixam para formar a bandeira nacional. O objetivo \u00e9 montar a figura completa, associando as pe\u00e7as destacadas (faixa, c\u00edrculo, losango e fundo verde) aos seus respectivos lugares na base,\u00a0trabalha o reconhecimento de formas, cores e s\u00edmbolos c\u00edvicos, al\u00e9m da coordena\u00e7\u00e3o motora fina.<\/p>\n<div class=\"details-table-wrapper\">\n<table class=\"product-details-table\">\n<tbody>\n<tr>\n<td>Marca<\/td>\n<td>Carimbras<\/td>\n<\/tr>\n<tr>\n<td>Material<\/td>\n<td>\u00a0MDF<\/td>\n<\/tr>\n<tr>\n<td>Faixa Et\u00e1ria<\/td>\n<td>A partir de 3 Anos<\/td>\n<\/tr>\n<\/tbody>\n<\/table>\n<\/div>\n<\/div>\n<\/div>\n","protected":false},"excerpt":{"rendered":"<p>Plug &#8211; Bandeira do Brasil\u00a0da marca\u00a0Carimbras\u00a0\u00e9 um quebra-cabe\u00e7a educativo em madeira composto por\u00a07 pe\u00e7as que se encaixam para formar a bandeira nacional. O objetivo \u00e9 montar a figura completa, associando as pe\u00e7as destacadas (faixa, c\u00edrculo, losango e fundo verde) aos<\/p>\n","protected":false},"featured_media":7696,"comment_status":"open","ping_status":"closed","template":"","meta":[],"product_brand":[227],"product_cat":[211],"product_tag":[],"class_list":{"0":"post-7697","1":"product","2":"type-product","3":"status-publish","6":"product_brand-carimbras","7":"product_cat-psicomotricidade-jogos-e-brinquedos","9":"first","10":"instock","11":"shipping-taxable","12":"purchasable","13":"product-type-simple"},"_links":{"self":[{"href":"https:\/\/educaredigital.online\/loja\/wp-json\/wp\/v2\/product\/7697","targetHints":{"allow":["GET"]}}],"collection":[{"href":"https:\/\/educaredigital.online\/loja\/wp-json\/wp\/v2\/product"}],"about":[{"href":"https:\/\/educaredigital.online\/loja\/wp-json\/wp\/v2\/types\/product"}],"replies":[{"embeddable":true,"href":"https:\/\/educaredigital.online\/loja\/wp-json\/wp\/v2\/comments?post=7697"}],"wp:featuredmedia":[{"embeddable":true,"href":"https:\/\/educaredigital.online\/loja\/wp-json\/wp\/v2\/media\/7696"}],"wp:attachment":[{"href":"https:\/\/educaredigital.online\/loja\/wp-json\/wp\/v2\/media?parent=7697"}],"wp:term":[{"taxonomy":"product_brand","embeddable":true,"href":"https:\/\/educaredigital.online\/loja\/wp-json\/wp\/v2\/product_brand?post=7697"},{"taxonomy":"product_cat","embeddable":true,"href":"https:\/\/educaredigital.online\/loja\/wp-json\/wp\/v2\/product_cat?post=7697"},{"taxonomy":"product_tag","embeddable":true,"href":"https:\/\/educaredigital.online\/loja\/wp-json\/wp\/v2\/product_tag?post=7697"}],"curies":[{"name":"wp","href":"https:\/\/api.w.org\/{rel}","templated":true}]}}