{"id":7662,"date":"2026-04-08T20:43:28","date_gmt":"2026-04-08T20:43:28","guid":{"rendered":"https:\/\/educaredigital.online\/loja\/produto\/produto-56\/"},"modified":"2026-04-24T17:48:38","modified_gmt":"2026-04-24T17:48:38","slug":"produto-56","status":"publish","type":"product","link":"https:\/\/educaredigital.online\/loja\/produto\/produto-56\/","title":{"rendered":"Prancha de Sele\u00e7\u00e3o"},"content":{"rendered":"<p><strong>Prancha de Sele\u00e7\u00e3o<\/strong> o\u00a0objetivo \u00e9 selecionar e posicionar corretamente cada pe\u00e7a na haste correspondente, trabalhando conceitos de <strong>cor, forma, tamanho, tato, no\u00e7\u00e3o de quantidade, igualdade e montagem<\/strong>\u00a0. Indicado para crian\u00e7as a partir de\u00a0<strong>18 meses<\/strong>, o brinquedo desenvolve a coordena\u00e7\u00e3o motora fina, a percep\u00e7\u00e3o visual, o racioc\u00ednio l\u00f3gico e a discrimina\u00e7\u00e3o de formas e cores, sendo ideal para uso tanto em casa quanto em escolas .<\/p>\n<div class=\"details-table-wrapper\">\n<table class=\"product-details-table\">\n<tbody>\n<tr>\n<td>Marca<\/td>\n<td>Carimbras<\/td>\n<\/tr>\n<tr>\n<td>Material<\/td>\n<td>\u00a0MDF<\/td>\n<\/tr>\n<tr>\n<td>Faixa Et\u00e1ria<\/td>\n<td>A partir de 2 Anos<\/td>\n<\/tr>\n<\/tbody>\n<\/table>\n<\/div>\n","protected":false},"excerpt":{"rendered":"<p>Prancha de Sele\u00e7\u00e3o o\u00a0objetivo \u00e9 selecionar e posicionar corretamente cada pe\u00e7a na haste correspondente, trabalhando conceitos de cor, forma, tamanho, tato, no\u00e7\u00e3o de quantidade, igualdade e montagem\u00a0. Indicado para crian\u00e7as a partir de\u00a018 meses, o brinquedo desenvolve a coordena\u00e7\u00e3o motora<\/p>\n","protected":false},"featured_media":7661,"comment_status":"open","ping_status":"closed","template":"","meta":[],"product_brand":[227],"product_cat":[211],"product_tag":[],"class_list":{"0":"post-7662","1":"product","2":"type-product","3":"status-publish","6":"product_brand-carimbras","7":"product_cat-psicomotricidade-jogos-e-brinquedos","9":"first","10":"instock","11":"shipping-taxable","12":"purchasable","13":"product-type-simple"},"_links":{"self":[{"href":"https:\/\/educaredigital.online\/loja\/wp-json\/wp\/v2\/product\/7662","targetHints":{"allow":["GET"]}}],"collection":[{"href":"https:\/\/educaredigital.online\/loja\/wp-json\/wp\/v2\/product"}],"about":[{"href":"https:\/\/educaredigital.online\/loja\/wp-json\/wp\/v2\/types\/product"}],"replies":[{"embeddable":true,"href":"https:\/\/educaredigital.online\/loja\/wp-json\/wp\/v2\/comments?post=7662"}],"wp:featuredmedia":[{"embeddable":true,"href":"https:\/\/educaredigital.online\/loja\/wp-json\/wp\/v2\/media\/7661"}],"wp:attachment":[{"href":"https:\/\/educaredigital.online\/loja\/wp-json\/wp\/v2\/media?parent=7662"}],"wp:term":[{"taxonomy":"product_brand","embeddable":true,"href":"https:\/\/educaredigital.online\/loja\/wp-json\/wp\/v2\/product_brand?post=7662"},{"taxonomy":"product_cat","embeddable":true,"href":"https:\/\/educaredigital.online\/loja\/wp-json\/wp\/v2\/product_cat?post=7662"},{"taxonomy":"product_tag","embeddable":true,"href":"https:\/\/educaredigital.online\/loja\/wp-json\/wp\/v2\/product_tag?post=7662"}],"curies":[{"name":"wp","href":"https:\/\/api.w.org\/{rel}","templated":true}]}}