{"id":7656,"date":"2026-04-08T20:43:15","date_gmt":"2026-04-08T20:43:15","guid":{"rendered":"https:\/\/educaredigital.online\/loja\/produto\/produto-53\/"},"modified":"2026-04-24T17:37:17","modified_gmt":"2026-04-24T17:37:17","slug":"produto-53","status":"publish","type":"product","link":"https:\/\/educaredigital.online\/loja\/produto\/produto-53\/","title":{"rendered":"Mega Blocos 120 Pe\u00e7as"},"content":{"rendered":"<p><strong>Mega Blocos 120 Pe\u00e7as<\/strong> \u00a0\u00e9 um conjunto de blocos de montar em pl\u00e1stico, composto por <strong>\u00a0pe\u00e7as coloridas<\/strong>\u00a0de formas e tamanhos variados, que se encaixam para construir desde casinhas e castelos at\u00e9 rob\u00f4s e carrinhos com rodinhas. O brinquedo trabalha a\u00a0<strong>criatividade, o pensamento l\u00f3gico, a orienta\u00e7\u00e3o espacial e a coordena\u00e7\u00e3o motora ampla<\/strong>\u00a0dos pequenos, sendo recomendado para crian\u00e7as a partir de\u00a0<strong>18 meses<\/strong>.<\/p>\n<div class=\"details-table-wrapper\">\n<table class=\"product-details-table\">\n<tbody>\n<tr>\n<td>Marca<\/td>\n<td>Carimbras<\/td>\n<\/tr>\n<tr>\n<td>Material<\/td>\n<td>\u00a0Pl\u00e1stico<\/td>\n<\/tr>\n<tr>\n<td>Faixa Et\u00e1ria<\/td>\n<td>A partir de 2 Anos<\/td>\n<\/tr>\n<\/tbody>\n<\/table>\n<\/div>\n","protected":false},"excerpt":{"rendered":"<p>Mega Blocos 120 Pe\u00e7as \u00a0\u00e9 um conjunto de blocos de montar em pl\u00e1stico, composto por \u00a0pe\u00e7as coloridas\u00a0de formas e tamanhos variados, que se encaixam para construir desde casinhas e castelos at\u00e9 rob\u00f4s e carrinhos com rodinhas. O brinquedo trabalha a\u00a0criatividade,<\/p>\n","protected":false},"featured_media":7655,"comment_status":"open","ping_status":"closed","template":"","meta":[],"product_brand":[227],"product_cat":[211],"product_tag":[],"class_list":{"0":"post-7656","1":"product","2":"type-product","3":"status-publish","6":"product_brand-carimbras","7":"product_cat-psicomotricidade-jogos-e-brinquedos","9":"first","10":"instock","11":"shipping-taxable","12":"purchasable","13":"product-type-simple"},"_links":{"self":[{"href":"https:\/\/educaredigital.online\/loja\/wp-json\/wp\/v2\/product\/7656","targetHints":{"allow":["GET"]}}],"collection":[{"href":"https:\/\/educaredigital.online\/loja\/wp-json\/wp\/v2\/product"}],"about":[{"href":"https:\/\/educaredigital.online\/loja\/wp-json\/wp\/v2\/types\/product"}],"replies":[{"embeddable":true,"href":"https:\/\/educaredigital.online\/loja\/wp-json\/wp\/v2\/comments?post=7656"}],"wp:featuredmedia":[{"embeddable":true,"href":"https:\/\/educaredigital.online\/loja\/wp-json\/wp\/v2\/media\/7655"}],"wp:attachment":[{"href":"https:\/\/educaredigital.online\/loja\/wp-json\/wp\/v2\/media?parent=7656"}],"wp:term":[{"taxonomy":"product_brand","embeddable":true,"href":"https:\/\/educaredigital.online\/loja\/wp-json\/wp\/v2\/product_brand?post=7656"},{"taxonomy":"product_cat","embeddable":true,"href":"https:\/\/educaredigital.online\/loja\/wp-json\/wp\/v2\/product_cat?post=7656"},{"taxonomy":"product_tag","embeddable":true,"href":"https:\/\/educaredigital.online\/loja\/wp-json\/wp\/v2\/product_tag?post=7656"}],"curies":[{"name":"wp","href":"https:\/\/api.w.org\/{rel}","templated":true}]}}