{"id":7640,"date":"2026-04-08T20:43:03","date_gmt":"2026-04-08T20:43:03","guid":{"rendered":"https:\/\/educaredigital.online\/loja\/produto\/produto-45\/"},"modified":"2026-04-24T17:50:40","modified_gmt":"2026-04-24T17:50:40","slug":"produto-45","status":"publish","type":"product","link":"https:\/\/educaredigital.online\/loja\/produto\/produto-45\/","title":{"rendered":"Pulo do Gato"},"content":{"rendered":"<div class=\"ds-message _63c77b1\">\n<div class=\"ds-markdown\">\n<p class=\"ds-markdown-paragraph\"><strong>Pulo do Gato<\/strong>\u00a0 \u00e9 um brinquedo educativo de madeira que transforma o aprendizado em uma brincadeira de observa\u00e7\u00e3o, linguagem e criatividade. Composto por 38 pe\u00e7as, incluindo um poleiro, um gatinho, um tapete, almofadas, acess\u00f3rios e 30 fichas ilustradas, seu principal objetivo \u00e9 desafiar a crian\u00e7a a reproduzir com as pe\u00e7as as cenas mostradas nas fichas, prestando aten\u00e7\u00e3o a detalhes como a posi\u00e7\u00e3o do gato (em cima, embaixo, atr\u00e1s ou escondido). O jogo trabalha habilidades essenciais como a percep\u00e7\u00e3o visual, a concentra\u00e7\u00e3o, a nomea\u00e7\u00e3o de objetos, a compreens\u00e3o de conceitos espaciais e o desenvolvimento da linguagem por meio da cria\u00e7\u00e3o de hist\u00f3rias e do faz de conta.<\/p>\n<div class=\"details-table-wrapper\">\n<table class=\"product-details-table\">\n<tbody>\n<tr>\n<td>Marca<\/td>\n<td>Carimbras<\/td>\n<\/tr>\n<tr>\n<td>Material<\/td>\n<td>\u00a0MDF<\/td>\n<\/tr>\n<tr>\n<td>Faixa Et\u00e1ria<\/td>\n<td>A partir de 3 Anos<\/td>\n<\/tr>\n<\/tbody>\n<\/table>\n<\/div>\n<\/div>\n<\/div>\n","protected":false},"excerpt":{"rendered":"<p>Pulo do Gato\u00a0 \u00e9 um brinquedo educativo de madeira que transforma o aprendizado em uma brincadeira de observa\u00e7\u00e3o, linguagem e criatividade. Composto por 38 pe\u00e7as, incluindo um poleiro, um gatinho, um tapete, almofadas, acess\u00f3rios e 30 fichas ilustradas, seu principal<\/p>\n","protected":false},"featured_media":7639,"comment_status":"open","ping_status":"closed","template":"","meta":[],"product_brand":[227],"product_cat":[211],"product_tag":[],"class_list":{"0":"post-7640","1":"product","2":"type-product","3":"status-publish","6":"product_brand-carimbras","7":"product_cat-psicomotricidade-jogos-e-brinquedos","9":"first","10":"instock","11":"shipping-taxable","12":"purchasable","13":"product-type-simple"},"_links":{"self":[{"href":"https:\/\/educaredigital.online\/loja\/wp-json\/wp\/v2\/product\/7640","targetHints":{"allow":["GET"]}}],"collection":[{"href":"https:\/\/educaredigital.online\/loja\/wp-json\/wp\/v2\/product"}],"about":[{"href":"https:\/\/educaredigital.online\/loja\/wp-json\/wp\/v2\/types\/product"}],"replies":[{"embeddable":true,"href":"https:\/\/educaredigital.online\/loja\/wp-json\/wp\/v2\/comments?post=7640"}],"wp:featuredmedia":[{"embeddable":true,"href":"https:\/\/educaredigital.online\/loja\/wp-json\/wp\/v2\/media\/7639"}],"wp:attachment":[{"href":"https:\/\/educaredigital.online\/loja\/wp-json\/wp\/v2\/media?parent=7640"}],"wp:term":[{"taxonomy":"product_brand","embeddable":true,"href":"https:\/\/educaredigital.online\/loja\/wp-json\/wp\/v2\/product_brand?post=7640"},{"taxonomy":"product_cat","embeddable":true,"href":"https:\/\/educaredigital.online\/loja\/wp-json\/wp\/v2\/product_cat?post=7640"},{"taxonomy":"product_tag","embeddable":true,"href":"https:\/\/educaredigital.online\/loja\/wp-json\/wp\/v2\/product_tag?post=7640"}],"curies":[{"name":"wp","href":"https:\/\/api.w.org\/{rel}","templated":true}]}}