{"id":7630,"date":"2026-04-08T20:42:51","date_gmt":"2026-04-08T20:42:51","guid":{"rendered":"https:\/\/educaredigital.online\/loja\/produto\/produto-40\/"},"modified":"2026-04-24T17:50:40","modified_gmt":"2026-04-24T17:50:40","slug":"produto-40","status":"publish","type":"product","link":"https:\/\/educaredigital.online\/loja\/produto\/produto-40\/","title":{"rendered":"Torre de Londres"},"content":{"rendered":"<p><strong>Torre de Londres<\/strong> o objetivo do jogo \u00e9 transpor as esferas entre as hastes, partindo da posi\u00e7\u00e3o inicial, para reproduzir exatamente a disposi\u00e7\u00e3o mostrada em cada ficha problema, utilizando o menor n\u00famero poss\u00edvel de movimentos, sendo que a haste mais curta sustenta apenas 1 esfera, a m\u00e9dia at\u00e9 2 e a mais longa at\u00e9 3 .\u00a0 E amplamente utilizado por psicopedagogos em cl\u00ednicas e escolas, o jogo trabalha o racioc\u00ednio r\u00e1pido, as fun\u00e7\u00f5es executivas, o planejamento, a solu\u00e7\u00e3o de problemas e a concentra\u00e7\u00e3o de forma progressiva.<\/p>\n<div class=\"details-table-wrapper\">\n<table class=\"product-details-table\">\n<tbody>\n<tr>\n<td>Marca<\/td>\n<td>Carimbras<\/td>\n<\/tr>\n<tr>\n<td>Material<\/td>\n<td>\u00a0MDF<\/td>\n<\/tr>\n<tr>\n<td>Faixa Et\u00e1ria<\/td>\n<td>A partir de 3 Anos<\/td>\n<\/tr>\n<\/tbody>\n<\/table>\n<\/div>\n","protected":false},"excerpt":{"rendered":"<p>Torre de Londres o objetivo do jogo \u00e9 transpor as esferas entre as hastes, partindo da posi\u00e7\u00e3o inicial, para reproduzir exatamente a disposi\u00e7\u00e3o mostrada em cada ficha problema, utilizando o menor n\u00famero poss\u00edvel de movimentos, sendo que a haste mais<\/p>\n","protected":false},"featured_media":7629,"comment_status":"open","ping_status":"closed","template":"","meta":[],"product_brand":[227],"product_cat":[211],"product_tag":[],"class_list":{"0":"post-7630","1":"product","2":"type-product","3":"status-publish","6":"product_brand-carimbras","7":"product_cat-psicomotricidade-jogos-e-brinquedos","9":"first","10":"instock","11":"shipping-taxable","12":"purchasable","13":"product-type-simple"},"_links":{"self":[{"href":"https:\/\/educaredigital.online\/loja\/wp-json\/wp\/v2\/product\/7630","targetHints":{"allow":["GET"]}}],"collection":[{"href":"https:\/\/educaredigital.online\/loja\/wp-json\/wp\/v2\/product"}],"about":[{"href":"https:\/\/educaredigital.online\/loja\/wp-json\/wp\/v2\/types\/product"}],"replies":[{"embeddable":true,"href":"https:\/\/educaredigital.online\/loja\/wp-json\/wp\/v2\/comments?post=7630"}],"wp:featuredmedia":[{"embeddable":true,"href":"https:\/\/educaredigital.online\/loja\/wp-json\/wp\/v2\/media\/7629"}],"wp:attachment":[{"href":"https:\/\/educaredigital.online\/loja\/wp-json\/wp\/v2\/media?parent=7630"}],"wp:term":[{"taxonomy":"product_brand","embeddable":true,"href":"https:\/\/educaredigital.online\/loja\/wp-json\/wp\/v2\/product_brand?post=7630"},{"taxonomy":"product_cat","embeddable":true,"href":"https:\/\/educaredigital.online\/loja\/wp-json\/wp\/v2\/product_cat?post=7630"},{"taxonomy":"product_tag","embeddable":true,"href":"https:\/\/educaredigital.online\/loja\/wp-json\/wp\/v2\/product_tag?post=7630"}],"curies":[{"name":"wp","href":"https:\/\/api.w.org\/{rel}","templated":true}]}}