{"id":7622,"date":"2026-04-08T20:42:44","date_gmt":"2026-04-08T20:42:44","guid":{"rendered":"https:\/\/educaredigital.online\/loja\/produto\/produto-36\/"},"modified":"2026-04-24T17:25:49","modified_gmt":"2026-04-24T17:25:49","slug":"produto-36","status":"publish","type":"product","link":"https:\/\/educaredigital.online\/loja\/produto\/produto-36\/","title":{"rendered":"Cruzada Inteligente"},"content":{"rendered":"<div class=\"ds-message _63c77b1\">\n<div class=\"ds-markdown\">\n<p class=\"ds-markdown-paragraph\"><strong>Cruzadas Inteligentes<\/strong> Seu principal objetivo \u00e9 ensinar conceitos de alfabetiza\u00e7\u00e3o, leitura e escrita, desafiando os pequenos a formarem palavras e temas gramaticais de forma l\u00fadica e interativa . O brinquedo trabalha a associa\u00e7\u00e3o de ideias, a forma\u00e7\u00e3o de palavras, a amplia\u00e7\u00e3o do vocabul\u00e1rio e a concentra\u00e7\u00e3o, sendo ideal para uso tanto em casa quanto em escolas como ferramenta de apoio pedag\u00f3gico .<\/p>\n<div class=\"details-table-wrapper\">\n<table class=\"product-details-table\">\n<tbody>\n<tr>\n<td>Marca<\/td>\n<td>Carimbras<\/td>\n<\/tr>\n<tr>\n<td>Material<\/td>\n<td>Madeira<\/td>\n<\/tr>\n<tr>\n<td>Faixa Et\u00e1ria<\/td>\n<td>A partir de 3 Anos<\/td>\n<\/tr>\n<\/tbody>\n<\/table>\n<\/div>\n<\/div>\n<\/div>\n","protected":false},"excerpt":{"rendered":"<p>Cruzadas Inteligentes Seu principal objetivo \u00e9 ensinar conceitos de alfabetiza\u00e7\u00e3o, leitura e escrita, desafiando os pequenos a formarem palavras e temas gramaticais de forma l\u00fadica e interativa . O brinquedo trabalha a associa\u00e7\u00e3o de ideias, a forma\u00e7\u00e3o de palavras, a<\/p>\n","protected":false},"featured_media":7621,"comment_status":"open","ping_status":"closed","template":"","meta":[],"product_brand":[227],"product_cat":[209],"product_tag":[],"class_list":{"0":"post-7622","1":"product","2":"type-product","3":"status-publish","6":"product_brand-carimbras","7":"product_cat-letramento-jogos-e-brinquedos","9":"first","10":"instock","11":"shipping-taxable","12":"purchasable","13":"product-type-simple"},"_links":{"self":[{"href":"https:\/\/educaredigital.online\/loja\/wp-json\/wp\/v2\/product\/7622","targetHints":{"allow":["GET"]}}],"collection":[{"href":"https:\/\/educaredigital.online\/loja\/wp-json\/wp\/v2\/product"}],"about":[{"href":"https:\/\/educaredigital.online\/loja\/wp-json\/wp\/v2\/types\/product"}],"replies":[{"embeddable":true,"href":"https:\/\/educaredigital.online\/loja\/wp-json\/wp\/v2\/comments?post=7622"}],"wp:featuredmedia":[{"embeddable":true,"href":"https:\/\/educaredigital.online\/loja\/wp-json\/wp\/v2\/media\/7621"}],"wp:attachment":[{"href":"https:\/\/educaredigital.online\/loja\/wp-json\/wp\/v2\/media?parent=7622"}],"wp:term":[{"taxonomy":"product_brand","embeddable":true,"href":"https:\/\/educaredigital.online\/loja\/wp-json\/wp\/v2\/product_brand?post=7622"},{"taxonomy":"product_cat","embeddable":true,"href":"https:\/\/educaredigital.online\/loja\/wp-json\/wp\/v2\/product_cat?post=7622"},{"taxonomy":"product_tag","embeddable":true,"href":"https:\/\/educaredigital.online\/loja\/wp-json\/wp\/v2\/product_tag?post=7622"}],"curies":[{"name":"wp","href":"https:\/\/api.w.org\/{rel}","templated":true}]}}