{"id":7616,"date":"2026-04-08T20:42:40","date_gmt":"2026-04-08T20:42:40","guid":{"rendered":"https:\/\/educaredigital.online\/loja\/produto\/produto-33\/"},"modified":"2026-04-24T17:25:25","modified_gmt":"2026-04-24T17:25:25","slug":"produto-33","status":"publish","type":"product","link":"https:\/\/educaredigital.online\/loja\/produto\/produto-33\/","title":{"rendered":"Cor e Sentido"},"content":{"rendered":"<p><strong>Cor e Sentido<\/strong> \u00e9 um jogo educativo\u00a0 o objetivo \u00e9 posicionar as setas coloridas no tabuleiro seguindo duas regras simult\u00e2neas: elas devem apontar na mesma dire\u00e7\u00e3o das setas pretas indicadas na coluna e estar alinhadas com a sequ\u00eancia de cores das fichas na linha . O jogo trabalha o racioc\u00ednio l\u00f3gico, a percep\u00e7\u00e3o visual, a discrimina\u00e7\u00e3o de sentido, a orienta\u00e7\u00e3o espacial, a coordena\u00e7\u00e3o motora e a concentra\u00e7\u00e3o.<\/p>\n<div class=\"details-table-wrapper\">\n<table class=\"product-details-table\">\n<tbody>\n<tr>\n<td>Marca<\/td>\n<td>Carimbras<\/td>\n<\/tr>\n<tr>\n<td>Material<\/td>\n<td>Madeira<\/td>\n<\/tr>\n<tr>\n<td>Faixa Et\u00e1ria<\/td>\n<td>A partir de 3 Anos<\/td>\n<\/tr>\n<\/tbody>\n<\/table>\n<\/div>\n","protected":false},"excerpt":{"rendered":"<p>Cor e Sentido \u00e9 um jogo educativo\u00a0 o objetivo \u00e9 posicionar as setas coloridas no tabuleiro seguindo duas regras simult\u00e2neas: elas devem apontar na mesma dire\u00e7\u00e3o das setas pretas indicadas na coluna e estar alinhadas com a sequ\u00eancia de cores<\/p>\n","protected":false},"featured_media":7615,"comment_status":"open","ping_status":"closed","template":"","meta":[],"product_brand":[227],"product_cat":[211],"product_tag":[],"class_list":{"0":"post-7616","1":"product","2":"type-product","3":"status-publish","6":"product_brand-carimbras","7":"product_cat-psicomotricidade-jogos-e-brinquedos","9":"first","10":"instock","11":"shipping-taxable","12":"purchasable","13":"product-type-simple"},"_links":{"self":[{"href":"https:\/\/educaredigital.online\/loja\/wp-json\/wp\/v2\/product\/7616","targetHints":{"allow":["GET"]}}],"collection":[{"href":"https:\/\/educaredigital.online\/loja\/wp-json\/wp\/v2\/product"}],"about":[{"href":"https:\/\/educaredigital.online\/loja\/wp-json\/wp\/v2\/types\/product"}],"replies":[{"embeddable":true,"href":"https:\/\/educaredigital.online\/loja\/wp-json\/wp\/v2\/comments?post=7616"}],"wp:featuredmedia":[{"embeddable":true,"href":"https:\/\/educaredigital.online\/loja\/wp-json\/wp\/v2\/media\/7615"}],"wp:attachment":[{"href":"https:\/\/educaredigital.online\/loja\/wp-json\/wp\/v2\/media?parent=7616"}],"wp:term":[{"taxonomy":"product_brand","embeddable":true,"href":"https:\/\/educaredigital.online\/loja\/wp-json\/wp\/v2\/product_brand?post=7616"},{"taxonomy":"product_cat","embeddable":true,"href":"https:\/\/educaredigital.online\/loja\/wp-json\/wp\/v2\/product_cat?post=7616"},{"taxonomy":"product_tag","embeddable":true,"href":"https:\/\/educaredigital.online\/loja\/wp-json\/wp\/v2\/product_tag?post=7616"}],"curies":[{"name":"wp","href":"https:\/\/api.w.org\/{rel}","templated":true}]}}