{"id":7585,"date":"2026-04-08T20:42:19","date_gmt":"2026-04-08T20:42:19","guid":{"rendered":"https:\/\/educaredigital.online\/loja\/produto\/produto-17\/"},"modified":"2026-04-24T17:25:25","modified_gmt":"2026-04-24T17:25:25","slug":"produto-17","status":"publish","type":"product","link":"https:\/\/educaredigital.online\/loja\/produto\/produto-17\/","title":{"rendered":"Cole\u00e7\u00e3o Imantados Emo\u00e7\u00f5es"},"content":{"rendered":"<p><strong>Cole\u00e7\u00e3o Imantados Emo\u00e7\u00f5es<\/strong> \u00e9 um recurso l\u00fadico e educativo composto por\u00a0<strong>35 ou 36 pe\u00e7as magn\u00e9ticas em MDF\/cartonado<\/strong>, sendo 03 molduras com a frase \u201cComo estou me sentindo\u201d e 32 im\u00e3s com express\u00f5es emocionais diversas como Feliz, Ansioso, Bravo, Amado, Com ci\u00fames, Com fome e Com saudades . O objetivo \u00e9 ajudar crian\u00e7as a identificarem, expressarem e compreenderem suas emo\u00e7\u00f5es de forma divertida e interativa, podendo ser utilizado em murais, geladeiras ou superf\u00edcies met\u00e1licas . O brinquedo trabalha o desenvolvimento das habilidades socioemocionais, a expressividade, o autoconhecimento, o autocontrole e a empatia, sendo ideal para uso em casa, escolas, consult\u00f3rios terap\u00eauticos e por psicopedagogos.<\/p>\n<div class=\"details-table-wrapper\">\n<table class=\"product-details-table\">\n<tbody>\n<tr>\n<td>Marca<\/td>\n<td>Carimbras<\/td>\n<\/tr>\n<tr>\n<td>Material<\/td>\n<td>MDF<\/td>\n<\/tr>\n<tr>\n<td>Faixa Et\u00e1ria<\/td>\n<td>A partir de 3 Anos<\/td>\n<\/tr>\n<\/tbody>\n<\/table>\n<\/div>\n","protected":false},"excerpt":{"rendered":"<p>Cole\u00e7\u00e3o Imantados Emo\u00e7\u00f5es \u00e9 um recurso l\u00fadico e educativo composto por\u00a035 ou 36 pe\u00e7as magn\u00e9ticas em MDF\/cartonado, sendo 03 molduras com a frase \u201cComo estou me sentindo\u201d e 32 im\u00e3s com express\u00f5es emocionais diversas como Feliz, Ansioso, Bravo, Amado, Com<\/p>\n","protected":false},"featured_media":7584,"comment_status":"open","ping_status":"closed","template":"","meta":[],"product_brand":[227],"product_cat":[211],"product_tag":[],"class_list":{"0":"post-7585","1":"product","2":"type-product","3":"status-publish","6":"product_brand-carimbras","7":"product_cat-psicomotricidade-jogos-e-brinquedos","9":"first","10":"instock","11":"shipping-taxable","12":"purchasable","13":"product-type-simple"},"_links":{"self":[{"href":"https:\/\/educaredigital.online\/loja\/wp-json\/wp\/v2\/product\/7585","targetHints":{"allow":["GET"]}}],"collection":[{"href":"https:\/\/educaredigital.online\/loja\/wp-json\/wp\/v2\/product"}],"about":[{"href":"https:\/\/educaredigital.online\/loja\/wp-json\/wp\/v2\/types\/product"}],"replies":[{"embeddable":true,"href":"https:\/\/educaredigital.online\/loja\/wp-json\/wp\/v2\/comments?post=7585"}],"wp:featuredmedia":[{"embeddable":true,"href":"https:\/\/educaredigital.online\/loja\/wp-json\/wp\/v2\/media\/7584"}],"wp:attachment":[{"href":"https:\/\/educaredigital.online\/loja\/wp-json\/wp\/v2\/media?parent=7585"}],"wp:term":[{"taxonomy":"product_brand","embeddable":true,"href":"https:\/\/educaredigital.online\/loja\/wp-json\/wp\/v2\/product_brand?post=7585"},{"taxonomy":"product_cat","embeddable":true,"href":"https:\/\/educaredigital.online\/loja\/wp-json\/wp\/v2\/product_cat?post=7585"},{"taxonomy":"product_tag","embeddable":true,"href":"https:\/\/educaredigital.online\/loja\/wp-json\/wp\/v2\/product_tag?post=7585"}],"curies":[{"name":"wp","href":"https:\/\/api.w.org\/{rel}","templated":true}]}}