{"id":7575,"date":"2026-04-08T20:42:05","date_gmt":"2026-04-08T20:42:05","guid":{"rendered":"https:\/\/educaredigital.online\/loja\/produto\/produto-12\/"},"modified":"2026-04-24T17:21:42","modified_gmt":"2026-04-24T17:21:42","slug":"produto-12","status":"publish","type":"product","link":"https:\/\/educaredigital.online\/loja\/produto\/produto-12\/","title":{"rendered":"Bingo de Letras"},"content":{"rendered":"<p><strong>Bingo de Letras<\/strong> \u00a0O objetivo do jogo \u00e9 preencher a cartela com as letras sorteadas: um l\u00edder sorteia as letras grandes, e as crian\u00e7as devem encontrar a correspondente entre as letras pequenas dispon\u00edveis na mesa para marcar suas cartelas \u2014 vence quem completar uma linha ou a cartela inteira primeiro ,\u00a0o jogo pode ser disputado por\u00a0<strong>at\u00e9 10 participantes<\/strong> e trabalha a alfabetiza\u00e7\u00e3o, o reconhecimento das letras, a associa\u00e7\u00e3o visual, a aten\u00e7\u00e3o, a socializa\u00e7\u00e3o e a linguagem receptiva e produtiva de forma l\u00fadica e interativa.<\/p>\n<div class=\"details-table-wrapper\">\n<table class=\"product-details-table\">\n<tbody>\n<tr>\n<td>Marca<\/td>\n<td>Carimbras<\/td>\n<\/tr>\n<tr>\n<td>Material<\/td>\n<td>MDF<\/td>\n<\/tr>\n<tr>\n<td>Faixa Et\u00e1ria<\/td>\n<td>De 3 A 6 Anos<\/td>\n<\/tr>\n<tr>\n<td>Quantidade De Jogadores<\/td>\n<td>\u00a0Atie 10Jogadores<\/td>\n<\/tr>\n<\/tbody>\n<\/table>\n<\/div>\n","protected":false},"excerpt":{"rendered":"<p>Bingo de Letras \u00a0O objetivo do jogo \u00e9 preencher a cartela com as letras sorteadas: um l\u00edder sorteia as letras grandes, e as crian\u00e7as devem encontrar a correspondente entre as letras pequenas dispon\u00edveis na mesa para marcar suas cartelas \u2014<\/p>\n","protected":false},"featured_media":7574,"comment_status":"open","ping_status":"closed","template":"","meta":[],"product_brand":[227],"product_cat":[209],"product_tag":[],"class_list":{"0":"post-7575","1":"product","2":"type-product","3":"status-publish","6":"product_brand-carimbras","7":"product_cat-letramento-jogos-e-brinquedos","9":"first","10":"instock","11":"shipping-taxable","12":"purchasable","13":"product-type-simple"},"_links":{"self":[{"href":"https:\/\/educaredigital.online\/loja\/wp-json\/wp\/v2\/product\/7575","targetHints":{"allow":["GET"]}}],"collection":[{"href":"https:\/\/educaredigital.online\/loja\/wp-json\/wp\/v2\/product"}],"about":[{"href":"https:\/\/educaredigital.online\/loja\/wp-json\/wp\/v2\/types\/product"}],"replies":[{"embeddable":true,"href":"https:\/\/educaredigital.online\/loja\/wp-json\/wp\/v2\/comments?post=7575"}],"wp:featuredmedia":[{"embeddable":true,"href":"https:\/\/educaredigital.online\/loja\/wp-json\/wp\/v2\/media\/7574"}],"wp:attachment":[{"href":"https:\/\/educaredigital.online\/loja\/wp-json\/wp\/v2\/media?parent=7575"}],"wp:term":[{"taxonomy":"product_brand","embeddable":true,"href":"https:\/\/educaredigital.online\/loja\/wp-json\/wp\/v2\/product_brand?post=7575"},{"taxonomy":"product_cat","embeddable":true,"href":"https:\/\/educaredigital.online\/loja\/wp-json\/wp\/v2\/product_cat?post=7575"},{"taxonomy":"product_tag","embeddable":true,"href":"https:\/\/educaredigital.online\/loja\/wp-json\/wp\/v2\/product_tag?post=7575"}],"curies":[{"name":"wp","href":"https:\/\/api.w.org\/{rel}","templated":true}]}}