{"id":7560,"date":"2026-04-08T20:41:56","date_gmt":"2026-04-08T20:41:56","guid":{"rendered":"https:\/\/educaredigital.online\/loja\/produto\/produto-4\/"},"modified":"2026-04-24T17:34:22","modified_gmt":"2026-04-24T17:34:22","slug":"produto-4","status":"publish","type":"product","link":"https:\/\/educaredigital.online\/loja\/produto\/produto-4\/","title":{"rendered":"Escala Cuisenaire"},"content":{"rendered":"<p><strong>Escala Cuisenaire<\/strong> O objetivo \u00e9 trabalhar conceitos matem\u00e1ticos de forma concreta e visual, permitindo a crian\u00e7a explorar as\u00a0<strong>quatro opera\u00e7\u00f5es<\/strong>\u00a0(adi\u00e7\u00e3o, subtra\u00e7\u00e3o, multiplica\u00e7\u00e3o e divis\u00e3o),\u00a0<strong>fra\u00e7\u00f5es<\/strong>,\u00a0<strong>sequ\u00eancias crescente e decrescente<\/strong>,\u00a0<strong>igualdade e desigualdade<\/strong>, al\u00e9m de no\u00e7\u00f5es como\u00a0<strong>dobro, metade e composi\u00e7\u00e3o num\u00e9rica<\/strong>\u00a0. Indicado para crian\u00e7as a partir de\u00a0<strong>3 anos<\/strong>, o material favorece a compreens\u00e3o dos n\u00fameros por meio da manipula\u00e7\u00e3o e compara\u00e7\u00e3o das barras coloridas, transformando o aprendizado da matem\u00e1tica em uma experi\u00eancia l\u00fadica e investigativa.<\/p>\n<div class=\"details-table-wrapper\">\n<table class=\"product-details-table\">\n<tbody>\n<tr>\n<td>Marca<\/td>\n<td>Carimbras<\/td>\n<\/tr>\n<tr>\n<td>Material<\/td>\n<td>Madeira<\/td>\n<\/tr>\n<tr>\n<td>Faixa Et\u00e1ria<\/td>\n<td>A partir de 3 Anos<\/td>\n<\/tr>\n<\/tbody>\n<\/table>\n<\/div>\n","protected":false},"excerpt":{"rendered":"<p>Escala Cuisenaire O objetivo \u00e9 trabalhar conceitos matem\u00e1ticos de forma concreta e visual, permitindo a crian\u00e7a explorar as\u00a0quatro opera\u00e7\u00f5es\u00a0(adi\u00e7\u00e3o, subtra\u00e7\u00e3o, multiplica\u00e7\u00e3o e divis\u00e3o),\u00a0fra\u00e7\u00f5es,\u00a0sequ\u00eancias crescente e decrescente,\u00a0igualdade e desigualdade, al\u00e9m de no\u00e7\u00f5es como\u00a0dobro, metade e composi\u00e7\u00e3o num\u00e9rica\u00a0. Indicado para crian\u00e7as a<\/p>\n","protected":false},"featured_media":7559,"comment_status":"open","ping_status":"closed","template":"","meta":[],"product_brand":[227],"product_cat":[210],"product_tag":[],"class_list":{"0":"post-7560","1":"product","2":"type-product","3":"status-publish","6":"product_brand-carimbras","7":"product_cat-matematica-jogos-e-brinquedos","9":"first","10":"instock","11":"shipping-taxable","12":"purchasable","13":"product-type-simple"},"_links":{"self":[{"href":"https:\/\/educaredigital.online\/loja\/wp-json\/wp\/v2\/product\/7560","targetHints":{"allow":["GET"]}}],"collection":[{"href":"https:\/\/educaredigital.online\/loja\/wp-json\/wp\/v2\/product"}],"about":[{"href":"https:\/\/educaredigital.online\/loja\/wp-json\/wp\/v2\/types\/product"}],"replies":[{"embeddable":true,"href":"https:\/\/educaredigital.online\/loja\/wp-json\/wp\/v2\/comments?post=7560"}],"wp:featuredmedia":[{"embeddable":true,"href":"https:\/\/educaredigital.online\/loja\/wp-json\/wp\/v2\/media\/7559"}],"wp:attachment":[{"href":"https:\/\/educaredigital.online\/loja\/wp-json\/wp\/v2\/media?parent=7560"}],"wp:term":[{"taxonomy":"product_brand","embeddable":true,"href":"https:\/\/educaredigital.online\/loja\/wp-json\/wp\/v2\/product_brand?post=7560"},{"taxonomy":"product_cat","embeddable":true,"href":"https:\/\/educaredigital.online\/loja\/wp-json\/wp\/v2\/product_cat?post=7560"},{"taxonomy":"product_tag","embeddable":true,"href":"https:\/\/educaredigital.online\/loja\/wp-json\/wp\/v2\/product_tag?post=7560"}],"curies":[{"name":"wp","href":"https:\/\/api.w.org\/{rel}","templated":true}]}}