{"id":7214,"date":"2026-04-08T14:05:41","date_gmt":"2026-04-08T14:05:41","guid":{"rendered":"https:\/\/educaredigital.online\/loja\/produto\/sentimentos-a-raposa-que-sabia-tudo-falsidade\/"},"modified":"2026-04-09T13:16:56","modified_gmt":"2026-04-09T13:16:56","slug":"sentimentos-a-raposa-que-sabia-tudo-falsidade","status":"publish","type":"product","link":"https:\/\/educaredigital.online\/loja\/produto\/sentimentos-a-raposa-que-sabia-tudo-falsidade\/","title":{"rendered":"Sentimentos: A Raposa Que Sabia Tudo (Falsidade)"},"content":{"rendered":"<div class=\"details-table-wrapper\">\n<p class=\"ds-markdown-paragraph\"><strong>Sentimentos: A Raposa Que Sabia Tudo (Falsidade)<\/strong> conta a hist\u00f3ria de uma raposa muito confiante em sua pr\u00f3pria &#8220;sapi\u00eancia&#8221;, que vive inventando e falseando a verdade. Suas atitudes criam aventuras que colocam em risco sua vida e a de suas companheiras.<\/p>\n<p class=\"ds-markdown-paragraph\">O livro faz parte da cole\u00e7\u00e3o Sentimentos da Todolivro e aborda a\u00a0<strong>falsidade<\/strong> de forma l\u00fadica. A raposa aprende que a soberba \u00e9 um sentimento ruim que n\u00e3o merece ser cultivado, mostrando que as virtudes aproximam as pessoas enquanto sentimentos como a falsidade as distanciam.<\/p>\n<table class=\"product-details-table\">\n<tbody>\n<tr>\n<td>Autor<\/td>\n<td>Roberto Belli<\/td>\n<\/tr>\n<tr>\n<td>ISBN<\/td>\n<td>9788573898507<\/td>\n<\/tr>\n<tr>\n<td>Editora<\/td>\n<td>Todolivro<\/td>\n<\/tr>\n<tr>\n<td>N\u00ba de p\u00e1ginas<\/td>\n<td>22<\/td>\n<\/tr>\n<\/tbody>\n<\/table>\n<\/div>\n","protected":false},"excerpt":{"rendered":"<p>Sentimentos: A Raposa Que Sabia Tudo (Falsidade) conta a hist\u00f3ria de uma raposa muito confiante em sua pr\u00f3pria &#8220;sapi\u00eancia&#8221;, que vive inventando e falseando a verdade. Suas atitudes criam aventuras que colocam em risco sua vida e a de suas<\/p>\n","protected":false},"featured_media":7212,"comment_status":"open","ping_status":"closed","template":"","meta":[],"product_brand":[],"product_cat":[202],"product_tag":[],"class_list":{"0":"post-7214","1":"product","2":"type-product","3":"status-publish","6":"product_cat-fundamental1-1ao3","8":"first","9":"instock","10":"shipping-taxable","11":"purchasable","12":"product-type-simple"},"_links":{"self":[{"href":"https:\/\/educaredigital.online\/loja\/wp-json\/wp\/v2\/product\/7214","targetHints":{"allow":["GET"]}}],"collection":[{"href":"https:\/\/educaredigital.online\/loja\/wp-json\/wp\/v2\/product"}],"about":[{"href":"https:\/\/educaredigital.online\/loja\/wp-json\/wp\/v2\/types\/product"}],"replies":[{"embeddable":true,"href":"https:\/\/educaredigital.online\/loja\/wp-json\/wp\/v2\/comments?post=7214"}],"wp:featuredmedia":[{"embeddable":true,"href":"https:\/\/educaredigital.online\/loja\/wp-json\/wp\/v2\/media\/7212"}],"wp:attachment":[{"href":"https:\/\/educaredigital.online\/loja\/wp-json\/wp\/v2\/media?parent=7214"}],"wp:term":[{"taxonomy":"product_brand","embeddable":true,"href":"https:\/\/educaredigital.online\/loja\/wp-json\/wp\/v2\/product_brand?post=7214"},{"taxonomy":"product_cat","embeddable":true,"href":"https:\/\/educaredigital.online\/loja\/wp-json\/wp\/v2\/product_cat?post=7214"},{"taxonomy":"product_tag","embeddable":true,"href":"https:\/\/educaredigital.online\/loja\/wp-json\/wp\/v2\/product_tag?post=7214"}],"curies":[{"name":"wp","href":"https:\/\/api.w.org\/{rel}","templated":true}]}}