{"id":7203,"date":"2026-04-08T14:04:38","date_gmt":"2026-04-08T14:04:38","guid":{"rendered":"https:\/\/educaredigital.online\/loja\/produto\/sentimentos-o-coelho-que-queria-ser-rapido-ambicao\/"},"modified":"2026-04-09T13:13:44","modified_gmt":"2026-04-09T13:13:44","slug":"sentimentos-o-coelho-que-queria-ser-rapido-ambicao","status":"publish","type":"product","link":"https:\/\/educaredigital.online\/loja\/produto\/sentimentos-o-coelho-que-queria-ser-rapido-ambicao\/","title":{"rendered":"Sentimentos: O Coelho Que Queria Ser R\u00e1pido (Ambi\u00e7\u00e3o)"},"content":{"rendered":"<div class=\"details-table-wrapper\">\n<div class=\"ds-message _63c77b1\">\n<div class=\"ds-markdown\">\n<p class=\"ds-markdown-paragraph\"><strong>Sentimentos: O Coelho Que Queria Ser R\u00e1pido<\/strong>\u00a0conta a hist\u00f3ria de um coelhinho que, movido pela ambi\u00e7\u00e3o, desejava ser o mais veloz de todos. Sua jornada mostra os perigos de querer ser melhor que os outros a qualquer custo.<\/p>\n<p class=\"ds-markdown-paragraph\">O livro faz parte da cole\u00e7\u00e3o Sentimentos da Todolivro e aborda a\u00a0<strong>ambi\u00e7\u00e3o<\/strong> de forma l\u00fadica. Indicado para crian\u00e7as a partir de 4 anos, ensina que a verdadeira vit\u00f3ria est\u00e1 em reconhecer os pr\u00f3prios limites e valorizar a amizade.<\/p>\n<\/div>\n<\/div>\n<table class=\"product-details-table\">\n<tbody>\n<tr>\n<td>Autor<\/td>\n<td>Roberto Belli<\/td>\n<\/tr>\n<tr>\n<td>ISBN<\/td>\n<td>9788573898514<\/td>\n<\/tr>\n<tr>\n<td>Editora<\/td>\n<td>Todolivro<\/td>\n<\/tr>\n<tr>\n<td>N\u00ba de p\u00e1ginas<\/td>\n<td>22<\/td>\n<\/tr>\n<\/tbody>\n<\/table>\n<\/div>\n","protected":false},"excerpt":{"rendered":"<p>Sentimentos: O Coelho Que Queria Ser R\u00e1pido\u00a0conta a hist\u00f3ria de um coelhinho que, movido pela ambi\u00e7\u00e3o, desejava ser o mais veloz de todos. Sua jornada mostra os perigos de querer ser melhor que os outros a qualquer custo. O livro<\/p>\n","protected":false},"featured_media":7202,"comment_status":"open","ping_status":"closed","template":"","meta":[],"product_brand":[],"product_cat":[202],"product_tag":[],"class_list":{"0":"post-7203","1":"product","2":"type-product","3":"status-publish","6":"product_cat-fundamental1-1ao3","8":"first","9":"instock","10":"shipping-taxable","11":"purchasable","12":"product-type-simple"},"_links":{"self":[{"href":"https:\/\/educaredigital.online\/loja\/wp-json\/wp\/v2\/product\/7203","targetHints":{"allow":["GET"]}}],"collection":[{"href":"https:\/\/educaredigital.online\/loja\/wp-json\/wp\/v2\/product"}],"about":[{"href":"https:\/\/educaredigital.online\/loja\/wp-json\/wp\/v2\/types\/product"}],"replies":[{"embeddable":true,"href":"https:\/\/educaredigital.online\/loja\/wp-json\/wp\/v2\/comments?post=7203"}],"wp:featuredmedia":[{"embeddable":true,"href":"https:\/\/educaredigital.online\/loja\/wp-json\/wp\/v2\/media\/7202"}],"wp:attachment":[{"href":"https:\/\/educaredigital.online\/loja\/wp-json\/wp\/v2\/media?parent=7203"}],"wp:term":[{"taxonomy":"product_brand","embeddable":true,"href":"https:\/\/educaredigital.online\/loja\/wp-json\/wp\/v2\/product_brand?post=7203"},{"taxonomy":"product_cat","embeddable":true,"href":"https:\/\/educaredigital.online\/loja\/wp-json\/wp\/v2\/product_cat?post=7203"},{"taxonomy":"product_tag","embeddable":true,"href":"https:\/\/educaredigital.online\/loja\/wp-json\/wp\/v2\/product_tag?post=7203"}],"curies":[{"name":"wp","href":"https:\/\/api.w.org\/{rel}","templated":true}]}}