{"id":7197,"date":"2026-04-08T14:04:26","date_gmt":"2026-04-08T14:04:26","guid":{"rendered":"https:\/\/educaredigital.online\/loja\/produto\/sentimentos-a-abelha-que-queria-ser-rainha-orgulho\/"},"modified":"2026-04-09T13:02:01","modified_gmt":"2026-04-09T13:02:01","slug":"sentimentos-a-abelha-que-queria-ser-rainha-orgulho","status":"publish","type":"product","link":"https:\/\/educaredigital.online\/loja\/produto\/sentimentos-a-abelha-que-queria-ser-rainha-orgulho\/","title":{"rendered":"Sentimentos: A Abelha Que Queria Ser Rainha (Orgulho)"},"content":{"rendered":"<p class=\"ds-markdown-paragraph\"><strong>Sentimentos: A Abelha Que Queria Ser Rainha<\/strong> conta a hist\u00f3ria da abelhinha Zunzum, que, orgulhosa e inconformada com sua condi\u00e7\u00e3o de simples oper\u00e1ria, decide procurar uma forma de se transformar em abelha-rainha. Ao longo da jornada, ela descobre que as apar\u00eancias enganam e que todas as fun\u00e7\u00f5es s\u00e3o \u00fateis e importantes.<\/p>\n<p class=\"ds-markdown-paragraph\">O livro faz parte da cole\u00e7\u00e3o Sentimentos da Todolivro e aborda o orgulho de forma l\u00fadica e educativa . A obra ensina que o orgulho excessivo pode levar \u00e0 solid\u00e3o e que \u00e9 melhor sermos simp\u00e1ticos e solid\u00e1rios com todos.<\/p>\n<div class=\"details-table-wrapper\">\n<table class=\"product-details-table\">\n<tbody>\n<tr>\n<td>Autor<\/td>\n<td>Roberto Belli<\/td>\n<\/tr>\n<tr>\n<td>ISBN<\/td>\n<td>9788573898477<\/td>\n<\/tr>\n<tr>\n<td>Editora<\/td>\n<td>Todolivro<\/td>\n<\/tr>\n<tr>\n<td>N\u00ba de p\u00e1ginas<\/td>\n<td>22<\/td>\n<\/tr>\n<\/tbody>\n<\/table>\n<\/div>\n","protected":false},"excerpt":{"rendered":"<p>Sentimentos: A Abelha Que Queria Ser Rainha conta a hist\u00f3ria da abelhinha Zunzum, que, orgulhosa e inconformada com sua condi\u00e7\u00e3o de simples oper\u00e1ria, decide procurar uma forma de se transformar em abelha-rainha. Ao longo da jornada, ela descobre que as<\/p>\n","protected":false},"featured_media":7196,"comment_status":"open","ping_status":"closed","template":"","meta":[],"product_brand":[],"product_cat":[202],"product_tag":[],"class_list":{"0":"post-7197","1":"product","2":"type-product","3":"status-publish","6":"product_cat-fundamental1-1ao3","8":"first","9":"instock","10":"shipping-taxable","11":"purchasable","12":"product-type-simple"},"_links":{"self":[{"href":"https:\/\/educaredigital.online\/loja\/wp-json\/wp\/v2\/product\/7197","targetHints":{"allow":["GET"]}}],"collection":[{"href":"https:\/\/educaredigital.online\/loja\/wp-json\/wp\/v2\/product"}],"about":[{"href":"https:\/\/educaredigital.online\/loja\/wp-json\/wp\/v2\/types\/product"}],"replies":[{"embeddable":true,"href":"https:\/\/educaredigital.online\/loja\/wp-json\/wp\/v2\/comments?post=7197"}],"wp:featuredmedia":[{"embeddable":true,"href":"https:\/\/educaredigital.online\/loja\/wp-json\/wp\/v2\/media\/7196"}],"wp:attachment":[{"href":"https:\/\/educaredigital.online\/loja\/wp-json\/wp\/v2\/media?parent=7197"}],"wp:term":[{"taxonomy":"product_brand","embeddable":true,"href":"https:\/\/educaredigital.online\/loja\/wp-json\/wp\/v2\/product_brand?post=7197"},{"taxonomy":"product_cat","embeddable":true,"href":"https:\/\/educaredigital.online\/loja\/wp-json\/wp\/v2\/product_cat?post=7197"},{"taxonomy":"product_tag","embeddable":true,"href":"https:\/\/educaredigital.online\/loja\/wp-json\/wp\/v2\/product_tag?post=7197"}],"curies":[{"name":"wp","href":"https:\/\/api.w.org\/{rel}","templated":true}]}}