{"id":7167,"date":"2026-04-08T14:02:59","date_gmt":"2026-04-08T14:02:59","guid":{"rendered":"https:\/\/educaredigital.online\/loja\/produto\/paradidaticos-n3-a-regra-de-ouro\/"},"modified":"2026-04-09T12:28:47","modified_gmt":"2026-04-09T12:28:47","slug":"paradidaticos-n3-a-regra-de-ouro","status":"publish","type":"product","link":"https:\/\/educaredigital.online\/loja\/produto\/paradidaticos-n3-a-regra-de-ouro\/","title":{"rendered":"Paradid\u00e1ticos &#8211; N3: A Regra de Ouro"},"content":{"rendered":"<p class=\"ds-markdown-paragraph\"><strong>Paradid\u00e1ticos &#8211; N3: A Regra de Ouro (Riki &amp; Gabi)<\/strong> conta a hist\u00f3ria do Riki, que precisa decidir se ignora o novo vizinho s\u00f3 porque ele usa \u00f3culos e seus amigos o acham desajeitado para jogar futebol. A Turminha Animada mostra que escolher ser am\u00e1vel e dar chance a todos, igualmente, nem sempre \u00e9 f\u00e1cil, mas \u00e9 a escolha certa.<\/p>\n<p class=\"ds-markdown-paragraph\">Indicado para leitores confiantes a partir de 6 anos (N\u00edvel 3), o livro est\u00e1 alinhado \u00e0s diretrizes do MEC . A obra trabalha valores como empatia, inclus\u00e3o e respeito \u00e0s diferen\u00e7as de forma l\u00fadica e educativa.<\/p>\n<table class=\"product-details-table\">\n<tbody>\n<tr>\n<td>Autor<\/td>\n<td>Ruth Marschalek<\/td>\n<\/tr>\n<tr>\n<td>Ilustrador(a)<\/td>\n<td>Solange Janete Passos Reetz<\/td>\n<\/tr>\n<tr>\n<td>ISBN<\/td>\n<td>9788537634127<\/td>\n<\/tr>\n<tr>\n<td>Editora<\/td>\n<td>Todolivro<\/td>\n<\/tr>\n<tr>\n<td>N\u00ba de p\u00e1ginas<\/td>\n<td>38<\/td>\n<\/tr>\n<\/tbody>\n<\/table>\n","protected":false},"excerpt":{"rendered":"<p>Paradid\u00e1ticos &#8211; N3: A Regra de Ouro (Riki &amp; Gabi) conta a hist\u00f3ria do Riki, que precisa decidir se ignora o novo vizinho s\u00f3 porque ele usa \u00f3culos e seus amigos o acham desajeitado para jogar futebol. A Turminha Animada<\/p>\n","protected":false},"featured_media":7166,"comment_status":"open","ping_status":"closed","template":"","meta":[],"product_brand":[],"product_cat":[202],"product_tag":[],"class_list":{"0":"post-7167","1":"product","2":"type-product","3":"status-publish","6":"product_cat-fundamental1-1ao3","8":"first","9":"instock","10":"shipping-taxable","11":"purchasable","12":"product-type-simple"},"_links":{"self":[{"href":"https:\/\/educaredigital.online\/loja\/wp-json\/wp\/v2\/product\/7167","targetHints":{"allow":["GET"]}}],"collection":[{"href":"https:\/\/educaredigital.online\/loja\/wp-json\/wp\/v2\/product"}],"about":[{"href":"https:\/\/educaredigital.online\/loja\/wp-json\/wp\/v2\/types\/product"}],"replies":[{"embeddable":true,"href":"https:\/\/educaredigital.online\/loja\/wp-json\/wp\/v2\/comments?post=7167"}],"wp:featuredmedia":[{"embeddable":true,"href":"https:\/\/educaredigital.online\/loja\/wp-json\/wp\/v2\/media\/7166"}],"wp:attachment":[{"href":"https:\/\/educaredigital.online\/loja\/wp-json\/wp\/v2\/media?parent=7167"}],"wp:term":[{"taxonomy":"product_brand","embeddable":true,"href":"https:\/\/educaredigital.online\/loja\/wp-json\/wp\/v2\/product_brand?post=7167"},{"taxonomy":"product_cat","embeddable":true,"href":"https:\/\/educaredigital.online\/loja\/wp-json\/wp\/v2\/product_cat?post=7167"},{"taxonomy":"product_tag","embeddable":true,"href":"https:\/\/educaredigital.online\/loja\/wp-json\/wp\/v2\/product_tag?post=7167"}],"curies":[{"name":"wp","href":"https:\/\/api.w.org\/{rel}","templated":true}]}}