{"id":7155,"date":"2026-04-08T14:02:20","date_gmt":"2026-04-08T14:02:20","guid":{"rendered":"https:\/\/educaredigital.online\/loja\/produto\/paradidaticos-n3-o-saco-magico\/"},"modified":"2026-04-09T12:30:40","modified_gmt":"2026-04-09T12:30:40","slug":"paradidaticos-n3-o-saco-magico","status":"publish","type":"product","link":"https:\/\/educaredigital.online\/loja\/produto\/paradidaticos-n3-o-saco-magico\/","title":{"rendered":"Paradid\u00e1ticos &#8211; N3: O Saco M\u00e1gico"},"content":{"rendered":"<p class=\"ds-markdown-paragraph\"><strong>Paradid\u00e1ticos &#8211; N3: O Saco M\u00e1gico<\/strong> apresenta uma hist\u00f3ria fascinante da cultura asi\u00e1tica, fazendo parte da cole\u00e7\u00e3o &#8220;Hist\u00f3rias do Mundo&#8221; da Todolivro. A obra explora f\u00e1bulas e contos tradicionais de diferentes pa\u00edses, ampliando o repert\u00f3rio cultural dos pequenos leitores.<\/p>\n<p class=\"ds-markdown-paragraph\">Indicado para leitores confiantes a partir de 6 anos (N\u00edvel 3), o livro est\u00e1 alinhado \u00e0s diretrizes do MEC. Traz sugest\u00f5es de abordagem para pais e professores, al\u00e9m de atividades de interpreta\u00e7\u00e3o de texto.<\/p>\n<table class=\"product-details-table\">\n<tbody>\n<tr>\n<td>Autor<\/td>\n<td>Tapasi De<\/td>\n<\/tr>\n<tr>\n<td>Ilustrador(a)<\/td>\n<td>Hari Singh<\/td>\n<\/tr>\n<tr>\n<td>Tradutor<\/td>\n<td>Klaus H. G. Rehfeldt<\/td>\n<\/tr>\n<tr>\n<td>ISBN<\/td>\n<td>9788537632734<\/td>\n<\/tr>\n<tr>\n<td>Editora<\/td>\n<td>Todolivro<\/td>\n<\/tr>\n<tr>\n<td>N\u00ba de p\u00e1ginas<\/td>\n<td>22<\/td>\n<\/tr>\n<\/tbody>\n<\/table>\n","protected":false},"excerpt":{"rendered":"<p>Paradid\u00e1ticos &#8211; N3: O Saco M\u00e1gico apresenta uma hist\u00f3ria fascinante da cultura asi\u00e1tica, fazendo parte da cole\u00e7\u00e3o &#8220;Hist\u00f3rias do Mundo&#8221; da Todolivro. A obra explora f\u00e1bulas e contos tradicionais de diferentes pa\u00edses, ampliando o repert\u00f3rio cultural dos pequenos leitores. Indicado<\/p>\n","protected":false},"featured_media":7154,"comment_status":"open","ping_status":"closed","template":"","meta":[],"product_brand":[],"product_cat":[202],"product_tag":[],"class_list":{"0":"post-7155","1":"product","2":"type-product","3":"status-publish","6":"product_cat-fundamental1-1ao3","8":"first","9":"instock","10":"shipping-taxable","11":"purchasable","12":"product-type-simple"},"_links":{"self":[{"href":"https:\/\/educaredigital.online\/loja\/wp-json\/wp\/v2\/product\/7155","targetHints":{"allow":["GET"]}}],"collection":[{"href":"https:\/\/educaredigital.online\/loja\/wp-json\/wp\/v2\/product"}],"about":[{"href":"https:\/\/educaredigital.online\/loja\/wp-json\/wp\/v2\/types\/product"}],"replies":[{"embeddable":true,"href":"https:\/\/educaredigital.online\/loja\/wp-json\/wp\/v2\/comments?post=7155"}],"wp:featuredmedia":[{"embeddable":true,"href":"https:\/\/educaredigital.online\/loja\/wp-json\/wp\/v2\/media\/7154"}],"wp:attachment":[{"href":"https:\/\/educaredigital.online\/loja\/wp-json\/wp\/v2\/media?parent=7155"}],"wp:term":[{"taxonomy":"product_brand","embeddable":true,"href":"https:\/\/educaredigital.online\/loja\/wp-json\/wp\/v2\/product_brand?post=7155"},{"taxonomy":"product_cat","embeddable":true,"href":"https:\/\/educaredigital.online\/loja\/wp-json\/wp\/v2\/product_cat?post=7155"},{"taxonomy":"product_tag","embeddable":true,"href":"https:\/\/educaredigital.online\/loja\/wp-json\/wp\/v2\/product_tag?post=7155"}],"curies":[{"name":"wp","href":"https:\/\/api.w.org\/{rel}","templated":true}]}}