{"id":7137,"date":"2026-04-08T14:01:13","date_gmt":"2026-04-08T14:01:13","guid":{"rendered":"https:\/\/educaredigital.online\/loja\/produto\/paradidaticos-n2-o-desejo-se-torna-realidade\/"},"modified":"2026-04-09T12:08:14","modified_gmt":"2026-04-09T12:08:14","slug":"paradidaticos-n2-o-desejo-se-torna-realidade","status":"publish","type":"product","link":"https:\/\/educaredigital.online\/loja\/produto\/paradidaticos-n2-o-desejo-se-torna-realidade\/","title":{"rendered":"Paradid\u00e1ticos &#8211; N2: O Desejo Se Torna Realidade"},"content":{"rendered":"<p class=\"ds-markdown-paragraph\"><strong>O Desejo Se Torna Realidade<\/strong> conta a hist\u00f3ria de Ozo e Gifi em uma tarde quente de ver\u00e3o. Eles encontram o que pensam ser uma \u00c1rvore dos Desejos e, inspirados, trabalham juntos para realizar o sonho de seu amigo Paco.<\/p>\n<p class=\"ds-markdown-paragraph\">Com uma proposta pedag\u00f3gica alinhada \u00e0s diretrizes do MEC, o livro \u00e9 ideal para leitores iniciantes. Ele ensina que as pequenas coisas t\u00eam grande valor e que a uni\u00e3o pode tornar desejos realidade.<\/p>\n<div class=\"details-table-wrapper\">\n<table class=\"product-details-table\">\n<tbody>\n<tr>\n<td>Autor<\/td>\n<td>Little Pearl Books<\/td>\n<\/tr>\n<tr>\n<td>Tradutor<\/td>\n<td>Ruth Marschalek<\/td>\n<\/tr>\n<tr>\n<td>ISBN<\/td>\n<td>9788537634493<\/td>\n<\/tr>\n<tr>\n<td>Editora<\/td>\n<td>Todolivro<\/td>\n<\/tr>\n<tr>\n<td>N\u00ba de p\u00e1ginas<\/td>\n<td>22<\/td>\n<\/tr>\n<\/tbody>\n<\/table>\n<\/div>\n","protected":false},"excerpt":{"rendered":"<p>O Desejo Se Torna Realidade conta a hist\u00f3ria de Ozo e Gifi em uma tarde quente de ver\u00e3o. Eles encontram o que pensam ser uma \u00c1rvore dos Desejos e, inspirados, trabalham juntos para realizar o sonho de seu amigo Paco.<\/p>\n","protected":false},"featured_media":7136,"comment_status":"open","ping_status":"closed","template":"","meta":[],"product_brand":[],"product_cat":[202],"product_tag":[],"class_list":{"0":"post-7137","1":"product","2":"type-product","3":"status-publish","6":"product_cat-fundamental1-1ao3","8":"first","9":"instock","10":"shipping-taxable","11":"purchasable","12":"product-type-simple"},"_links":{"self":[{"href":"https:\/\/educaredigital.online\/loja\/wp-json\/wp\/v2\/product\/7137","targetHints":{"allow":["GET"]}}],"collection":[{"href":"https:\/\/educaredigital.online\/loja\/wp-json\/wp\/v2\/product"}],"about":[{"href":"https:\/\/educaredigital.online\/loja\/wp-json\/wp\/v2\/types\/product"}],"replies":[{"embeddable":true,"href":"https:\/\/educaredigital.online\/loja\/wp-json\/wp\/v2\/comments?post=7137"}],"wp:featuredmedia":[{"embeddable":true,"href":"https:\/\/educaredigital.online\/loja\/wp-json\/wp\/v2\/media\/7136"}],"wp:attachment":[{"href":"https:\/\/educaredigital.online\/loja\/wp-json\/wp\/v2\/media?parent=7137"}],"wp:term":[{"taxonomy":"product_brand","embeddable":true,"href":"https:\/\/educaredigital.online\/loja\/wp-json\/wp\/v2\/product_brand?post=7137"},{"taxonomy":"product_cat","embeddable":true,"href":"https:\/\/educaredigital.online\/loja\/wp-json\/wp\/v2\/product_cat?post=7137"},{"taxonomy":"product_tag","embeddable":true,"href":"https:\/\/educaredigital.online\/loja\/wp-json\/wp\/v2\/product_tag?post=7137"}],"curies":[{"name":"wp","href":"https:\/\/api.w.org\/{rel}","templated":true}]}}