{"id":7130,"date":"2026-04-08T14:01:00","date_gmt":"2026-04-08T14:01:00","guid":{"rendered":"https:\/\/educaredigital.online\/loja\/produto\/paradidaticos-n1-brincando-com-versos\/"},"modified":"2026-04-09T11:53:05","modified_gmt":"2026-04-09T11:53:05","slug":"paradidaticos-n1-brincando-com-versos","status":"publish","type":"product","link":"https:\/\/educaredigital.online\/loja\/produto\/paradidaticos-n1-brincando-com-versos\/","title":{"rendered":"Paradid\u00e1ticos &#8211; N1: Brincando Com Versos"},"content":{"rendered":"<div class=\"details-table-wrapper\">\n<p class=\"ds-markdown-paragraph\"><strong>aradid\u00e1ticos &#8211; N1: Brincando com Versos<\/strong>\u00a0\u00e9 um livro que utiliza poesia e rimas divertidas para estimular a linguagem infantil de forma l\u00fadica. Por meio de jogos com palavras e sons, a obra ajuda a crian\u00e7a a desenvolver a consci\u00eancia fonol\u00f3gica e o gosto pela leitura.<\/p>\n<p class=\"ds-markdown-paragraph\">Com ilustra\u00e7\u00f5es coloridas e linguagem acess\u00edvel, o livro transforma o aprendizado em uma brincadeira. \u00c9 uma ferramenta paradid\u00e1tica ideal para os primeiros passos da alfabetiza\u00e7\u00e3o.<\/p>\n<table class=\"product-details-table\">\n<tbody>\n<tr>\n<td>Autor<\/td>\n<td>Todolivro<\/td>\n<\/tr>\n<tr>\n<td>Ilustrador(a)<\/td>\n<td>Belli Studio<\/td>\n<\/tr>\n<tr>\n<td>ISBN<\/td>\n<td>9788537634141<\/td>\n<\/tr>\n<tr>\n<td>Editora<\/td>\n<td>Todolivro<\/td>\n<\/tr>\n<tr>\n<td>N\u00ba de p\u00e1ginas<\/td>\n<td>26<\/td>\n<\/tr>\n<\/tbody>\n<\/table>\n<\/div>\n","protected":false},"excerpt":{"rendered":"<p>aradid\u00e1ticos &#8211; N1: Brincando com Versos\u00a0\u00e9 um livro que utiliza poesia e rimas divertidas para estimular a linguagem infantil de forma l\u00fadica. Por meio de jogos com palavras e sons, a obra ajuda a crian\u00e7a a desenvolver a consci\u00eancia fonol\u00f3gica<\/p>\n","protected":false},"featured_media":7129,"comment_status":"open","ping_status":"closed","template":"","meta":[],"product_brand":[],"product_cat":[202],"product_tag":[],"class_list":{"0":"post-7130","1":"product","2":"type-product","3":"status-publish","6":"product_cat-fundamental1-1ao3","8":"first","9":"instock","10":"shipping-taxable","11":"purchasable","12":"product-type-simple"},"_links":{"self":[{"href":"https:\/\/educaredigital.online\/loja\/wp-json\/wp\/v2\/product\/7130","targetHints":{"allow":["GET"]}}],"collection":[{"href":"https:\/\/educaredigital.online\/loja\/wp-json\/wp\/v2\/product"}],"about":[{"href":"https:\/\/educaredigital.online\/loja\/wp-json\/wp\/v2\/types\/product"}],"replies":[{"embeddable":true,"href":"https:\/\/educaredigital.online\/loja\/wp-json\/wp\/v2\/comments?post=7130"}],"wp:featuredmedia":[{"embeddable":true,"href":"https:\/\/educaredigital.online\/loja\/wp-json\/wp\/v2\/media\/7129"}],"wp:attachment":[{"href":"https:\/\/educaredigital.online\/loja\/wp-json\/wp\/v2\/media?parent=7130"}],"wp:term":[{"taxonomy":"product_brand","embeddable":true,"href":"https:\/\/educaredigital.online\/loja\/wp-json\/wp\/v2\/product_brand?post=7130"},{"taxonomy":"product_cat","embeddable":true,"href":"https:\/\/educaredigital.online\/loja\/wp-json\/wp\/v2\/product_cat?post=7130"},{"taxonomy":"product_tag","embeddable":true,"href":"https:\/\/educaredigital.online\/loja\/wp-json\/wp\/v2\/product_tag?post=7130"}],"curies":[{"name":"wp","href":"https:\/\/api.w.org\/{rel}","templated":true}]}}