{"id":7126,"date":"2026-04-08T14:00:41","date_gmt":"2026-04-08T14:00:41","guid":{"rendered":"https:\/\/educaredigital.online\/loja\/produto\/paradidaticos-n1-esta-arvore-conta\/"},"modified":"2026-04-09T11:55:22","modified_gmt":"2026-04-09T11:55:22","slug":"paradidaticos-n1-esta-arvore-conta","status":"publish","type":"product","link":"https:\/\/educaredigital.online\/loja\/produto\/paradidaticos-n1-esta-arvore-conta\/","title":{"rendered":"Paradid\u00e1ticos &#8211; N1: Esta \u00c1rvore Conta!"},"content":{"rendered":"<div class=\"details-table-wrapper\">\n<p><strong>Paradid\u00e1ticos &#8211; N1: Esta \u00c1rvore Conta!<\/strong> \u00e9 um livro que mostra a import\u00e2ncia das \u00e1rvores para o meio ambiente e para a vida dos animais. Com linguagem simples e ilustra\u00e7\u00f5es coloridas, a obra ensina sobre a natureza de forma l\u00fadica e acess\u00edvel.<\/p>\n<p>Ideal para os primeiros anos escolares, o livro desperta a curiosidade e o respeito pela ecologia. Uma ferramenta paradid\u00e1tica que incentiva o cuidado com o planeta desde a inf\u00e2ncia.<\/p>\n<table class=\"product-details-table\">\n<tbody>\n<tr>\n<td>Autor<\/td>\n<td>Alison Formento<\/td>\n<\/tr>\n<tr>\n<td>Tradutor<\/td>\n<td>Madalena Parisi Duarte<\/td>\n<\/tr>\n<tr>\n<td>Ilustrador(a)<\/td>\n<td>Sarah Snow<\/td>\n<\/tr>\n<tr>\n<td>ISBN<\/td>\n<td>9788537639382<\/td>\n<\/tr>\n<tr>\n<td>Editora<\/td>\n<td>Todolivro<\/td>\n<\/tr>\n<tr>\n<td>N\u00ba de p\u00e1ginas<\/td>\n<td>38<\/td>\n<\/tr>\n<\/tbody>\n<\/table>\n<\/div>\n","protected":false},"excerpt":{"rendered":"<p>Paradid\u00e1ticos &#8211; N1: Esta \u00c1rvore Conta! \u00e9 um livro que mostra a import\u00e2ncia das \u00e1rvores para o meio ambiente e para a vida dos animais. Com linguagem simples e ilustra\u00e7\u00f5es coloridas, a obra ensina sobre a natureza de forma l\u00fadica<\/p>\n","protected":false},"featured_media":7125,"comment_status":"open","ping_status":"closed","template":"","meta":[],"product_brand":[],"product_cat":[202],"product_tag":[],"class_list":{"0":"post-7126","1":"product","2":"type-product","3":"status-publish","6":"product_cat-fundamental1-1ao3","8":"first","9":"instock","10":"shipping-taxable","11":"purchasable","12":"product-type-simple"},"_links":{"self":[{"href":"https:\/\/educaredigital.online\/loja\/wp-json\/wp\/v2\/product\/7126","targetHints":{"allow":["GET"]}}],"collection":[{"href":"https:\/\/educaredigital.online\/loja\/wp-json\/wp\/v2\/product"}],"about":[{"href":"https:\/\/educaredigital.online\/loja\/wp-json\/wp\/v2\/types\/product"}],"replies":[{"embeddable":true,"href":"https:\/\/educaredigital.online\/loja\/wp-json\/wp\/v2\/comments?post=7126"}],"wp:featuredmedia":[{"embeddable":true,"href":"https:\/\/educaredigital.online\/loja\/wp-json\/wp\/v2\/media\/7125"}],"wp:attachment":[{"href":"https:\/\/educaredigital.online\/loja\/wp-json\/wp\/v2\/media?parent=7126"}],"wp:term":[{"taxonomy":"product_brand","embeddable":true,"href":"https:\/\/educaredigital.online\/loja\/wp-json\/wp\/v2\/product_brand?post=7126"},{"taxonomy":"product_cat","embeddable":true,"href":"https:\/\/educaredigital.online\/loja\/wp-json\/wp\/v2\/product_cat?post=7126"},{"taxonomy":"product_tag","embeddable":true,"href":"https:\/\/educaredigital.online\/loja\/wp-json\/wp\/v2\/product_tag?post=7126"}],"curies":[{"name":"wp","href":"https:\/\/api.w.org\/{rel}","templated":true}]}}